{"id":9122,"date":"2023-12-28T09:07:38","date_gmt":"2023-12-28T09:07:38","guid":{"rendered":"https:\/\/mefp.grupopiquer.com\/inscripciones\/?post_type=product&#038;p=9122"},"modified":"2023-12-28T09:13:47","modified_gmt":"2023-12-28T09:13:47","slug":"ssce0003-acompanante-de-transporte-escolar-30-horas","status":"publish","type":"product","link":"https:\/\/mefp.grupopiquer.com\/inscripciones\/producto\/ssce0003-acompanante-de-transporte-escolar-30-horas\/","title":{"rendered":"SSCE0003 &#8211; Acompa\u00f1ante de Transporte Escolar (30 horas)"},"content":{"rendered":"<div id=\"accordion\">\n<h3>Objetivos<\/h3>\n<div>Conocer la normativa sobre el transporte escolar y de menores, su contenido y correcto uso, as\u00ed como las t\u00e9cnicas adecuadas para una conducci\u00f3n preventiva y actuaci\u00f3n, en caso de accidente.<\/div>\n<h3>Contenidos<\/h3>\n<div>Conocimientos \/ Capacidades cognitivas y pr\u00e1cticas<br \/>\n\u2022 Conocimiento acerca de los diferentes tipos de transporte escolar dirigidos a<br \/>\nmenores.<br \/>\n\u2022 Identificaci\u00f3n de los elementos que conforman la seguridad respecto al<br \/>\ntransporte escolar.<br \/>\n&#8211; Identificaci\u00f3n de la antig\u00fcedad de los veh\u00edculos.<br \/>\n&#8211; Conocimiento de los requisitos de construcci\u00f3n y equipamiento.<br \/>\n&#8211; Identificaci\u00f3n de los distintivos en el transporte escolar.<br \/>\n&#8211; Inspecci\u00f3n t\u00e9cnica de veh\u00edculos.<br \/>\n&#8211; Comprensi\u00f3n acerca de los conductores y acompa\u00f1antes.<br \/>\n&#8211; Planificaci\u00f3n de paradas e itinerarios.<br \/>\n&#8211; Gesti\u00f3n de seguros.<br \/>\n&#8211; Conocimiento del l\u00edmite de velocidad permitido.<br \/>\n&#8211; Conocimiento de las obligaciones de la entidad que organiza el transporte.<br \/>\n\u2022 Identificaci\u00f3n de las infracciones y sanciones en el transporte escolar.<br \/>\n\u2022 Identificaci\u00f3n de las funciones del conductor.<br \/>\n&#8211; Comprobaci\u00f3n t\u00e9cnica del veh\u00edculo antes del viaje.<br \/>\n&#8211; Manipulaci\u00f3n de Instrumentos y mecanismos auxiliares.<br \/>\n&#8211; Documentaci\u00f3n del veh\u00edculo.<br \/>\n\u2022 Aplicaci\u00f3n de las instrucciones en caso de accidente<\/div>\n<\/div>\n<div><\/div>\n<div>Habilidades de gesti\u00f3n, personales y sociales<br \/>\n\u2022 Proactividad frente a situaciones que se puedan plantear.<br \/>\n\u2022 Sensibilizaci\u00f3n para la orientaci\u00f3n de los menores y sus familias.<br \/>\n\u2022 Empat\u00eda en las relaciones con los menores.<br \/>\n\u2022 Habilidades de comunicaci\u00f3n.<br \/>\n\u2022 Capacidad resolutiva ante un posible accidente.<\/div>\n","protected":false},"excerpt":{"rendered":"<p>Conocer la normativa sobre el transporte escolar y de menores, su contenido y correcto uso, as\u00ed como las t\u00e9cnicas adecuadas para una conducci\u00f3n preventiva y actuaci\u00f3n, en caso de accidente.<\/p>\n","protected":false},"featured_media":9123,"comment_status":"closed","ping_status":"closed","template":"","meta":[],"product_cat":[103],"product_tag":[],"class_list":{"0":"post-9122","1":"product","2":"type-product","3":"status-publish","4":"has-post-thumbnail","6":"product_cat-formacion-y-educacion","8":"first","9":"instock","10":"taxable","11":"shipping-taxable","12":"purchasable","13":"product-type-simple"},"yoast_head":"<!-- This site is optimized with the Yoast SEO plugin v23.5 - https:\/\/yoast.com\/wordpress\/plugins\/seo\/ -->\n<title>SSCE0003 - Acompa\u00f1ante de Transporte Escolar (30 horas) - Contenidos Online<\/title>\n<meta name=\"description\" content=\"Contenidos Online - SSCE0003 - Acompa\u00f1ante de Transporte Escolar (30 horas) - Formaci\u00f3n y Educaci\u00f3n\" \/>\n<meta name=\"robots\" content=\"index, follow, max-snippet:-1, max-image-preview:large, max-video-preview:-1\" \/>\n<link rel=\"canonical\" href=\"https:\/\/mefp.grupopiquer.com\/inscripciones\/producto\/ssce0003-acompanante-de-transporte-escolar-30-horas\/\" \/>\n<meta property=\"og:locale\" content=\"es_ES\" \/>\n<meta property=\"og:type\" content=\"article\" \/>\n<meta property=\"og:title\" content=\"SSCE0003 - Acompa\u00f1ante de Transporte Escolar (30 horas) - Contenidos Online\" \/>\n<meta property=\"og:description\" content=\"Contenidos Online - SSCE0003 - Acompa\u00f1ante de Transporte Escolar (30 horas) - Formaci\u00f3n y Educaci\u00f3n\" \/>\n<meta property=\"og:url\" content=\"https:\/\/mefp.grupopiquer.com\/inscripciones\/producto\/ssce0003-acompanante-de-transporte-escolar-30-horas\/\" \/>\n<meta property=\"og:site_name\" content=\"Contenidos Online\" \/>\n<meta property=\"article:modified_time\" content=\"2023-12-28T09:13:47+00:00\" \/>\n<meta property=\"og:image\" content=\"https:\/\/mefp.grupopiquer.com\/inscripciones\/wp-content\/uploads\/2023\/12\/stock-image-1-e1703754794299.jpg\" \/>\n\t<meta property=\"og:image:width\" content=\"1680\" \/>\n\t<meta property=\"og:image:height\" content=\"946\" \/>\n\t<meta property=\"og:image:type\" content=\"image\/jpeg\" \/>\n<meta name=\"twitter:card\" content=\"summary_large_image\" \/>\n<meta name=\"twitter:label1\" content=\"Tiempo de lectura\" \/>\n\t<meta name=\"twitter:data1\" content=\"2 minutos\" \/>\n<script type=\"application\/ld+json\" class=\"yoast-schema-graph\">{\"@context\":\"https:\/\/schema.org\",\"@graph\":[{\"@type\":\"WebPage\",\"@id\":\"https:\/\/mefp.grupopiquer.com\/inscripciones\/producto\/ssce0003-acompanante-de-transporte-escolar-30-horas\/\",\"url\":\"https:\/\/mefp.grupopiquer.com\/inscripciones\/producto\/ssce0003-acompanante-de-transporte-escolar-30-horas\/\",\"name\":\"SSCE0003 - Acompa\u00f1ante de Transporte Escolar (30 horas) - Contenidos Online\",\"isPartOf\":{\"@id\":\"https:\/\/mefp.grupopiquer.com\/inscripciones\/#website\"},\"primaryImageOfPage\":{\"@id\":\"https:\/\/mefp.grupopiquer.com\/inscripciones\/producto\/ssce0003-acompanante-de-transporte-escolar-30-horas\/#primaryimage\"},\"image\":{\"@id\":\"https:\/\/mefp.grupopiquer.com\/inscripciones\/producto\/ssce0003-acompanante-de-transporte-escolar-30-horas\/#primaryimage\"},\"thumbnailUrl\":\"https:\/\/mefp.grupopiquer.com\/inscripciones\/wp-content\/uploads\/2023\/12\/stock-image-1-e1703754794299.jpg\",\"datePublished\":\"2023-12-28T09:07:38+00:00\",\"dateModified\":\"2023-12-28T09:13:47+00:00\",\"description\":\"Contenidos Online - SSCE0003 - Acompa\u00f1ante de Transporte Escolar (30 horas) - Formaci\u00f3n y Educaci\u00f3n\",\"breadcrumb\":{\"@id\":\"https:\/\/mefp.grupopiquer.com\/inscripciones\/producto\/ssce0003-acompanante-de-transporte-escolar-30-horas\/#breadcrumb\"},\"inLanguage\":\"es\",\"potentialAction\":[{\"@type\":\"ReadAction\",\"target\":[\"https:\/\/mefp.grupopiquer.com\/inscripciones\/producto\/ssce0003-acompanante-de-transporte-escolar-30-horas\/\"]}]},{\"@type\":\"ImageObject\",\"inLanguage\":\"es\",\"@id\":\"https:\/\/mefp.grupopiquer.com\/inscripciones\/producto\/ssce0003-acompanante-de-transporte-escolar-30-horas\/#primaryimage\",\"url\":\"https:\/\/mefp.grupopiquer.com\/inscripciones\/wp-content\/uploads\/2023\/12\/stock-image-1-e1703754794299.jpg\",\"contentUrl\":\"https:\/\/mefp.grupopiquer.com\/inscripciones\/wp-content\/uploads\/2023\/12\/stock-image-1-e1703754794299.jpg\",\"width\":1680,\"height\":946},{\"@type\":\"BreadcrumbList\",\"@id\":\"https:\/\/mefp.grupopiquer.com\/inscripciones\/producto\/ssce0003-acompanante-de-transporte-escolar-30-horas\/#breadcrumb\",\"itemListElement\":[{\"@type\":\"ListItem\",\"position\":1,\"name\":\"Portada\",\"item\":\"https:\/\/mefp.grupopiquer.com\/inscripciones\/\"},{\"@type\":\"ListItem\",\"position\":2,\"name\":\"Tienda\",\"item\":\"https:\/\/mefp.grupopiquer.com\/inscripciones\/tienda\/\"},{\"@type\":\"ListItem\",\"position\":3,\"name\":\"SSCE0003 &#8211; Acompa\u00f1ante de Transporte Escolar (30 horas)\"}]},{\"@type\":\"WebSite\",\"@id\":\"https:\/\/mefp.grupopiquer.com\/inscripciones\/#website\",\"url\":\"https:\/\/mefp.grupopiquer.com\/inscripciones\/\",\"name\":\"Contenidos Online\",\"description\":\"\",\"publisher\":{\"@id\":\"https:\/\/mefp.grupopiquer.com\/inscripciones\/#organization\"},\"potentialAction\":[{\"@type\":\"SearchAction\",\"target\":{\"@type\":\"EntryPoint\",\"urlTemplate\":\"https:\/\/mefp.grupopiquer.com\/inscripciones\/?s={search_term_string}\"},\"query-input\":{\"@type\":\"PropertyValueSpecification\",\"valueRequired\":true,\"valueName\":\"search_term_string\"}}],\"inLanguage\":\"es\"},{\"@type\":\"Organization\",\"@id\":\"https:\/\/mefp.grupopiquer.com\/inscripciones\/#organization\",\"name\":\"Contenidos Online\",\"url\":\"https:\/\/mefp.grupopiquer.com\/inscripciones\/\",\"logo\":{\"@type\":\"ImageObject\",\"inLanguage\":\"es\",\"@id\":\"https:\/\/mefp.grupopiquer.com\/inscripciones\/#\/schema\/logo\/image\/\",\"url\":\"\",\"contentUrl\":\"\",\"caption\":\"Contenidos Online\"},\"image\":{\"@id\":\"https:\/\/mefp.grupopiquer.com\/inscripciones\/#\/schema\/logo\/image\/\"}}]}<\/script>\n<!-- \/ Yoast SEO plugin. -->","yoast_head_json":{"title":"SSCE0003 - Acompa\u00f1ante de Transporte Escolar (30 horas) - Contenidos Online","description":"Contenidos Online - SSCE0003 - Acompa\u00f1ante de Transporte Escolar (30 horas) - Formaci\u00f3n y Educaci\u00f3n","robots":{"index":"index","follow":"follow","max-snippet":"max-snippet:-1","max-image-preview":"max-image-preview:large","max-video-preview":"max-video-preview:-1"},"canonical":"https:\/\/mefp.grupopiquer.com\/inscripciones\/producto\/ssce0003-acompanante-de-transporte-escolar-30-horas\/","og_locale":"es_ES","og_type":"article","og_title":"SSCE0003 - Acompa\u00f1ante de Transporte Escolar (30 horas) - Contenidos Online","og_description":"Contenidos Online - SSCE0003 - Acompa\u00f1ante de Transporte Escolar (30 horas) - Formaci\u00f3n y Educaci\u00f3n","og_url":"https:\/\/mefp.grupopiquer.com\/inscripciones\/producto\/ssce0003-acompanante-de-transporte-escolar-30-horas\/","og_site_name":"Contenidos Online","article_modified_time":"2023-12-28T09:13:47+00:00","og_image":[{"width":1680,"height":946,"url":"https:\/\/mefp.grupopiquer.com\/inscripciones\/wp-content\/uploads\/2023\/12\/stock-image-1-e1703754794299.jpg","type":"image\/jpeg"}],"twitter_card":"summary_large_image","twitter_misc":{"Tiempo de lectura":"2 minutos"},"schema":{"@context":"https:\/\/schema.org","@graph":[{"@type":"WebPage","@id":"https:\/\/mefp.grupopiquer.com\/inscripciones\/producto\/ssce0003-acompanante-de-transporte-escolar-30-horas\/","url":"https:\/\/mefp.grupopiquer.com\/inscripciones\/producto\/ssce0003-acompanante-de-transporte-escolar-30-horas\/","name":"SSCE0003 - Acompa\u00f1ante de Transporte Escolar (30 horas) - Contenidos Online","isPartOf":{"@id":"https:\/\/mefp.grupopiquer.com\/inscripciones\/#website"},"primaryImageOfPage":{"@id":"https:\/\/mefp.grupopiquer.com\/inscripciones\/producto\/ssce0003-acompanante-de-transporte-escolar-30-horas\/#primaryimage"},"image":{"@id":"https:\/\/mefp.grupopiquer.com\/inscripciones\/producto\/ssce0003-acompanante-de-transporte-escolar-30-horas\/#primaryimage"},"thumbnailUrl":"https:\/\/mefp.grupopiquer.com\/inscripciones\/wp-content\/uploads\/2023\/12\/stock-image-1-e1703754794299.jpg","datePublished":"2023-12-28T09:07:38+00:00","dateModified":"2023-12-28T09:13:47+00:00","description":"Contenidos Online - SSCE0003 - Acompa\u00f1ante de Transporte Escolar (30 horas) - Formaci\u00f3n y Educaci\u00f3n","breadcrumb":{"@id":"https:\/\/mefp.grupopiquer.com\/inscripciones\/producto\/ssce0003-acompanante-de-transporte-escolar-30-horas\/#breadcrumb"},"inLanguage":"es","potentialAction":[{"@type":"ReadAction","target":["https:\/\/mefp.grupopiquer.com\/inscripciones\/producto\/ssce0003-acompanante-de-transporte-escolar-30-horas\/"]}]},{"@type":"ImageObject","inLanguage":"es","@id":"https:\/\/mefp.grupopiquer.com\/inscripciones\/producto\/ssce0003-acompanante-de-transporte-escolar-30-horas\/#primaryimage","url":"https:\/\/mefp.grupopiquer.com\/inscripciones\/wp-content\/uploads\/2023\/12\/stock-image-1-e1703754794299.jpg","contentUrl":"https:\/\/mefp.grupopiquer.com\/inscripciones\/wp-content\/uploads\/2023\/12\/stock-image-1-e1703754794299.jpg","width":1680,"height":946},{"@type":"BreadcrumbList","@id":"https:\/\/mefp.grupopiquer.com\/inscripciones\/producto\/ssce0003-acompanante-de-transporte-escolar-30-horas\/#breadcrumb","itemListElement":[{"@type":"ListItem","position":1,"name":"Portada","item":"https:\/\/mefp.grupopiquer.com\/inscripciones\/"},{"@type":"ListItem","position":2,"name":"Tienda","item":"https:\/\/mefp.grupopiquer.com\/inscripciones\/tienda\/"},{"@type":"ListItem","position":3,"name":"SSCE0003 &#8211; Acompa\u00f1ante de Transporte Escolar (30 horas)"}]},{"@type":"WebSite","@id":"https:\/\/mefp.grupopiquer.com\/inscripciones\/#website","url":"https:\/\/mefp.grupopiquer.com\/inscripciones\/","name":"Contenidos Online","description":"","publisher":{"@id":"https:\/\/mefp.grupopiquer.com\/inscripciones\/#organization"},"potentialAction":[{"@type":"SearchAction","target":{"@type":"EntryPoint","urlTemplate":"https:\/\/mefp.grupopiquer.com\/inscripciones\/?s={search_term_string}"},"query-input":{"@type":"PropertyValueSpecification","valueRequired":true,"valueName":"search_term_string"}}],"inLanguage":"es"},{"@type":"Organization","@id":"https:\/\/mefp.grupopiquer.com\/inscripciones\/#organization","name":"Contenidos Online","url":"https:\/\/mefp.grupopiquer.com\/inscripciones\/","logo":{"@type":"ImageObject","inLanguage":"es","@id":"https:\/\/mefp.grupopiquer.com\/inscripciones\/#\/schema\/logo\/image\/","url":"","contentUrl":"","caption":"Contenidos Online"},"image":{"@id":"https:\/\/mefp.grupopiquer.com\/inscripciones\/#\/schema\/logo\/image\/"}}]}},"_links":{"self":[{"href":"https:\/\/mefp.grupopiquer.com\/inscripciones\/wp-json\/wp\/v2\/product\/9122"}],"collection":[{"href":"https:\/\/mefp.grupopiquer.com\/inscripciones\/wp-json\/wp\/v2\/product"}],"about":[{"href":"https:\/\/mefp.grupopiquer.com\/inscripciones\/wp-json\/wp\/v2\/types\/product"}],"replies":[{"embeddable":true,"href":"https:\/\/mefp.grupopiquer.com\/inscripciones\/wp-json\/wp\/v2\/comments?post=9122"}],"wp:featuredmedia":[{"embeddable":true,"href":"https:\/\/mefp.grupopiquer.com\/inscripciones\/wp-json\/wp\/v2\/media\/9123"}],"wp:attachment":[{"href":"https:\/\/mefp.grupopiquer.com\/inscripciones\/wp-json\/wp\/v2\/media?parent=9122"}],"wp:term":[{"taxonomy":"product_cat","embeddable":true,"href":"https:\/\/mefp.grupopiquer.com\/inscripciones\/wp-json\/wp\/v2\/product_cat?post=9122"},{"taxonomy":"product_tag","embeddable":true,"href":"https:\/\/mefp.grupopiquer.com\/inscripciones\/wp-json\/wp\/v2\/product_tag?post=9122"}],"curies":[{"name":"wp","href":"https:\/\/api.w.org\/{rel}","templated":true}]}}