{"id":9046,"date":"2023-10-10T16:01:26","date_gmt":"2023-10-10T16:01:26","guid":{"rendered":"https:\/\/mefp.grupopiquer.com\/inscripciones\/?post_type=product&#038;p=9046"},"modified":"2023-12-27T11:11:52","modified_gmt":"2023-12-27T11:11:52","slug":"coml0008-conduccion-de-carretillas-elevadoras-20-horas","status":"publish","type":"product","link":"https:\/\/mefp.grupopiquer.com\/inscripciones\/producto\/coml0008-conduccion-de-carretillas-elevadoras-20-horas\/","title":{"rendered":"COML0008 &#8211; Conducci\u00f3n de Carretillas Elevadoras (20 horas)"},"content":{"rendered":"<div id=\"accordion\">\n<h3>OBJETIVOS<\/h3>\n<div>Conducir y manejar carretillas elevadoras con control de las cargas total y seguridad en la tarea.<\/div>\n<h3>CONTENIDOS<\/h3>\n<div>\u2022 Introducci\u00f3n al oficio de operador de carretillas.<br \/>\n&#8211; Descripci\u00f3n de la profesi\u00f3n y responsabilidades.<br \/>\n&#8211; Enumeraci\u00f3n de las responsabilidades del carretillero.<br \/>\n\u2022 Descripci\u00f3n de la carretilla elevadora.<br \/>\n&#8211; Descripci\u00f3n de la carretilla elevadora.<br \/>\n&#8211; Identificaci\u00f3n de tipos de carretilla. Clasificaci\u00f3n seg\u00fan modelo de acci\u00f3n, conducci\u00f3n, elevaci\u00f3n, desplazamiento, fuente de energ\u00eda y naturaleza de las ruedas.<br \/>\n&#8211; Enumeraci\u00f3n de las partes de una carretilla elevadora.<br \/>\n\u2022 Mantenimiento y mec\u00e1nica de la carretilla.<br \/>\n&#8211; Explicaci\u00f3n del motor t\u00e9rmico.<br \/>\n&#8211; Descripci\u00f3n del mantenimiento de la carretilla elevadora: bater\u00edas, implementos, el m\u00e1stil, transmisiones, m\u00e1quinas retr\u00e1ctiles, ruedas&#8230;<br \/>\n&#8211; Explicaci\u00f3n del repostaje y conservaci\u00f3n.<br \/>\n&#8211; Explicaci\u00f3n de la reparaci\u00f3n de aver\u00edas.<br \/>\n&#8211; Descripci\u00f3n del mantenimiento y las consignas de seguridad.<br \/>\n&#8211; Explicaci\u00f3n del repostaje y conservaci\u00f3n.<br \/>\n\u2022 Manejo de carretillas elevadoras.<br \/>\n&#8211; Realizaci\u00f3n de comprobaciones antes de la puesta en marcha.<br \/>\n&#8211; Descripci\u00f3n de la estabilidad de la carretilla.<br \/>\n&#8211; Explicaci\u00f3n de la carretilla parada.<br \/>\n&#8211; Explicaci\u00f3n de la carretilla en movimiento.<br \/>\n&#8211; Identificaci\u00f3n de las normas de circulaci\u00f3n.<br \/>\n&#8211; Descripci\u00f3n del estado del suelo.<br \/>\n&#8211; Selecci\u00f3n de ruedas. Ruedas Neum\u00e1ticas y ruedas sin aire.<br \/>\n&#8211; Explicaci\u00f3n de la se\u00f1alizaci\u00f3n.<br \/>\n&#8211; Descripci\u00f3n de la altura de paso.<br \/>\n&#8211; Circulaci\u00f3n por rampas.<br \/>\n&#8211; Explicaci\u00f3n de la estabilidad de las cargas.<br \/>\n&#8211; Identificaci\u00f3n de puentes de acceso.<br \/>\n&#8211; Descripci\u00f3n de la iluminaci\u00f3n de los lugares de trabajo.<br \/>\n&#8211; Circulaci\u00f3n en la v\u00eda p\u00fablica.<br \/>\n&#8211; Explicaci\u00f3n acerca de los locales.<br \/>\n&#8211; Descripci\u00f3n de los pasillos de circulaci\u00f3n.<br \/>\n&#8211; Identificaci\u00f3n de puertas u otros obst\u00e1culos fijos.<br \/>\n&#8211; Enumeraci\u00f3n de giros.<br \/>\n\u2022 Carga en carretilla<br \/>\n&#8211; Explicaci\u00f3n de la interacci\u00f3n entre la carga y la carretilla.<br \/>\n&#8211; Conocimiento del comportamiento de la carga.<br \/>\n&#8211; Descripci\u00f3n del aseguramiento de carga.<br \/>\n&#8211; Explicaci\u00f3n de la manipulaci\u00f3n de cargas.<br \/>\n&#8211; Descripci\u00f3n del transporte de cargas suspendidas.<br \/>\n&#8211; Descripci\u00f3n del levantamiento de carga.<br \/>\n&#8211; Explicaci\u00f3n de la marcha con carga.<br \/>\n&#8211; Definici\u00f3n de descargar cargas.<br \/>\n&#8211; Identificaci\u00f3n de los implementos para la manipulaci\u00f3n de diferentes tipos de cargas.<br \/>\n&#8211; Descripci\u00f3n del flujo log\u00edstico interno de cargas y servicios.<br \/>\n&#8211; Descripci\u00f3n de las indicaciones de seguridad para elevar o depositar carga.<br \/>\n&#8211; Definici\u00f3n del posicionamiento en la estiba y desestiba de palets en estanter\u00edas.<br \/>\n&#8211; Explicaci\u00f3n de la paletizaci\u00f3n: tipos de paletas, sistemas de paletizaci\u00f3n y posicionamiento en la estiba y desestiba de palets en estanter\u00edas.<br \/>\n&#8211; Descripci\u00f3n del almacenaje: consignas y nociones de almacenaje.<br \/>\n\u2022 Identificaci\u00f3n de la simbolog\u00eda.<br \/>\n&#8211; Identificaci\u00f3n de los s\u00edmbolos para la manipulaci\u00f3n de cargas.<br \/>\n&#8211; Identificaci\u00f3n de los s\u00edmbolos relacionados con el motor.<br \/>\n&#8211; Identificaci\u00f3n de los s\u00edmbolos de informaci\u00f3n o identificaci\u00f3n.<br \/>\n&#8211; Explicaci\u00f3n de la se\u00f1alizaci\u00f3n.<br \/>\n&#8211; Identificaci\u00f3n de las se\u00f1ales de maniobra m\u00e1s usuales.<br \/>\n\u2022 Conocimiento acerca de la seguridad en la conducci\u00f3n de carretillas.<br \/>\n&#8211; Identificaci\u00f3n de las condiciones de seguridad y conducci\u00f3n de carretillas.<br \/>\n&#8211; Explicaci\u00f3n de la seguridad en el manejo de carretillas. Factores intervinientes y dispositivos de seguridad de las carretillas elevadoras.<br \/>\n&#8211; Reconocimiento de la protecci\u00f3n personal del conductor de carretillas elevadoras. Traje, guantes, calzado, casco y cintur\u00f3n Lumbo-Abdominal.<br \/>\n&#8211; Enumeraci\u00f3n de accidentes con carretillas: accidentes m\u00e1s comunes y<br \/>\nmedidas a adoptar.<br \/>\n&#8211; Identificaci\u00f3n de los riesgos generales del conductor de carretillas.<br \/>\n&#8211; Identificaci\u00f3n de los riesgos ergon\u00f3micos, higi\u00e9nicos y de seguridad.<br \/>\n&#8211; Descripci\u00f3n de las lesiones que se pueden producir: traumatismos articulares diversos en la utilizaci\u00f3n, intoxicaci\u00f3n y\/o asfixia por acceso a espacios insuficientemente ventilados\u2026<br \/>\n\u2022 Descripci\u00f3n de la ergonom\u00eda en la conducci\u00f3n de carretillas.<br \/>\n&#8211; Definici\u00f3n de la ergonom\u00eda y sus objetivos.<br \/>\n&#8211; Explicaci\u00f3n del trabajo con carretillas.<br \/>\n&#8211; Descripci\u00f3n del dise\u00f1o ergon\u00f3mico del puesto de trabajo.<br \/>\n&#8211; Enumeraci\u00f3n de las consideraciones ergon\u00f3micas.<br \/>\n\u2022 Identificaci\u00f3n de la Normativa aplicable.<br \/>\n&#8211; Descripci\u00f3n de la Legislaci\u00f3n.<br \/>\n&#8211; Identificaci\u00f3n de las Normas U.N.E.<\/div>\n<\/div>\n","protected":false},"excerpt":{"rendered":"<p>Conducir y manejar carretillas elevadoras con control de las cargas total y seguridad en la tarea.<\/p>\n","protected":false},"featured_media":5236,"comment_status":"closed","ping_status":"closed","template":"","meta":[],"product_cat":[120],"product_tag":[],"class_list":{"0":"post-9046","1":"product","2":"type-product","3":"status-publish","4":"has-post-thumbnail","6":"product_cat-logistica-comercial-y-gestion-del-transporte","8":"first","9":"instock","10":"taxable","11":"shipping-taxable","12":"purchasable","13":"product-type-simple"},"yoast_head":"<!-- This site is optimized with the Yoast SEO plugin v23.5 - https:\/\/yoast.com\/wordpress\/plugins\/seo\/ -->\n<title>COML0008 - Conducci\u00f3n de Carretillas Elevadoras (20 horas) - Contenidos Online<\/title>\n<meta name=\"robots\" content=\"index, follow, max-snippet:-1, max-image-preview:large, max-video-preview:-1\" \/>\n<link rel=\"canonical\" href=\"https:\/\/mefp.grupopiquer.com\/inscripciones\/producto\/coml0008-conduccion-de-carretillas-elevadoras-20-horas\/\" \/>\n<meta property=\"og:locale\" content=\"es_ES\" \/>\n<meta property=\"og:type\" content=\"article\" \/>\n<meta property=\"og:title\" content=\"COML0008 - Conducci\u00f3n de Carretillas Elevadoras (20 horas) - Contenidos Online\" \/>\n<meta property=\"og:description\" content=\"Conducir y manejar carretillas elevadoras con control de las cargas total y seguridad en la tarea.\" \/>\n<meta property=\"og:url\" content=\"https:\/\/mefp.grupopiquer.com\/inscripciones\/producto\/coml0008-conduccion-de-carretillas-elevadoras-20-horas\/\" \/>\n<meta property=\"og:site_name\" content=\"Contenidos Online\" \/>\n<meta property=\"article:modified_time\" content=\"2023-12-27T11:11:52+00:00\" \/>\n<meta property=\"og:image\" content=\"https:\/\/mefp.grupopiquer.com\/inscripciones\/wp-content\/uploads\/2023\/05\/10nOK7hMbxmbHnps_uIwAhaumlCvq8fri-e1683282026410.jpg\" \/>\n\t<meta property=\"og:image:width\" content=\"1680\" \/>\n\t<meta property=\"og:image:height\" content=\"945\" \/>\n\t<meta property=\"og:image:type\" content=\"image\/jpeg\" \/>\n<meta name=\"twitter:card\" content=\"summary_large_image\" \/>\n<meta name=\"twitter:label1\" content=\"Tiempo de lectura\" \/>\n\t<meta name=\"twitter:data1\" content=\"3 minutos\" \/>\n<script type=\"application\/ld+json\" class=\"yoast-schema-graph\">{\"@context\":\"https:\/\/schema.org\",\"@graph\":[{\"@type\":\"WebPage\",\"@id\":\"https:\/\/mefp.grupopiquer.com\/inscripciones\/producto\/coml0008-conduccion-de-carretillas-elevadoras-20-horas\/\",\"url\":\"https:\/\/mefp.grupopiquer.com\/inscripciones\/producto\/coml0008-conduccion-de-carretillas-elevadoras-20-horas\/\",\"name\":\"COML0008 - Conducci\u00f3n de Carretillas Elevadoras (20 horas) - Contenidos Online\",\"isPartOf\":{\"@id\":\"https:\/\/mefp.grupopiquer.com\/inscripciones\/#website\"},\"primaryImageOfPage\":{\"@id\":\"https:\/\/mefp.grupopiquer.com\/inscripciones\/producto\/coml0008-conduccion-de-carretillas-elevadoras-20-horas\/#primaryimage\"},\"image\":{\"@id\":\"https:\/\/mefp.grupopiquer.com\/inscripciones\/producto\/coml0008-conduccion-de-carretillas-elevadoras-20-horas\/#primaryimage\"},\"thumbnailUrl\":\"https:\/\/mefp.grupopiquer.com\/inscripciones\/wp-content\/uploads\/2023\/05\/10nOK7hMbxmbHnps_uIwAhaumlCvq8fri-e1683282026410.jpg\",\"datePublished\":\"2023-10-10T16:01:26+00:00\",\"dateModified\":\"2023-12-27T11:11:52+00:00\",\"breadcrumb\":{\"@id\":\"https:\/\/mefp.grupopiquer.com\/inscripciones\/producto\/coml0008-conduccion-de-carretillas-elevadoras-20-horas\/#breadcrumb\"},\"inLanguage\":\"es\",\"potentialAction\":[{\"@type\":\"ReadAction\",\"target\":[\"https:\/\/mefp.grupopiquer.com\/inscripciones\/producto\/coml0008-conduccion-de-carretillas-elevadoras-20-horas\/\"]}]},{\"@type\":\"ImageObject\",\"inLanguage\":\"es\",\"@id\":\"https:\/\/mefp.grupopiquer.com\/inscripciones\/producto\/coml0008-conduccion-de-carretillas-elevadoras-20-horas\/#primaryimage\",\"url\":\"https:\/\/mefp.grupopiquer.com\/inscripciones\/wp-content\/uploads\/2023\/05\/10nOK7hMbxmbHnps_uIwAhaumlCvq8fri-e1683282026410.jpg\",\"contentUrl\":\"https:\/\/mefp.grupopiquer.com\/inscripciones\/wp-content\/uploads\/2023\/05\/10nOK7hMbxmbHnps_uIwAhaumlCvq8fri-e1683282026410.jpg\",\"width\":1680,\"height\":945},{\"@type\":\"BreadcrumbList\",\"@id\":\"https:\/\/mefp.grupopiquer.com\/inscripciones\/producto\/coml0008-conduccion-de-carretillas-elevadoras-20-horas\/#breadcrumb\",\"itemListElement\":[{\"@type\":\"ListItem\",\"position\":1,\"name\":\"Portada\",\"item\":\"https:\/\/mefp.grupopiquer.com\/inscripciones\/\"},{\"@type\":\"ListItem\",\"position\":2,\"name\":\"Tienda\",\"item\":\"https:\/\/mefp.grupopiquer.com\/inscripciones\/tienda\/\"},{\"@type\":\"ListItem\",\"position\":3,\"name\":\"COML0008 &#8211; Conducci\u00f3n de Carretillas Elevadoras (20 horas)\"}]},{\"@type\":\"WebSite\",\"@id\":\"https:\/\/mefp.grupopiquer.com\/inscripciones\/#website\",\"url\":\"https:\/\/mefp.grupopiquer.com\/inscripciones\/\",\"name\":\"Contenidos Online\",\"description\":\"\",\"publisher\":{\"@id\":\"https:\/\/mefp.grupopiquer.com\/inscripciones\/#organization\"},\"potentialAction\":[{\"@type\":\"SearchAction\",\"target\":{\"@type\":\"EntryPoint\",\"urlTemplate\":\"https:\/\/mefp.grupopiquer.com\/inscripciones\/?s={search_term_string}\"},\"query-input\":{\"@type\":\"PropertyValueSpecification\",\"valueRequired\":true,\"valueName\":\"search_term_string\"}}],\"inLanguage\":\"es\"},{\"@type\":\"Organization\",\"@id\":\"https:\/\/mefp.grupopiquer.com\/inscripciones\/#organization\",\"name\":\"Contenidos Online\",\"url\":\"https:\/\/mefp.grupopiquer.com\/inscripciones\/\",\"logo\":{\"@type\":\"ImageObject\",\"inLanguage\":\"es\",\"@id\":\"https:\/\/mefp.grupopiquer.com\/inscripciones\/#\/schema\/logo\/image\/\",\"url\":\"\",\"contentUrl\":\"\",\"caption\":\"Contenidos Online\"},\"image\":{\"@id\":\"https:\/\/mefp.grupopiquer.com\/inscripciones\/#\/schema\/logo\/image\/\"}}]}<\/script>\n<!-- \/ Yoast SEO plugin. -->","yoast_head_json":{"title":"COML0008 - Conducci\u00f3n de Carretillas Elevadoras (20 horas) - Contenidos Online","robots":{"index":"index","follow":"follow","max-snippet":"max-snippet:-1","max-image-preview":"max-image-preview:large","max-video-preview":"max-video-preview:-1"},"canonical":"https:\/\/mefp.grupopiquer.com\/inscripciones\/producto\/coml0008-conduccion-de-carretillas-elevadoras-20-horas\/","og_locale":"es_ES","og_type":"article","og_title":"COML0008 - Conducci\u00f3n de Carretillas Elevadoras (20 horas) - Contenidos Online","og_description":"Conducir y manejar carretillas elevadoras con control de las cargas total y seguridad en la tarea.","og_url":"https:\/\/mefp.grupopiquer.com\/inscripciones\/producto\/coml0008-conduccion-de-carretillas-elevadoras-20-horas\/","og_site_name":"Contenidos Online","article_modified_time":"2023-12-27T11:11:52+00:00","og_image":[{"width":1680,"height":945,"url":"https:\/\/mefp.grupopiquer.com\/inscripciones\/wp-content\/uploads\/2023\/05\/10nOK7hMbxmbHnps_uIwAhaumlCvq8fri-e1683282026410.jpg","type":"image\/jpeg"}],"twitter_card":"summary_large_image","twitter_misc":{"Tiempo de lectura":"3 minutos"},"schema":{"@context":"https:\/\/schema.org","@graph":[{"@type":"WebPage","@id":"https:\/\/mefp.grupopiquer.com\/inscripciones\/producto\/coml0008-conduccion-de-carretillas-elevadoras-20-horas\/","url":"https:\/\/mefp.grupopiquer.com\/inscripciones\/producto\/coml0008-conduccion-de-carretillas-elevadoras-20-horas\/","name":"COML0008 - Conducci\u00f3n de Carretillas Elevadoras (20 horas) - Contenidos Online","isPartOf":{"@id":"https:\/\/mefp.grupopiquer.com\/inscripciones\/#website"},"primaryImageOfPage":{"@id":"https:\/\/mefp.grupopiquer.com\/inscripciones\/producto\/coml0008-conduccion-de-carretillas-elevadoras-20-horas\/#primaryimage"},"image":{"@id":"https:\/\/mefp.grupopiquer.com\/inscripciones\/producto\/coml0008-conduccion-de-carretillas-elevadoras-20-horas\/#primaryimage"},"thumbnailUrl":"https:\/\/mefp.grupopiquer.com\/inscripciones\/wp-content\/uploads\/2023\/05\/10nOK7hMbxmbHnps_uIwAhaumlCvq8fri-e1683282026410.jpg","datePublished":"2023-10-10T16:01:26+00:00","dateModified":"2023-12-27T11:11:52+00:00","breadcrumb":{"@id":"https:\/\/mefp.grupopiquer.com\/inscripciones\/producto\/coml0008-conduccion-de-carretillas-elevadoras-20-horas\/#breadcrumb"},"inLanguage":"es","potentialAction":[{"@type":"ReadAction","target":["https:\/\/mefp.grupopiquer.com\/inscripciones\/producto\/coml0008-conduccion-de-carretillas-elevadoras-20-horas\/"]}]},{"@type":"ImageObject","inLanguage":"es","@id":"https:\/\/mefp.grupopiquer.com\/inscripciones\/producto\/coml0008-conduccion-de-carretillas-elevadoras-20-horas\/#primaryimage","url":"https:\/\/mefp.grupopiquer.com\/inscripciones\/wp-content\/uploads\/2023\/05\/10nOK7hMbxmbHnps_uIwAhaumlCvq8fri-e1683282026410.jpg","contentUrl":"https:\/\/mefp.grupopiquer.com\/inscripciones\/wp-content\/uploads\/2023\/05\/10nOK7hMbxmbHnps_uIwAhaumlCvq8fri-e1683282026410.jpg","width":1680,"height":945},{"@type":"BreadcrumbList","@id":"https:\/\/mefp.grupopiquer.com\/inscripciones\/producto\/coml0008-conduccion-de-carretillas-elevadoras-20-horas\/#breadcrumb","itemListElement":[{"@type":"ListItem","position":1,"name":"Portada","item":"https:\/\/mefp.grupopiquer.com\/inscripciones\/"},{"@type":"ListItem","position":2,"name":"Tienda","item":"https:\/\/mefp.grupopiquer.com\/inscripciones\/tienda\/"},{"@type":"ListItem","position":3,"name":"COML0008 &#8211; Conducci\u00f3n de Carretillas Elevadoras (20 horas)"}]},{"@type":"WebSite","@id":"https:\/\/mefp.grupopiquer.com\/inscripciones\/#website","url":"https:\/\/mefp.grupopiquer.com\/inscripciones\/","name":"Contenidos Online","description":"","publisher":{"@id":"https:\/\/mefp.grupopiquer.com\/inscripciones\/#organization"},"potentialAction":[{"@type":"SearchAction","target":{"@type":"EntryPoint","urlTemplate":"https:\/\/mefp.grupopiquer.com\/inscripciones\/?s={search_term_string}"},"query-input":{"@type":"PropertyValueSpecification","valueRequired":true,"valueName":"search_term_string"}}],"inLanguage":"es"},{"@type":"Organization","@id":"https:\/\/mefp.grupopiquer.com\/inscripciones\/#organization","name":"Contenidos Online","url":"https:\/\/mefp.grupopiquer.com\/inscripciones\/","logo":{"@type":"ImageObject","inLanguage":"es","@id":"https:\/\/mefp.grupopiquer.com\/inscripciones\/#\/schema\/logo\/image\/","url":"","contentUrl":"","caption":"Contenidos Online"},"image":{"@id":"https:\/\/mefp.grupopiquer.com\/inscripciones\/#\/schema\/logo\/image\/"}}]}},"_links":{"self":[{"href":"https:\/\/mefp.grupopiquer.com\/inscripciones\/wp-json\/wp\/v2\/product\/9046"}],"collection":[{"href":"https:\/\/mefp.grupopiquer.com\/inscripciones\/wp-json\/wp\/v2\/product"}],"about":[{"href":"https:\/\/mefp.grupopiquer.com\/inscripciones\/wp-json\/wp\/v2\/types\/product"}],"replies":[{"embeddable":true,"href":"https:\/\/mefp.grupopiquer.com\/inscripciones\/wp-json\/wp\/v2\/comments?post=9046"}],"wp:featuredmedia":[{"embeddable":true,"href":"https:\/\/mefp.grupopiquer.com\/inscripciones\/wp-json\/wp\/v2\/media\/5236"}],"wp:attachment":[{"href":"https:\/\/mefp.grupopiquer.com\/inscripciones\/wp-json\/wp\/v2\/media?parent=9046"}],"wp:term":[{"taxonomy":"product_cat","embeddable":true,"href":"https:\/\/mefp.grupopiquer.com\/inscripciones\/wp-json\/wp\/v2\/product_cat?post=9046"},{"taxonomy":"product_tag","embeddable":true,"href":"https:\/\/mefp.grupopiquer.com\/inscripciones\/wp-json\/wp\/v2\/product_tag?post=9046"}],"curies":[{"name":"wp","href":"https:\/\/api.w.org\/{rel}","templated":true}]}}