{"id":9043,"date":"2023-10-10T15:14:19","date_gmt":"2023-10-10T15:14:19","guid":{"rendered":"https:\/\/mefp.grupopiquer.com\/inscripciones\/?post_type=product&#038;p=9043"},"modified":"2023-12-27T11:56:33","modified_gmt":"2023-12-27T11:56:33","slug":"comm094po-captacion-de-clientes-20-horas","status":"publish","type":"product","link":"https:\/\/mefp.grupopiquer.com\/inscripciones\/producto\/comm094po-captacion-de-clientes-20-horas\/","title":{"rendered":"COMM094PO &#8211; Captaci\u00f3n de Clientes a Trav\u00e9s de Email Marketing, Uso de Mailchimp (10 horas)"},"content":{"rendered":"<div id=\"accordion\">\n<h3>Objetivos<\/h3>\n<div>Planificar correctamente una campa\u00f1a de email marketing con Mailchimp.<\/div>\n<h3>Contenidos<\/h3>\n<p>1. EMAIL MARKETING<br \/>\n1.1. Qu\u00e9 es el email marketing<br \/>\n1.2. Por qu\u00e9 utilizar el email marketing en nuestra estrategia online<br \/>\n1.3. Factores de \u00e9xito en email marketing<br \/>\n1.4. Definir los objetivos a alcanzar con el email marketing<br \/>\n1.5. Analiza lo que hace la competencia \/ mide, mide, mide<br \/>\n2. MAILCHIMP<br \/>\n2.1. Ventajas de Mailchimp frente a PHPList<br \/>\n2.2. Visi\u00f3n general de Mailchimp<br \/>\n2.3. Las listas en Mailchimp<br \/>\n2.4. Las campa\u00f1as en Mailchimp<br \/>\n3. TU PRIMERA LISTA EN MAILCHIMP<br \/>\n3.1. C\u00f3mo crear una lista de correos en Mailchimp<br \/>\n3.2. C\u00f3mo personalizar una lista en Mailchimp<br \/>\n3.3. Campos obligatorios para suscribirse a una lista<br \/>\n4. EL FORMULARIO DE SUSCRIPCI\u00d3N<br \/>\n4.1. Insertar el formulario de suscripci\u00f3n<br \/>\n4.2. Motivar a suscribirse<br \/>\n4.3. Lugares clave donde insertar el formulario de suscripci\u00f3n<br \/>\n5. DISE\u00d1O DE NEWSLETTERS<br \/>\n5.1. Las plantillas de Mailchimp<br \/>\n5.2. Plantillas Premium de Themeforest<br \/>\n5.3. Factores clave en la selecci\u00f3n de las plantillas<br \/>\n5.4. Cargar plantillas externas en Mailchimp<br \/>\n5.5. Modificaci\u00f3n de plantillas en Mailchimp<br \/>\n6. CREACI\u00d3N DE LA PRIMERA CAMPA\u00d1A<br \/>\n6.1. C\u00f3mo crear una campa\u00f1a en Mailchimp<br \/>\n6.2. Diferencia entre campa\u00f1a y lista de correo<br \/>\n6.3. C\u00f3mo visualizar la newsletter antes de su env\u00edo<br \/>\n6.4. C\u00f3mo elegir el t\u00edtulo de la newsletter<br \/>\n6.5. C\u00f3mo elegir el nombre del quien env\u00eda la newsletter<br \/>\n6.6. Otros puntos importantes a tener en cuenta<br \/>\n7. SEGUIMIENTO DE LA CAMPA\u00d1A<br \/>\n7.1. La importancia de medir<br \/>\n7.2. La tasa de apertura<br \/>\n7.3. C\u00e1lculo del CTR<br \/>\n7.4. Qu\u00e9 hacer con los rebotes<br \/>\n7.5. \u00bfHay bajas? El por qu\u00e9.<br \/>\n8. APRENDIENDO DE LOS ERRORES<br \/>\n8.1. C\u00f3mo detectar lo que gusta y disgusta de nuestra newsletter<br \/>\n8.2. Optimizar la lista de correo<br \/>\n8.3. \u00bfEs la plantilla adecuada?<br \/>\n8.4. Conseguir feedback de los usuarios<br \/>\n8.5. Aumentar el rendimiento<br \/>\n9. CASO PR\u00c1CTICO<\/p>\n<\/div>\n","protected":false},"excerpt":{"rendered":"<p>Planificar correctamente una campa\u00f1a de email marketing con Mailchimp.<\/p>\n","protected":false},"featured_media":9044,"comment_status":"closed","ping_status":"closed","template":"","meta":[],"product_cat":[119],"product_tag":[],"class_list":{"0":"post-9043","1":"product","2":"type-product","3":"status-publish","4":"has-post-thumbnail","6":"product_cat-marketing-y-relaciones-publicas","8":"first","9":"instock","10":"taxable","11":"shipping-taxable","12":"purchasable","13":"product-type-simple"},"yoast_head":"<!-- This site is optimized with the Yoast SEO plugin v23.5 - https:\/\/yoast.com\/wordpress\/plugins\/seo\/ -->\n<title>COMM094PO - Captaci\u00f3n de Clientes a Trav\u00e9s de Email Marketing, Uso de Mailchimp (10 horas) - Contenidos Online<\/title>\n<meta name=\"description\" content=\"Contenidos Online - COMM094PO - Captaci\u00f3n de Clientes a Trav\u00e9s de Email Marketing, Uso de Mailchimp (10 horas) - Marketing y Relaciones P\u00fablicas\" \/>\n<meta name=\"robots\" content=\"index, follow, max-snippet:-1, max-image-preview:large, max-video-preview:-1\" \/>\n<link rel=\"canonical\" href=\"https:\/\/mefp.grupopiquer.com\/inscripciones\/producto\/comm094po-captacion-de-clientes-20-horas\/\" \/>\n<meta property=\"og:locale\" content=\"es_ES\" \/>\n<meta property=\"og:type\" content=\"article\" \/>\n<meta property=\"og:title\" content=\"COMM094PO - Captaci\u00f3n de Clientes a Trav\u00e9s de Email Marketing, Uso de Mailchimp (10 horas) - Contenidos Online\" \/>\n<meta property=\"og:description\" content=\"Contenidos Online - COMM094PO - Captaci\u00f3n de Clientes a Trav\u00e9s de Email Marketing, Uso de Mailchimp (10 horas) - Marketing y Relaciones P\u00fablicas\" \/>\n<meta property=\"og:url\" content=\"https:\/\/mefp.grupopiquer.com\/inscripciones\/producto\/comm094po-captacion-de-clientes-20-horas\/\" \/>\n<meta property=\"og:site_name\" content=\"Contenidos Online\" \/>\n<meta property=\"article:modified_time\" content=\"2023-12-27T11:56:33+00:00\" \/>\n<meta property=\"og:image\" content=\"https:\/\/mefp.grupopiquer.com\/inscripciones\/wp-content\/uploads\/2023\/10\/Oaj_Wg38P7nBrXB9_i5hZUd_QqEWPfzLv.jpg\" \/>\n\t<meta property=\"og:image:width\" content=\"1680\" \/>\n\t<meta property=\"og:image:height\" content=\"840\" \/>\n\t<meta property=\"og:image:type\" content=\"image\/jpeg\" \/>\n<meta name=\"twitter:card\" content=\"summary_large_image\" \/>\n<meta name=\"twitter:label1\" content=\"Tiempo de lectura\" \/>\n\t<meta name=\"twitter:data1\" content=\"2 minutos\" \/>\n<script type=\"application\/ld+json\" class=\"yoast-schema-graph\">{\"@context\":\"https:\/\/schema.org\",\"@graph\":[{\"@type\":\"WebPage\",\"@id\":\"https:\/\/mefp.grupopiquer.com\/inscripciones\/producto\/comm094po-captacion-de-clientes-20-horas\/\",\"url\":\"https:\/\/mefp.grupopiquer.com\/inscripciones\/producto\/comm094po-captacion-de-clientes-20-horas\/\",\"name\":\"COMM094PO - Captaci\u00f3n de Clientes a Trav\u00e9s de Email Marketing, Uso de Mailchimp (10 horas) - Contenidos Online\",\"isPartOf\":{\"@id\":\"https:\/\/mefp.grupopiquer.com\/inscripciones\/#website\"},\"primaryImageOfPage\":{\"@id\":\"https:\/\/mefp.grupopiquer.com\/inscripciones\/producto\/comm094po-captacion-de-clientes-20-horas\/#primaryimage\"},\"image\":{\"@id\":\"https:\/\/mefp.grupopiquer.com\/inscripciones\/producto\/comm094po-captacion-de-clientes-20-horas\/#primaryimage\"},\"thumbnailUrl\":\"https:\/\/mefp.grupopiquer.com\/inscripciones\/wp-content\/uploads\/2023\/10\/Oaj_Wg38P7nBrXB9_i5hZUd_QqEWPfzLv.jpg\",\"datePublished\":\"2023-10-10T15:14:19+00:00\",\"dateModified\":\"2023-12-27T11:56:33+00:00\",\"description\":\"Contenidos Online - COMM094PO - Captaci\u00f3n de Clientes a Trav\u00e9s de Email Marketing, Uso de Mailchimp (10 horas) - Marketing y Relaciones P\u00fablicas\",\"breadcrumb\":{\"@id\":\"https:\/\/mefp.grupopiquer.com\/inscripciones\/producto\/comm094po-captacion-de-clientes-20-horas\/#breadcrumb\"},\"inLanguage\":\"es\",\"potentialAction\":[{\"@type\":\"ReadAction\",\"target\":[\"https:\/\/mefp.grupopiquer.com\/inscripciones\/producto\/comm094po-captacion-de-clientes-20-horas\/\"]}]},{\"@type\":\"ImageObject\",\"inLanguage\":\"es\",\"@id\":\"https:\/\/mefp.grupopiquer.com\/inscripciones\/producto\/comm094po-captacion-de-clientes-20-horas\/#primaryimage\",\"url\":\"https:\/\/mefp.grupopiquer.com\/inscripciones\/wp-content\/uploads\/2023\/10\/Oaj_Wg38P7nBrXB9_i5hZUd_QqEWPfzLv.jpg\",\"contentUrl\":\"https:\/\/mefp.grupopiquer.com\/inscripciones\/wp-content\/uploads\/2023\/10\/Oaj_Wg38P7nBrXB9_i5hZUd_QqEWPfzLv.jpg\",\"width\":1680,\"height\":840},{\"@type\":\"BreadcrumbList\",\"@id\":\"https:\/\/mefp.grupopiquer.com\/inscripciones\/producto\/comm094po-captacion-de-clientes-20-horas\/#breadcrumb\",\"itemListElement\":[{\"@type\":\"ListItem\",\"position\":1,\"name\":\"Portada\",\"item\":\"https:\/\/mefp.grupopiquer.com\/inscripciones\/\"},{\"@type\":\"ListItem\",\"position\":2,\"name\":\"Tienda\",\"item\":\"https:\/\/mefp.grupopiquer.com\/inscripciones\/tienda\/\"},{\"@type\":\"ListItem\",\"position\":3,\"name\":\"COMM094PO &#8211; Captaci\u00f3n de Clientes a Trav\u00e9s de Email Marketing, Uso de Mailchimp (10 horas)\"}]},{\"@type\":\"WebSite\",\"@id\":\"https:\/\/mefp.grupopiquer.com\/inscripciones\/#website\",\"url\":\"https:\/\/mefp.grupopiquer.com\/inscripciones\/\",\"name\":\"Contenidos Online\",\"description\":\"\",\"publisher\":{\"@id\":\"https:\/\/mefp.grupopiquer.com\/inscripciones\/#organization\"},\"potentialAction\":[{\"@type\":\"SearchAction\",\"target\":{\"@type\":\"EntryPoint\",\"urlTemplate\":\"https:\/\/mefp.grupopiquer.com\/inscripciones\/?s={search_term_string}\"},\"query-input\":{\"@type\":\"PropertyValueSpecification\",\"valueRequired\":true,\"valueName\":\"search_term_string\"}}],\"inLanguage\":\"es\"},{\"@type\":\"Organization\",\"@id\":\"https:\/\/mefp.grupopiquer.com\/inscripciones\/#organization\",\"name\":\"Contenidos Online\",\"url\":\"https:\/\/mefp.grupopiquer.com\/inscripciones\/\",\"logo\":{\"@type\":\"ImageObject\",\"inLanguage\":\"es\",\"@id\":\"https:\/\/mefp.grupopiquer.com\/inscripciones\/#\/schema\/logo\/image\/\",\"url\":\"\",\"contentUrl\":\"\",\"caption\":\"Contenidos Online\"},\"image\":{\"@id\":\"https:\/\/mefp.grupopiquer.com\/inscripciones\/#\/schema\/logo\/image\/\"}}]}<\/script>\n<!-- \/ Yoast SEO plugin. -->","yoast_head_json":{"title":"COMM094PO - Captaci\u00f3n de Clientes a Trav\u00e9s de Email Marketing, Uso de Mailchimp (10 horas) - Contenidos Online","description":"Contenidos Online - COMM094PO - Captaci\u00f3n de Clientes a Trav\u00e9s de Email Marketing, Uso de Mailchimp (10 horas) - Marketing y Relaciones P\u00fablicas","robots":{"index":"index","follow":"follow","max-snippet":"max-snippet:-1","max-image-preview":"max-image-preview:large","max-video-preview":"max-video-preview:-1"},"canonical":"https:\/\/mefp.grupopiquer.com\/inscripciones\/producto\/comm094po-captacion-de-clientes-20-horas\/","og_locale":"es_ES","og_type":"article","og_title":"COMM094PO - Captaci\u00f3n de Clientes a Trav\u00e9s de Email Marketing, Uso de Mailchimp (10 horas) - Contenidos Online","og_description":"Contenidos Online - COMM094PO - Captaci\u00f3n de Clientes a Trav\u00e9s de Email Marketing, Uso de Mailchimp (10 horas) - Marketing y Relaciones P\u00fablicas","og_url":"https:\/\/mefp.grupopiquer.com\/inscripciones\/producto\/comm094po-captacion-de-clientes-20-horas\/","og_site_name":"Contenidos Online","article_modified_time":"2023-12-27T11:56:33+00:00","og_image":[{"width":1680,"height":840,"url":"https:\/\/mefp.grupopiquer.com\/inscripciones\/wp-content\/uploads\/2023\/10\/Oaj_Wg38P7nBrXB9_i5hZUd_QqEWPfzLv.jpg","type":"image\/jpeg"}],"twitter_card":"summary_large_image","twitter_misc":{"Tiempo de lectura":"2 minutos"},"schema":{"@context":"https:\/\/schema.org","@graph":[{"@type":"WebPage","@id":"https:\/\/mefp.grupopiquer.com\/inscripciones\/producto\/comm094po-captacion-de-clientes-20-horas\/","url":"https:\/\/mefp.grupopiquer.com\/inscripciones\/producto\/comm094po-captacion-de-clientes-20-horas\/","name":"COMM094PO - Captaci\u00f3n de Clientes a Trav\u00e9s de Email Marketing, Uso de Mailchimp (10 horas) - Contenidos Online","isPartOf":{"@id":"https:\/\/mefp.grupopiquer.com\/inscripciones\/#website"},"primaryImageOfPage":{"@id":"https:\/\/mefp.grupopiquer.com\/inscripciones\/producto\/comm094po-captacion-de-clientes-20-horas\/#primaryimage"},"image":{"@id":"https:\/\/mefp.grupopiquer.com\/inscripciones\/producto\/comm094po-captacion-de-clientes-20-horas\/#primaryimage"},"thumbnailUrl":"https:\/\/mefp.grupopiquer.com\/inscripciones\/wp-content\/uploads\/2023\/10\/Oaj_Wg38P7nBrXB9_i5hZUd_QqEWPfzLv.jpg","datePublished":"2023-10-10T15:14:19+00:00","dateModified":"2023-12-27T11:56:33+00:00","description":"Contenidos Online - COMM094PO - Captaci\u00f3n de Clientes a Trav\u00e9s de Email Marketing, Uso de Mailchimp (10 horas) - Marketing y Relaciones P\u00fablicas","breadcrumb":{"@id":"https:\/\/mefp.grupopiquer.com\/inscripciones\/producto\/comm094po-captacion-de-clientes-20-horas\/#breadcrumb"},"inLanguage":"es","potentialAction":[{"@type":"ReadAction","target":["https:\/\/mefp.grupopiquer.com\/inscripciones\/producto\/comm094po-captacion-de-clientes-20-horas\/"]}]},{"@type":"ImageObject","inLanguage":"es","@id":"https:\/\/mefp.grupopiquer.com\/inscripciones\/producto\/comm094po-captacion-de-clientes-20-horas\/#primaryimage","url":"https:\/\/mefp.grupopiquer.com\/inscripciones\/wp-content\/uploads\/2023\/10\/Oaj_Wg38P7nBrXB9_i5hZUd_QqEWPfzLv.jpg","contentUrl":"https:\/\/mefp.grupopiquer.com\/inscripciones\/wp-content\/uploads\/2023\/10\/Oaj_Wg38P7nBrXB9_i5hZUd_QqEWPfzLv.jpg","width":1680,"height":840},{"@type":"BreadcrumbList","@id":"https:\/\/mefp.grupopiquer.com\/inscripciones\/producto\/comm094po-captacion-de-clientes-20-horas\/#breadcrumb","itemListElement":[{"@type":"ListItem","position":1,"name":"Portada","item":"https:\/\/mefp.grupopiquer.com\/inscripciones\/"},{"@type":"ListItem","position":2,"name":"Tienda","item":"https:\/\/mefp.grupopiquer.com\/inscripciones\/tienda\/"},{"@type":"ListItem","position":3,"name":"COMM094PO &#8211; Captaci\u00f3n de Clientes a Trav\u00e9s de Email Marketing, Uso de Mailchimp (10 horas)"}]},{"@type":"WebSite","@id":"https:\/\/mefp.grupopiquer.com\/inscripciones\/#website","url":"https:\/\/mefp.grupopiquer.com\/inscripciones\/","name":"Contenidos Online","description":"","publisher":{"@id":"https:\/\/mefp.grupopiquer.com\/inscripciones\/#organization"},"potentialAction":[{"@type":"SearchAction","target":{"@type":"EntryPoint","urlTemplate":"https:\/\/mefp.grupopiquer.com\/inscripciones\/?s={search_term_string}"},"query-input":{"@type":"PropertyValueSpecification","valueRequired":true,"valueName":"search_term_string"}}],"inLanguage":"es"},{"@type":"Organization","@id":"https:\/\/mefp.grupopiquer.com\/inscripciones\/#organization","name":"Contenidos Online","url":"https:\/\/mefp.grupopiquer.com\/inscripciones\/","logo":{"@type":"ImageObject","inLanguage":"es","@id":"https:\/\/mefp.grupopiquer.com\/inscripciones\/#\/schema\/logo\/image\/","url":"","contentUrl":"","caption":"Contenidos Online"},"image":{"@id":"https:\/\/mefp.grupopiquer.com\/inscripciones\/#\/schema\/logo\/image\/"}}]}},"_links":{"self":[{"href":"https:\/\/mefp.grupopiquer.com\/inscripciones\/wp-json\/wp\/v2\/product\/9043"}],"collection":[{"href":"https:\/\/mefp.grupopiquer.com\/inscripciones\/wp-json\/wp\/v2\/product"}],"about":[{"href":"https:\/\/mefp.grupopiquer.com\/inscripciones\/wp-json\/wp\/v2\/types\/product"}],"replies":[{"embeddable":true,"href":"https:\/\/mefp.grupopiquer.com\/inscripciones\/wp-json\/wp\/v2\/comments?post=9043"}],"wp:featuredmedia":[{"embeddable":true,"href":"https:\/\/mefp.grupopiquer.com\/inscripciones\/wp-json\/wp\/v2\/media\/9044"}],"wp:attachment":[{"href":"https:\/\/mefp.grupopiquer.com\/inscripciones\/wp-json\/wp\/v2\/media?parent=9043"}],"wp:term":[{"taxonomy":"product_cat","embeddable":true,"href":"https:\/\/mefp.grupopiquer.com\/inscripciones\/wp-json\/wp\/v2\/product_cat?post=9043"},{"taxonomy":"product_tag","embeddable":true,"href":"https:\/\/mefp.grupopiquer.com\/inscripciones\/wp-json\/wp\/v2\/product_tag?post=9043"}],"curies":[{"name":"wp","href":"https:\/\/api.w.org\/{rel}","templated":true}]}}