{"id":4638,"date":"2023-05-02T11:17:30","date_gmt":"2023-05-02T11:17:30","guid":{"rendered":"https:\/\/mefp.grupopiquer.com\/inscripciones\/producto\/sscb009po-introduccion-a-la-animacion-sociocultural-60-horas\/"},"modified":"2023-05-16T11:07:13","modified_gmt":"2023-05-16T11:07:13","slug":"sscb009po-introduccion-a-la-animacion-sociocultural-60-horas","status":"publish","type":"product","link":"https:\/\/mefp.grupopiquer.com\/inscripciones\/producto\/sscb009po-introduccion-a-la-animacion-sociocultural-60-horas\/","title":{"rendered":"SSCB009PO &#8211; Introducci\u00f3n a la Animaci\u00f3n Sociocultural (60 horas)"},"content":{"rendered":"<div id=\"accordion\">\n<h3>OBJETIVOS<\/h3>\n<div>Desempe\u00f1ar las funciones de un monitor sociocultural, siendo capaz de programar y desarrollando las aptitudes y habilidades de los profesionales como agentes dinamizadores de la intervenci\u00f3n social.<\/div>\n<h3>CONTENIDOS<\/h3>\n<div>1 . LA ANIMACI\u00d3N SOCIOCULTURAL<br \/>\n1.1. El Contexto de la Animaci\u00f3n Sociocultural.<br \/>\n1.2. Concepto y definici\u00f3n.<br \/>\n1.3. Instituciones y Agentes de la Animaci\u00f3n Sociocultural.<br \/>\n1.4. Animaci\u00f3n Sociocultural y Monitor Sociocultural.<br \/>\n1.5. El monitor Sociocultural como dinamizador.<\/p>\n<p>2. EL ANIMADOR-A SOCIOCULTURAL. Parcelas de la Intervenci\u00f3n<br \/>\n2.1. El papel del animador\/a, Funciones y competencias.<br \/>\n2.1.1. Animaci\u00f3n Sociocultural y Tiempo Libre. Caracter\u00edsticas espec\u00edficas.<br \/>\n2.1.2. Educaci\u00f3n de adultos. Principios de la intervenci\u00f3n.<br \/>\n2.1.3. Educaci\u00f3n Especial. Caracter\u00edsticas espec\u00edficas.<br \/>\n2.1.4. La animaci\u00f3n sociocultural con personas mayores. Psicolog\u00eda de la vejez.<\/p>\n<p>3. AN\u00c1LISIS DE LOS PROCESOS A REALIZAR<br \/>\n3.1. El proyecto de Intervenci\u00f3n Sociocultural.<br \/>\n3.2. Los objetivos de la Animaci\u00f3n sociocultural en las distintas parcelas de la intervenci\u00f3n.<br \/>\n3.3. Contenidos m\u00e9todos y recursos en la programaci\u00f3n de la Animaci\u00f3n Sociocultural.<br \/>\n3.3.1 Los contenidos.<br \/>\n3.3.2 La metodolog\u00eda.<br \/>\n3.3.3 Los recursos.<br \/>\n3.4. Ejecuci\u00f3n y seguimiento de dicho proyecto.<\/p>\n<p>4. DIN\u00c1MICAS GRUPALES EN LA ANIMACI\u00d3N SOCIOCULTURAL<br \/>\n4.1. El grupo como elemento de trabajo.<br \/>\n4.2. El perfil del conductor y dinamizador del grupo.<br \/>\n4.3. Elementos motivadores o distorsionadores del grupo.<br \/>\n4.4. Diversidad de din\u00e1micas.<br \/>\n4.5. El espacio y el material en las din\u00e1micas.<br \/>\n4.6. El juego como t\u00e9cnica.<br \/>\n4.7. T\u00e9cnicas concretas para objetivos concretos.<br \/>\n4.8. Motivaci\u00f3n y participaci\u00f3n para las actividades.<br \/>\n4.9. Nuevas din\u00e1micas audiovisuales<br \/>\n4.10. El role-playing o juego de roles.<\/p>\n<p>5. V\u00cdAS DE FINANCIACI\u00d3N. CONTROL PRESUPUESTARIO<\/p>\n<\/div>\n<\/div>\n","protected":false},"excerpt":{"rendered":"<p>Desempe\u00f1ar las funciones de un monitor sociocultural, siendo capaz de programar y desarrollando las aptitudes y habilidades de los profesionales como agentes dinamizadores de la intervenci\u00f3n social.<\/p>\n","protected":false},"featured_media":4912,"comment_status":"closed","ping_status":"closed","template":"","meta":[],"product_cat":[104],"product_tag":[],"class_list":{"0":"post-4638","1":"product","2":"type-product","3":"status-publish","4":"has-post-thumbnail","6":"product_cat-actividades-culturales-y-recreativas","8":"first","9":"instock","10":"taxable","11":"shipping-taxable","12":"purchasable","13":"product-type-simple"},"yoast_head":"<!-- This site is optimized with the Yoast SEO plugin v23.5 - https:\/\/yoast.com\/wordpress\/plugins\/seo\/ -->\n<title>SSCB009PO - Introducci\u00f3n a la Animaci\u00f3n Sociocultural (60 horas) - Contenidos Online<\/title>\n<meta name=\"robots\" content=\"index, follow, max-snippet:-1, max-image-preview:large, max-video-preview:-1\" \/>\n<link rel=\"canonical\" href=\"https:\/\/mefp.grupopiquer.com\/inscripciones\/producto\/sscb009po-introduccion-a-la-animacion-sociocultural-60-horas\/\" \/>\n<meta property=\"og:locale\" content=\"es_ES\" \/>\n<meta property=\"og:type\" content=\"article\" \/>\n<meta property=\"og:title\" content=\"SSCB009PO - Introducci\u00f3n a la Animaci\u00f3n Sociocultural (60 horas) - Contenidos Online\" \/>\n<meta property=\"og:description\" content=\"Desempe\u00f1ar las funciones de un monitor sociocultural, siendo capaz de programar y desarrollando las aptitudes y habilidades de los profesionales como agentes dinamizadores de la intervenci\u00f3n social.\" \/>\n<meta property=\"og:url\" content=\"https:\/\/mefp.grupopiquer.com\/inscripciones\/producto\/sscb009po-introduccion-a-la-animacion-sociocultural-60-horas\/\" \/>\n<meta property=\"og:site_name\" content=\"Contenidos Online\" \/>\n<meta property=\"article:modified_time\" content=\"2023-05-16T11:07:13+00:00\" \/>\n<meta property=\"og:image\" content=\"https:\/\/mefp.grupopiquer.com\/inscripciones\/wp-content\/uploads\/2023\/05\/edinburgh-4685583_1920-e1683193617448.jpg\" \/>\n\t<meta property=\"og:image:width\" content=\"1920\" \/>\n\t<meta property=\"og:image:height\" content=\"1080\" \/>\n\t<meta property=\"og:image:type\" content=\"image\/jpeg\" \/>\n<meta name=\"twitter:card\" content=\"summary_large_image\" \/>\n<meta name=\"twitter:label1\" content=\"Tiempo de lectura\" \/>\n\t<meta name=\"twitter:data1\" content=\"2 minutos\" \/>\n<script type=\"application\/ld+json\" class=\"yoast-schema-graph\">{\"@context\":\"https:\/\/schema.org\",\"@graph\":[{\"@type\":\"WebPage\",\"@id\":\"https:\/\/mefp.grupopiquer.com\/inscripciones\/producto\/sscb009po-introduccion-a-la-animacion-sociocultural-60-horas\/\",\"url\":\"https:\/\/mefp.grupopiquer.com\/inscripciones\/producto\/sscb009po-introduccion-a-la-animacion-sociocultural-60-horas\/\",\"name\":\"SSCB009PO - Introducci\u00f3n a la Animaci\u00f3n Sociocultural (60 horas) - Contenidos Online\",\"isPartOf\":{\"@id\":\"https:\/\/mefp.grupopiquer.com\/inscripciones\/#website\"},\"primaryImageOfPage\":{\"@id\":\"https:\/\/mefp.grupopiquer.com\/inscripciones\/producto\/sscb009po-introduccion-a-la-animacion-sociocultural-60-horas\/#primaryimage\"},\"image\":{\"@id\":\"https:\/\/mefp.grupopiquer.com\/inscripciones\/producto\/sscb009po-introduccion-a-la-animacion-sociocultural-60-horas\/#primaryimage\"},\"thumbnailUrl\":\"https:\/\/mefp.grupopiquer.com\/inscripciones\/wp-content\/uploads\/2023\/05\/edinburgh-4685583_1920-e1683193617448.jpg\",\"datePublished\":\"2023-05-02T11:17:30+00:00\",\"dateModified\":\"2023-05-16T11:07:13+00:00\",\"breadcrumb\":{\"@id\":\"https:\/\/mefp.grupopiquer.com\/inscripciones\/producto\/sscb009po-introduccion-a-la-animacion-sociocultural-60-horas\/#breadcrumb\"},\"inLanguage\":\"es\",\"potentialAction\":[{\"@type\":\"ReadAction\",\"target\":[\"https:\/\/mefp.grupopiquer.com\/inscripciones\/producto\/sscb009po-introduccion-a-la-animacion-sociocultural-60-horas\/\"]}]},{\"@type\":\"ImageObject\",\"inLanguage\":\"es\",\"@id\":\"https:\/\/mefp.grupopiquer.com\/inscripciones\/producto\/sscb009po-introduccion-a-la-animacion-sociocultural-60-horas\/#primaryimage\",\"url\":\"https:\/\/mefp.grupopiquer.com\/inscripciones\/wp-content\/uploads\/2023\/05\/edinburgh-4685583_1920-e1683193617448.jpg\",\"contentUrl\":\"https:\/\/mefp.grupopiquer.com\/inscripciones\/wp-content\/uploads\/2023\/05\/edinburgh-4685583_1920-e1683193617448.jpg\",\"width\":1920,\"height\":1080},{\"@type\":\"BreadcrumbList\",\"@id\":\"https:\/\/mefp.grupopiquer.com\/inscripciones\/producto\/sscb009po-introduccion-a-la-animacion-sociocultural-60-horas\/#breadcrumb\",\"itemListElement\":[{\"@type\":\"ListItem\",\"position\":1,\"name\":\"Portada\",\"item\":\"https:\/\/mefp.grupopiquer.com\/inscripciones\/\"},{\"@type\":\"ListItem\",\"position\":2,\"name\":\"Tienda\",\"item\":\"https:\/\/mefp.grupopiquer.com\/inscripciones\/tienda\/\"},{\"@type\":\"ListItem\",\"position\":3,\"name\":\"SSCB009PO &#8211; Introducci\u00f3n a la Animaci\u00f3n Sociocultural (60 horas)\"}]},{\"@type\":\"WebSite\",\"@id\":\"https:\/\/mefp.grupopiquer.com\/inscripciones\/#website\",\"url\":\"https:\/\/mefp.grupopiquer.com\/inscripciones\/\",\"name\":\"Contenidos Online\",\"description\":\"\",\"publisher\":{\"@id\":\"https:\/\/mefp.grupopiquer.com\/inscripciones\/#organization\"},\"potentialAction\":[{\"@type\":\"SearchAction\",\"target\":{\"@type\":\"EntryPoint\",\"urlTemplate\":\"https:\/\/mefp.grupopiquer.com\/inscripciones\/?s={search_term_string}\"},\"query-input\":{\"@type\":\"PropertyValueSpecification\",\"valueRequired\":true,\"valueName\":\"search_term_string\"}}],\"inLanguage\":\"es\"},{\"@type\":\"Organization\",\"@id\":\"https:\/\/mefp.grupopiquer.com\/inscripciones\/#organization\",\"name\":\"Contenidos Online\",\"url\":\"https:\/\/mefp.grupopiquer.com\/inscripciones\/\",\"logo\":{\"@type\":\"ImageObject\",\"inLanguage\":\"es\",\"@id\":\"https:\/\/mefp.grupopiquer.com\/inscripciones\/#\/schema\/logo\/image\/\",\"url\":\"\",\"contentUrl\":\"\",\"caption\":\"Contenidos Online\"},\"image\":{\"@id\":\"https:\/\/mefp.grupopiquer.com\/inscripciones\/#\/schema\/logo\/image\/\"}}]}<\/script>\n<!-- \/ Yoast SEO plugin. -->","yoast_head_json":{"title":"SSCB009PO - Introducci\u00f3n a la Animaci\u00f3n Sociocultural (60 horas) - Contenidos Online","robots":{"index":"index","follow":"follow","max-snippet":"max-snippet:-1","max-image-preview":"max-image-preview:large","max-video-preview":"max-video-preview:-1"},"canonical":"https:\/\/mefp.grupopiquer.com\/inscripciones\/producto\/sscb009po-introduccion-a-la-animacion-sociocultural-60-horas\/","og_locale":"es_ES","og_type":"article","og_title":"SSCB009PO - Introducci\u00f3n a la Animaci\u00f3n Sociocultural (60 horas) - Contenidos Online","og_description":"Desempe\u00f1ar las funciones de un monitor sociocultural, siendo capaz de programar y desarrollando las aptitudes y habilidades de los profesionales como agentes dinamizadores de la intervenci\u00f3n social.","og_url":"https:\/\/mefp.grupopiquer.com\/inscripciones\/producto\/sscb009po-introduccion-a-la-animacion-sociocultural-60-horas\/","og_site_name":"Contenidos Online","article_modified_time":"2023-05-16T11:07:13+00:00","og_image":[{"width":1920,"height":1080,"url":"https:\/\/mefp.grupopiquer.com\/inscripciones\/wp-content\/uploads\/2023\/05\/edinburgh-4685583_1920-e1683193617448.jpg","type":"image\/jpeg"}],"twitter_card":"summary_large_image","twitter_misc":{"Tiempo de lectura":"2 minutos"},"schema":{"@context":"https:\/\/schema.org","@graph":[{"@type":"WebPage","@id":"https:\/\/mefp.grupopiquer.com\/inscripciones\/producto\/sscb009po-introduccion-a-la-animacion-sociocultural-60-horas\/","url":"https:\/\/mefp.grupopiquer.com\/inscripciones\/producto\/sscb009po-introduccion-a-la-animacion-sociocultural-60-horas\/","name":"SSCB009PO - Introducci\u00f3n a la Animaci\u00f3n Sociocultural (60 horas) - Contenidos Online","isPartOf":{"@id":"https:\/\/mefp.grupopiquer.com\/inscripciones\/#website"},"primaryImageOfPage":{"@id":"https:\/\/mefp.grupopiquer.com\/inscripciones\/producto\/sscb009po-introduccion-a-la-animacion-sociocultural-60-horas\/#primaryimage"},"image":{"@id":"https:\/\/mefp.grupopiquer.com\/inscripciones\/producto\/sscb009po-introduccion-a-la-animacion-sociocultural-60-horas\/#primaryimage"},"thumbnailUrl":"https:\/\/mefp.grupopiquer.com\/inscripciones\/wp-content\/uploads\/2023\/05\/edinburgh-4685583_1920-e1683193617448.jpg","datePublished":"2023-05-02T11:17:30+00:00","dateModified":"2023-05-16T11:07:13+00:00","breadcrumb":{"@id":"https:\/\/mefp.grupopiquer.com\/inscripciones\/producto\/sscb009po-introduccion-a-la-animacion-sociocultural-60-horas\/#breadcrumb"},"inLanguage":"es","potentialAction":[{"@type":"ReadAction","target":["https:\/\/mefp.grupopiquer.com\/inscripciones\/producto\/sscb009po-introduccion-a-la-animacion-sociocultural-60-horas\/"]}]},{"@type":"ImageObject","inLanguage":"es","@id":"https:\/\/mefp.grupopiquer.com\/inscripciones\/producto\/sscb009po-introduccion-a-la-animacion-sociocultural-60-horas\/#primaryimage","url":"https:\/\/mefp.grupopiquer.com\/inscripciones\/wp-content\/uploads\/2023\/05\/edinburgh-4685583_1920-e1683193617448.jpg","contentUrl":"https:\/\/mefp.grupopiquer.com\/inscripciones\/wp-content\/uploads\/2023\/05\/edinburgh-4685583_1920-e1683193617448.jpg","width":1920,"height":1080},{"@type":"BreadcrumbList","@id":"https:\/\/mefp.grupopiquer.com\/inscripciones\/producto\/sscb009po-introduccion-a-la-animacion-sociocultural-60-horas\/#breadcrumb","itemListElement":[{"@type":"ListItem","position":1,"name":"Portada","item":"https:\/\/mefp.grupopiquer.com\/inscripciones\/"},{"@type":"ListItem","position":2,"name":"Tienda","item":"https:\/\/mefp.grupopiquer.com\/inscripciones\/tienda\/"},{"@type":"ListItem","position":3,"name":"SSCB009PO &#8211; Introducci\u00f3n a la Animaci\u00f3n Sociocultural (60 horas)"}]},{"@type":"WebSite","@id":"https:\/\/mefp.grupopiquer.com\/inscripciones\/#website","url":"https:\/\/mefp.grupopiquer.com\/inscripciones\/","name":"Contenidos Online","description":"","publisher":{"@id":"https:\/\/mefp.grupopiquer.com\/inscripciones\/#organization"},"potentialAction":[{"@type":"SearchAction","target":{"@type":"EntryPoint","urlTemplate":"https:\/\/mefp.grupopiquer.com\/inscripciones\/?s={search_term_string}"},"query-input":{"@type":"PropertyValueSpecification","valueRequired":true,"valueName":"search_term_string"}}],"inLanguage":"es"},{"@type":"Organization","@id":"https:\/\/mefp.grupopiquer.com\/inscripciones\/#organization","name":"Contenidos Online","url":"https:\/\/mefp.grupopiquer.com\/inscripciones\/","logo":{"@type":"ImageObject","inLanguage":"es","@id":"https:\/\/mefp.grupopiquer.com\/inscripciones\/#\/schema\/logo\/image\/","url":"","contentUrl":"","caption":"Contenidos Online"},"image":{"@id":"https:\/\/mefp.grupopiquer.com\/inscripciones\/#\/schema\/logo\/image\/"}}]}},"_links":{"self":[{"href":"https:\/\/mefp.grupopiquer.com\/inscripciones\/wp-json\/wp\/v2\/product\/4638"}],"collection":[{"href":"https:\/\/mefp.grupopiquer.com\/inscripciones\/wp-json\/wp\/v2\/product"}],"about":[{"href":"https:\/\/mefp.grupopiquer.com\/inscripciones\/wp-json\/wp\/v2\/types\/product"}],"replies":[{"embeddable":true,"href":"https:\/\/mefp.grupopiquer.com\/inscripciones\/wp-json\/wp\/v2\/comments?post=4638"}],"wp:featuredmedia":[{"embeddable":true,"href":"https:\/\/mefp.grupopiquer.com\/inscripciones\/wp-json\/wp\/v2\/media\/4912"}],"wp:attachment":[{"href":"https:\/\/mefp.grupopiquer.com\/inscripciones\/wp-json\/wp\/v2\/media?parent=4638"}],"wp:term":[{"taxonomy":"product_cat","embeddable":true,"href":"https:\/\/mefp.grupopiquer.com\/inscripciones\/wp-json\/wp\/v2\/product_cat?post=4638"},{"taxonomy":"product_tag","embeddable":true,"href":"https:\/\/mefp.grupopiquer.com\/inscripciones\/wp-json\/wp\/v2\/product_tag?post=4638"}],"curies":[{"name":"wp","href":"https:\/\/api.w.org\/{rel}","templated":true}]}}