{"id":4592,"date":"2023-05-02T11:13:21","date_gmt":"2023-05-02T11:13:21","guid":{"rendered":"https:\/\/mefp.grupopiquer.com\/inscripciones\/producto\/ifct184po-analisis-de-datos-y-vinculacion-de-bbdd-con-excel-30-horas\/"},"modified":"2023-05-16T13:10:24","modified_gmt":"2023-05-16T13:10:24","slug":"ifct184po-analisis-de-datos-y-vinculacion-de-bbdd-con-excel-30-horas","status":"publish","type":"product","link":"https:\/\/mefp.grupopiquer.com\/inscripciones\/producto\/ifct184po-analisis-de-datos-y-vinculacion-de-bbdd-con-excel-30-horas\/","title":{"rendered":"IFCT184PO &#8211; An\u00e1lisis de Datos y Vinculaci\u00f3n de BBDD con Excel (30 horas)"},"content":{"rendered":"<div id=\"accordion\">\n<h3>OBJETIVOS<\/h3>\n<div>Utilizar la herramienta de Excel para el an\u00e1lisis y gesti\u00f3n de datos externos, vinculados a una hoja de c\u00e1lculo: filtros, filtros avanzados, funciones de b\u00fasqueda y referencia, conexiones a datos externos, creaci\u00f3n de subtotales y tablas din\u00e1micas.<\/div>\n<h3>CONTENIDOS<\/h3>\n<div>\n<p>1. Revisi\u00f3n de conceptos<\/p>\n<p>2. Validaci\u00f3n de datos<\/p>\n<p>3. Filtros autom\u00e1ticos<\/p>\n<p>4. Filtros avanzados<\/p>\n<p>5. Funciones de b\u00fasqueda<\/p>\n<p>6. Trabajo con diferentes hojas, funciones tridimensionales<\/p>\n<p>7. Vincular bbdd con la hoja de c\u00e1lculo, datos externos<\/p>\n<p>8. Subtotales y esquemas<\/p>\n<p>9. Tablas din\u00e1micas<\/p>\n<p>10. Introducci\u00f3n a macros.<\/p>\n<\/div>\n<\/div>\n","protected":false},"excerpt":{"rendered":"<p>Utilizar la herramienta de Excel para el an\u00e1lisis y gesti\u00f3n de datos externos, vinculados a una hoja de c\u00e1lculo: filtros, filtros avanzados, funciones de b\u00fasqueda y referencia, conexiones a datos externos, creaci\u00f3n de subtotales y tablas din\u00e1micas.<\/p>\n","protected":false},"featured_media":5177,"comment_status":"closed","ping_status":"closed","template":"","meta":[],"product_cat":[110],"product_tag":[],"class_list":{"0":"post-4592","1":"product","2":"type-product","3":"status-publish","4":"has-post-thumbnail","6":"product_cat-sistemas-y-telematica","8":"first","9":"instock","10":"taxable","11":"shipping-taxable","12":"purchasable","13":"product-type-simple"},"yoast_head":"<!-- This site is optimized with the Yoast SEO plugin v23.5 - https:\/\/yoast.com\/wordpress\/plugins\/seo\/ -->\n<title>IFCT184PO - An\u00e1lisis de Datos y Vinculaci\u00f3n de BBDD con Excel (30 horas) - Contenidos Online<\/title>\n<meta name=\"robots\" content=\"index, follow, max-snippet:-1, max-image-preview:large, max-video-preview:-1\" \/>\n<link rel=\"canonical\" href=\"https:\/\/mefp.grupopiquer.com\/inscripciones\/producto\/ifct184po-analisis-de-datos-y-vinculacion-de-bbdd-con-excel-30-horas\/\" \/>\n<meta property=\"og:locale\" content=\"es_ES\" \/>\n<meta property=\"og:type\" content=\"article\" \/>\n<meta property=\"og:title\" content=\"IFCT184PO - An\u00e1lisis de Datos y Vinculaci\u00f3n de BBDD con Excel (30 horas) - Contenidos Online\" \/>\n<meta property=\"og:description\" content=\"Utilizar la herramienta de Excel para el an\u00e1lisis y gesti\u00f3n de datos externos, vinculados a una hoja de c\u00e1lculo: filtros, filtros avanzados, funciones de b\u00fasqueda y referencia, conexiones a datos externos, creaci\u00f3n de subtotales y tablas din\u00e1micas.\" \/>\n<meta property=\"og:url\" content=\"https:\/\/mefp.grupopiquer.com\/inscripciones\/producto\/ifct184po-analisis-de-datos-y-vinculacion-de-bbdd-con-excel-30-horas\/\" \/>\n<meta property=\"og:site_name\" content=\"Contenidos Online\" \/>\n<meta property=\"article:modified_time\" content=\"2023-05-16T13:10:24+00:00\" \/>\n<meta property=\"og:image\" content=\"https:\/\/mefp.grupopiquer.com\/inscripciones\/wp-content\/uploads\/2023\/05\/tIeFOTggP_SucO-k_d058dZEQ_BYbTrrU-e1683277782471.jpg\" \/>\n\t<meta property=\"og:image:width\" content=\"1680\" \/>\n\t<meta property=\"og:image:height\" content=\"945\" \/>\n\t<meta property=\"og:image:type\" content=\"image\/jpeg\" \/>\n<meta name=\"twitter:card\" content=\"summary_large_image\" \/>\n<meta name=\"twitter:label1\" content=\"Tiempo de lectura\" \/>\n\t<meta name=\"twitter:data1\" content=\"1 minuto\" \/>\n<script type=\"application\/ld+json\" class=\"yoast-schema-graph\">{\"@context\":\"https:\/\/schema.org\",\"@graph\":[{\"@type\":\"WebPage\",\"@id\":\"https:\/\/mefp.grupopiquer.com\/inscripciones\/producto\/ifct184po-analisis-de-datos-y-vinculacion-de-bbdd-con-excel-30-horas\/\",\"url\":\"https:\/\/mefp.grupopiquer.com\/inscripciones\/producto\/ifct184po-analisis-de-datos-y-vinculacion-de-bbdd-con-excel-30-horas\/\",\"name\":\"IFCT184PO - An\u00e1lisis de Datos y Vinculaci\u00f3n de BBDD con Excel (30 horas) - Contenidos Online\",\"isPartOf\":{\"@id\":\"https:\/\/mefp.grupopiquer.com\/inscripciones\/#website\"},\"primaryImageOfPage\":{\"@id\":\"https:\/\/mefp.grupopiquer.com\/inscripciones\/producto\/ifct184po-analisis-de-datos-y-vinculacion-de-bbdd-con-excel-30-horas\/#primaryimage\"},\"image\":{\"@id\":\"https:\/\/mefp.grupopiquer.com\/inscripciones\/producto\/ifct184po-analisis-de-datos-y-vinculacion-de-bbdd-con-excel-30-horas\/#primaryimage\"},\"thumbnailUrl\":\"https:\/\/mefp.grupopiquer.com\/inscripciones\/wp-content\/uploads\/2023\/05\/tIeFOTggP_SucO-k_d058dZEQ_BYbTrrU-e1683277782471.jpg\",\"datePublished\":\"2023-05-02T11:13:21+00:00\",\"dateModified\":\"2023-05-16T13:10:24+00:00\",\"breadcrumb\":{\"@id\":\"https:\/\/mefp.grupopiquer.com\/inscripciones\/producto\/ifct184po-analisis-de-datos-y-vinculacion-de-bbdd-con-excel-30-horas\/#breadcrumb\"},\"inLanguage\":\"es\",\"potentialAction\":[{\"@type\":\"ReadAction\",\"target\":[\"https:\/\/mefp.grupopiquer.com\/inscripciones\/producto\/ifct184po-analisis-de-datos-y-vinculacion-de-bbdd-con-excel-30-horas\/\"]}]},{\"@type\":\"ImageObject\",\"inLanguage\":\"es\",\"@id\":\"https:\/\/mefp.grupopiquer.com\/inscripciones\/producto\/ifct184po-analisis-de-datos-y-vinculacion-de-bbdd-con-excel-30-horas\/#primaryimage\",\"url\":\"https:\/\/mefp.grupopiquer.com\/inscripciones\/wp-content\/uploads\/2023\/05\/tIeFOTggP_SucO-k_d058dZEQ_BYbTrrU-e1683277782471.jpg\",\"contentUrl\":\"https:\/\/mefp.grupopiquer.com\/inscripciones\/wp-content\/uploads\/2023\/05\/tIeFOTggP_SucO-k_d058dZEQ_BYbTrrU-e1683277782471.jpg\",\"width\":1680,\"height\":945},{\"@type\":\"BreadcrumbList\",\"@id\":\"https:\/\/mefp.grupopiquer.com\/inscripciones\/producto\/ifct184po-analisis-de-datos-y-vinculacion-de-bbdd-con-excel-30-horas\/#breadcrumb\",\"itemListElement\":[{\"@type\":\"ListItem\",\"position\":1,\"name\":\"Portada\",\"item\":\"https:\/\/mefp.grupopiquer.com\/inscripciones\/\"},{\"@type\":\"ListItem\",\"position\":2,\"name\":\"Tienda\",\"item\":\"https:\/\/mefp.grupopiquer.com\/inscripciones\/tienda\/\"},{\"@type\":\"ListItem\",\"position\":3,\"name\":\"IFCT184PO &#8211; An\u00e1lisis de Datos y Vinculaci\u00f3n de BBDD con Excel (30 horas)\"}]},{\"@type\":\"WebSite\",\"@id\":\"https:\/\/mefp.grupopiquer.com\/inscripciones\/#website\",\"url\":\"https:\/\/mefp.grupopiquer.com\/inscripciones\/\",\"name\":\"Contenidos Online\",\"description\":\"\",\"publisher\":{\"@id\":\"https:\/\/mefp.grupopiquer.com\/inscripciones\/#organization\"},\"potentialAction\":[{\"@type\":\"SearchAction\",\"target\":{\"@type\":\"EntryPoint\",\"urlTemplate\":\"https:\/\/mefp.grupopiquer.com\/inscripciones\/?s={search_term_string}\"},\"query-input\":{\"@type\":\"PropertyValueSpecification\",\"valueRequired\":true,\"valueName\":\"search_term_string\"}}],\"inLanguage\":\"es\"},{\"@type\":\"Organization\",\"@id\":\"https:\/\/mefp.grupopiquer.com\/inscripciones\/#organization\",\"name\":\"Contenidos Online\",\"url\":\"https:\/\/mefp.grupopiquer.com\/inscripciones\/\",\"logo\":{\"@type\":\"ImageObject\",\"inLanguage\":\"es\",\"@id\":\"https:\/\/mefp.grupopiquer.com\/inscripciones\/#\/schema\/logo\/image\/\",\"url\":\"\",\"contentUrl\":\"\",\"caption\":\"Contenidos Online\"},\"image\":{\"@id\":\"https:\/\/mefp.grupopiquer.com\/inscripciones\/#\/schema\/logo\/image\/\"}}]}<\/script>\n<!-- \/ Yoast SEO plugin. -->","yoast_head_json":{"title":"IFCT184PO - An\u00e1lisis de Datos y Vinculaci\u00f3n de BBDD con Excel (30 horas) - Contenidos Online","robots":{"index":"index","follow":"follow","max-snippet":"max-snippet:-1","max-image-preview":"max-image-preview:large","max-video-preview":"max-video-preview:-1"},"canonical":"https:\/\/mefp.grupopiquer.com\/inscripciones\/producto\/ifct184po-analisis-de-datos-y-vinculacion-de-bbdd-con-excel-30-horas\/","og_locale":"es_ES","og_type":"article","og_title":"IFCT184PO - An\u00e1lisis de Datos y Vinculaci\u00f3n de BBDD con Excel (30 horas) - Contenidos Online","og_description":"Utilizar la herramienta de Excel para el an\u00e1lisis y gesti\u00f3n de datos externos, vinculados a una hoja de c\u00e1lculo: filtros, filtros avanzados, funciones de b\u00fasqueda y referencia, conexiones a datos externos, creaci\u00f3n de subtotales y tablas din\u00e1micas.","og_url":"https:\/\/mefp.grupopiquer.com\/inscripciones\/producto\/ifct184po-analisis-de-datos-y-vinculacion-de-bbdd-con-excel-30-horas\/","og_site_name":"Contenidos Online","article_modified_time":"2023-05-16T13:10:24+00:00","og_image":[{"width":1680,"height":945,"url":"https:\/\/mefp.grupopiquer.com\/inscripciones\/wp-content\/uploads\/2023\/05\/tIeFOTggP_SucO-k_d058dZEQ_BYbTrrU-e1683277782471.jpg","type":"image\/jpeg"}],"twitter_card":"summary_large_image","twitter_misc":{"Tiempo de lectura":"1 minuto"},"schema":{"@context":"https:\/\/schema.org","@graph":[{"@type":"WebPage","@id":"https:\/\/mefp.grupopiquer.com\/inscripciones\/producto\/ifct184po-analisis-de-datos-y-vinculacion-de-bbdd-con-excel-30-horas\/","url":"https:\/\/mefp.grupopiquer.com\/inscripciones\/producto\/ifct184po-analisis-de-datos-y-vinculacion-de-bbdd-con-excel-30-horas\/","name":"IFCT184PO - An\u00e1lisis de Datos y Vinculaci\u00f3n de BBDD con Excel (30 horas) - Contenidos Online","isPartOf":{"@id":"https:\/\/mefp.grupopiquer.com\/inscripciones\/#website"},"primaryImageOfPage":{"@id":"https:\/\/mefp.grupopiquer.com\/inscripciones\/producto\/ifct184po-analisis-de-datos-y-vinculacion-de-bbdd-con-excel-30-horas\/#primaryimage"},"image":{"@id":"https:\/\/mefp.grupopiquer.com\/inscripciones\/producto\/ifct184po-analisis-de-datos-y-vinculacion-de-bbdd-con-excel-30-horas\/#primaryimage"},"thumbnailUrl":"https:\/\/mefp.grupopiquer.com\/inscripciones\/wp-content\/uploads\/2023\/05\/tIeFOTggP_SucO-k_d058dZEQ_BYbTrrU-e1683277782471.jpg","datePublished":"2023-05-02T11:13:21+00:00","dateModified":"2023-05-16T13:10:24+00:00","breadcrumb":{"@id":"https:\/\/mefp.grupopiquer.com\/inscripciones\/producto\/ifct184po-analisis-de-datos-y-vinculacion-de-bbdd-con-excel-30-horas\/#breadcrumb"},"inLanguage":"es","potentialAction":[{"@type":"ReadAction","target":["https:\/\/mefp.grupopiquer.com\/inscripciones\/producto\/ifct184po-analisis-de-datos-y-vinculacion-de-bbdd-con-excel-30-horas\/"]}]},{"@type":"ImageObject","inLanguage":"es","@id":"https:\/\/mefp.grupopiquer.com\/inscripciones\/producto\/ifct184po-analisis-de-datos-y-vinculacion-de-bbdd-con-excel-30-horas\/#primaryimage","url":"https:\/\/mefp.grupopiquer.com\/inscripciones\/wp-content\/uploads\/2023\/05\/tIeFOTggP_SucO-k_d058dZEQ_BYbTrrU-e1683277782471.jpg","contentUrl":"https:\/\/mefp.grupopiquer.com\/inscripciones\/wp-content\/uploads\/2023\/05\/tIeFOTggP_SucO-k_d058dZEQ_BYbTrrU-e1683277782471.jpg","width":1680,"height":945},{"@type":"BreadcrumbList","@id":"https:\/\/mefp.grupopiquer.com\/inscripciones\/producto\/ifct184po-analisis-de-datos-y-vinculacion-de-bbdd-con-excel-30-horas\/#breadcrumb","itemListElement":[{"@type":"ListItem","position":1,"name":"Portada","item":"https:\/\/mefp.grupopiquer.com\/inscripciones\/"},{"@type":"ListItem","position":2,"name":"Tienda","item":"https:\/\/mefp.grupopiquer.com\/inscripciones\/tienda\/"},{"@type":"ListItem","position":3,"name":"IFCT184PO &#8211; An\u00e1lisis de Datos y Vinculaci\u00f3n de BBDD con Excel (30 horas)"}]},{"@type":"WebSite","@id":"https:\/\/mefp.grupopiquer.com\/inscripciones\/#website","url":"https:\/\/mefp.grupopiquer.com\/inscripciones\/","name":"Contenidos Online","description":"","publisher":{"@id":"https:\/\/mefp.grupopiquer.com\/inscripciones\/#organization"},"potentialAction":[{"@type":"SearchAction","target":{"@type":"EntryPoint","urlTemplate":"https:\/\/mefp.grupopiquer.com\/inscripciones\/?s={search_term_string}"},"query-input":{"@type":"PropertyValueSpecification","valueRequired":true,"valueName":"search_term_string"}}],"inLanguage":"es"},{"@type":"Organization","@id":"https:\/\/mefp.grupopiquer.com\/inscripciones\/#organization","name":"Contenidos Online","url":"https:\/\/mefp.grupopiquer.com\/inscripciones\/","logo":{"@type":"ImageObject","inLanguage":"es","@id":"https:\/\/mefp.grupopiquer.com\/inscripciones\/#\/schema\/logo\/image\/","url":"","contentUrl":"","caption":"Contenidos Online"},"image":{"@id":"https:\/\/mefp.grupopiquer.com\/inscripciones\/#\/schema\/logo\/image\/"}}]}},"_links":{"self":[{"href":"https:\/\/mefp.grupopiquer.com\/inscripciones\/wp-json\/wp\/v2\/product\/4592"}],"collection":[{"href":"https:\/\/mefp.grupopiquer.com\/inscripciones\/wp-json\/wp\/v2\/product"}],"about":[{"href":"https:\/\/mefp.grupopiquer.com\/inscripciones\/wp-json\/wp\/v2\/types\/product"}],"replies":[{"embeddable":true,"href":"https:\/\/mefp.grupopiquer.com\/inscripciones\/wp-json\/wp\/v2\/comments?post=4592"}],"wp:featuredmedia":[{"embeddable":true,"href":"https:\/\/mefp.grupopiquer.com\/inscripciones\/wp-json\/wp\/v2\/media\/5177"}],"wp:attachment":[{"href":"https:\/\/mefp.grupopiquer.com\/inscripciones\/wp-json\/wp\/v2\/media?parent=4592"}],"wp:term":[{"taxonomy":"product_cat","embeddable":true,"href":"https:\/\/mefp.grupopiquer.com\/inscripciones\/wp-json\/wp\/v2\/product_cat?post=4592"},{"taxonomy":"product_tag","embeddable":true,"href":"https:\/\/mefp.grupopiquer.com\/inscripciones\/wp-json\/wp\/v2\/product_tag?post=4592"}],"curies":[{"name":"wp","href":"https:\/\/api.w.org\/{rel}","templated":true}]}}