{"id":4570,"date":"2023-05-02T11:11:16","date_gmt":"2023-05-02T11:11:16","guid":{"rendered":"https:\/\/mefp.grupopiquer.com\/inscripciones\/producto\/ifcd011po-ifcd011po-desarrollo-de-paginas-web-css-y-joomla-100-horas\/"},"modified":"2023-05-16T13:48:43","modified_gmt":"2023-05-16T13:48:43","slug":"ifcd011po-ifcd011po-desarrollo-de-paginas-web-css-y-joomla-100-horas","status":"publish","type":"product","link":"https:\/\/mefp.grupopiquer.com\/inscripciones\/producto\/ifcd011po-ifcd011po-desarrollo-de-paginas-web-css-y-joomla-100-horas\/","title":{"rendered":"IFCD011PO &#8211; Desarrollo de P\u00e1ginas Web CSS Y JOOMLA (100 horas)"},"content":{"rendered":"<div id=\"accordion\">\n<h3>OBJETIVOS<\/h3>\n<div>Desarrollar y administrar p\u00e1ginas web.<\/div>\n<h3>CONTENIDOS<\/h3>\n<div>1. INTRODUCCI\u00d3N<\/p>\n<p>2. HOJAS DE ESTILO EN CASCADA (CCS)<br \/>\n2.1. El Lenguaje en cascada: separar la estructura de un documento de su presentaci\u00f3n.<br \/>\n2.2. Fundamentos b\u00e1sicos.<br \/>\n2.3. Propiedades.<br \/>\n2.4. Tipos de selectores.<\/p>\n<p>3. HOSTING WEB<br \/>\n3.1. Transferencia de archivos FTP.<br \/>\n3.2. Introducci\u00f3n e instalaci\u00f3n.<\/p>\n<p>4. JOOMLA<br \/>\n4.1. Elementos b\u00e1sicos. T\u00e9rminos. Instalaci\u00f3n. Configuraci\u00f3n. B\u00fasqueda de contenidos. Creaci\u00f3n de contenidos b\u00e1sicos: Gesti\u00f3n de art\u00edculos. Encuestas.<br \/>\n4.2. Gesti\u00f3n de men\u00fas. Trabajar con m\u00f3dulos. Componentes y plantillas en Joomla. Weblinks. Gesti\u00f3n de usuarios. Pluggins. Trabajando con p\u00e1ginas din\u00e1micas. Extensiones y plantillas.<br \/>\n4.3. Administrador de im\u00e1genes y herramientas: el Gestor multimedia. Banners. Sindicaci\u00f3n de contenidos: RSS y Atom.<br \/>\n4.4. El m\u00f3dulo Breadcrumbs o ruta de acceso. Extensiones y tareas de administraci\u00f3n.<br \/>\n4.5. Formularios. Google maps. Redes sociales. Descarga de archivos.<\/p>\n<\/div>\n<\/div>\n","protected":false},"excerpt":{"rendered":"<p>Desarrollar y administrar p\u00e1ginas web.<\/p>\n","protected":false},"featured_media":5025,"comment_status":"closed","ping_status":"closed","template":"","meta":[],"product_cat":[112],"product_tag":[],"class_list":{"0":"post-4570","1":"product","2":"type-product","3":"status-publish","4":"has-post-thumbnail","6":"product_cat-desarrollo","8":"first","9":"instock","10":"taxable","11":"shipping-taxable","12":"purchasable","13":"product-type-simple"},"yoast_head":"<!-- This site is optimized with the Yoast SEO plugin v23.5 - https:\/\/yoast.com\/wordpress\/plugins\/seo\/ -->\n<title>IFCD011PO - Desarrollo de P\u00e1ginas Web CSS Y JOOMLA (100 horas) - Contenidos Online<\/title>\n<meta name=\"robots\" content=\"index, follow, max-snippet:-1, max-image-preview:large, max-video-preview:-1\" \/>\n<link rel=\"canonical\" href=\"https:\/\/mefp.grupopiquer.com\/inscripciones\/producto\/ifcd011po-ifcd011po-desarrollo-de-paginas-web-css-y-joomla-100-horas\/\" \/>\n<meta property=\"og:locale\" content=\"es_ES\" \/>\n<meta property=\"og:type\" content=\"article\" \/>\n<meta property=\"og:title\" content=\"IFCD011PO - Desarrollo de P\u00e1ginas Web CSS Y JOOMLA (100 horas) - Contenidos Online\" \/>\n<meta property=\"og:description\" content=\"Desarrollar y administrar p\u00e1ginas web.\" \/>\n<meta property=\"og:url\" content=\"https:\/\/mefp.grupopiquer.com\/inscripciones\/producto\/ifcd011po-ifcd011po-desarrollo-de-paginas-web-css-y-joomla-100-horas\/\" \/>\n<meta property=\"og:site_name\" content=\"Contenidos Online\" \/>\n<meta property=\"article:modified_time\" content=\"2023-05-16T13:48:43+00:00\" \/>\n<meta property=\"og:image\" content=\"https:\/\/mefp.grupopiquer.com\/inscripciones\/wp-content\/uploads\/2023\/05\/portada1-scaled-e1683208056285.jpg\" \/>\n\t<meta property=\"og:image:width\" content=\"1772\" \/>\n\t<meta property=\"og:image:height\" content=\"998\" \/>\n\t<meta property=\"og:image:type\" content=\"image\/jpeg\" \/>\n<meta name=\"twitter:card\" content=\"summary_large_image\" \/>\n<meta name=\"twitter:label1\" content=\"Tiempo de lectura\" \/>\n\t<meta name=\"twitter:data1\" content=\"1 minuto\" \/>\n<script type=\"application\/ld+json\" class=\"yoast-schema-graph\">{\"@context\":\"https:\/\/schema.org\",\"@graph\":[{\"@type\":\"WebPage\",\"@id\":\"https:\/\/mefp.grupopiquer.com\/inscripciones\/producto\/ifcd011po-ifcd011po-desarrollo-de-paginas-web-css-y-joomla-100-horas\/\",\"url\":\"https:\/\/mefp.grupopiquer.com\/inscripciones\/producto\/ifcd011po-ifcd011po-desarrollo-de-paginas-web-css-y-joomla-100-horas\/\",\"name\":\"IFCD011PO - Desarrollo de P\u00e1ginas Web CSS Y JOOMLA (100 horas) - Contenidos Online\",\"isPartOf\":{\"@id\":\"https:\/\/mefp.grupopiquer.com\/inscripciones\/#website\"},\"primaryImageOfPage\":{\"@id\":\"https:\/\/mefp.grupopiquer.com\/inscripciones\/producto\/ifcd011po-ifcd011po-desarrollo-de-paginas-web-css-y-joomla-100-horas\/#primaryimage\"},\"image\":{\"@id\":\"https:\/\/mefp.grupopiquer.com\/inscripciones\/producto\/ifcd011po-ifcd011po-desarrollo-de-paginas-web-css-y-joomla-100-horas\/#primaryimage\"},\"thumbnailUrl\":\"https:\/\/mefp.grupopiquer.com\/inscripciones\/wp-content\/uploads\/2023\/05\/portada1-scaled-e1683208056285.jpg\",\"datePublished\":\"2023-05-02T11:11:16+00:00\",\"dateModified\":\"2023-05-16T13:48:43+00:00\",\"breadcrumb\":{\"@id\":\"https:\/\/mefp.grupopiquer.com\/inscripciones\/producto\/ifcd011po-ifcd011po-desarrollo-de-paginas-web-css-y-joomla-100-horas\/#breadcrumb\"},\"inLanguage\":\"es\",\"potentialAction\":[{\"@type\":\"ReadAction\",\"target\":[\"https:\/\/mefp.grupopiquer.com\/inscripciones\/producto\/ifcd011po-ifcd011po-desarrollo-de-paginas-web-css-y-joomla-100-horas\/\"]}]},{\"@type\":\"ImageObject\",\"inLanguage\":\"es\",\"@id\":\"https:\/\/mefp.grupopiquer.com\/inscripciones\/producto\/ifcd011po-ifcd011po-desarrollo-de-paginas-web-css-y-joomla-100-horas\/#primaryimage\",\"url\":\"https:\/\/mefp.grupopiquer.com\/inscripciones\/wp-content\/uploads\/2023\/05\/portada1-scaled-e1683208056285.jpg\",\"contentUrl\":\"https:\/\/mefp.grupopiquer.com\/inscripciones\/wp-content\/uploads\/2023\/05\/portada1-scaled-e1683208056285.jpg\",\"width\":1772,\"height\":998},{\"@type\":\"BreadcrumbList\",\"@id\":\"https:\/\/mefp.grupopiquer.com\/inscripciones\/producto\/ifcd011po-ifcd011po-desarrollo-de-paginas-web-css-y-joomla-100-horas\/#breadcrumb\",\"itemListElement\":[{\"@type\":\"ListItem\",\"position\":1,\"name\":\"Portada\",\"item\":\"https:\/\/mefp.grupopiquer.com\/inscripciones\/\"},{\"@type\":\"ListItem\",\"position\":2,\"name\":\"Tienda\",\"item\":\"https:\/\/mefp.grupopiquer.com\/inscripciones\/tienda\/\"},{\"@type\":\"ListItem\",\"position\":3,\"name\":\"IFCD011PO &#8211; Desarrollo de P\u00e1ginas Web CSS Y JOOMLA (100 horas)\"}]},{\"@type\":\"WebSite\",\"@id\":\"https:\/\/mefp.grupopiquer.com\/inscripciones\/#website\",\"url\":\"https:\/\/mefp.grupopiquer.com\/inscripciones\/\",\"name\":\"Contenidos Online\",\"description\":\"\",\"publisher\":{\"@id\":\"https:\/\/mefp.grupopiquer.com\/inscripciones\/#organization\"},\"potentialAction\":[{\"@type\":\"SearchAction\",\"target\":{\"@type\":\"EntryPoint\",\"urlTemplate\":\"https:\/\/mefp.grupopiquer.com\/inscripciones\/?s={search_term_string}\"},\"query-input\":{\"@type\":\"PropertyValueSpecification\",\"valueRequired\":true,\"valueName\":\"search_term_string\"}}],\"inLanguage\":\"es\"},{\"@type\":\"Organization\",\"@id\":\"https:\/\/mefp.grupopiquer.com\/inscripciones\/#organization\",\"name\":\"Contenidos Online\",\"url\":\"https:\/\/mefp.grupopiquer.com\/inscripciones\/\",\"logo\":{\"@type\":\"ImageObject\",\"inLanguage\":\"es\",\"@id\":\"https:\/\/mefp.grupopiquer.com\/inscripciones\/#\/schema\/logo\/image\/\",\"url\":\"\",\"contentUrl\":\"\",\"caption\":\"Contenidos Online\"},\"image\":{\"@id\":\"https:\/\/mefp.grupopiquer.com\/inscripciones\/#\/schema\/logo\/image\/\"}}]}<\/script>\n<!-- \/ Yoast SEO plugin. -->","yoast_head_json":{"title":"IFCD011PO - Desarrollo de P\u00e1ginas Web CSS Y JOOMLA (100 horas) - Contenidos Online","robots":{"index":"index","follow":"follow","max-snippet":"max-snippet:-1","max-image-preview":"max-image-preview:large","max-video-preview":"max-video-preview:-1"},"canonical":"https:\/\/mefp.grupopiquer.com\/inscripciones\/producto\/ifcd011po-ifcd011po-desarrollo-de-paginas-web-css-y-joomla-100-horas\/","og_locale":"es_ES","og_type":"article","og_title":"IFCD011PO - Desarrollo de P\u00e1ginas Web CSS Y JOOMLA (100 horas) - Contenidos Online","og_description":"Desarrollar y administrar p\u00e1ginas web.","og_url":"https:\/\/mefp.grupopiquer.com\/inscripciones\/producto\/ifcd011po-ifcd011po-desarrollo-de-paginas-web-css-y-joomla-100-horas\/","og_site_name":"Contenidos Online","article_modified_time":"2023-05-16T13:48:43+00:00","og_image":[{"width":1772,"height":998,"url":"https:\/\/mefp.grupopiquer.com\/inscripciones\/wp-content\/uploads\/2023\/05\/portada1-scaled-e1683208056285.jpg","type":"image\/jpeg"}],"twitter_card":"summary_large_image","twitter_misc":{"Tiempo de lectura":"1 minuto"},"schema":{"@context":"https:\/\/schema.org","@graph":[{"@type":"WebPage","@id":"https:\/\/mefp.grupopiquer.com\/inscripciones\/producto\/ifcd011po-ifcd011po-desarrollo-de-paginas-web-css-y-joomla-100-horas\/","url":"https:\/\/mefp.grupopiquer.com\/inscripciones\/producto\/ifcd011po-ifcd011po-desarrollo-de-paginas-web-css-y-joomla-100-horas\/","name":"IFCD011PO - Desarrollo de P\u00e1ginas Web CSS Y JOOMLA (100 horas) - Contenidos Online","isPartOf":{"@id":"https:\/\/mefp.grupopiquer.com\/inscripciones\/#website"},"primaryImageOfPage":{"@id":"https:\/\/mefp.grupopiquer.com\/inscripciones\/producto\/ifcd011po-ifcd011po-desarrollo-de-paginas-web-css-y-joomla-100-horas\/#primaryimage"},"image":{"@id":"https:\/\/mefp.grupopiquer.com\/inscripciones\/producto\/ifcd011po-ifcd011po-desarrollo-de-paginas-web-css-y-joomla-100-horas\/#primaryimage"},"thumbnailUrl":"https:\/\/mefp.grupopiquer.com\/inscripciones\/wp-content\/uploads\/2023\/05\/portada1-scaled-e1683208056285.jpg","datePublished":"2023-05-02T11:11:16+00:00","dateModified":"2023-05-16T13:48:43+00:00","breadcrumb":{"@id":"https:\/\/mefp.grupopiquer.com\/inscripciones\/producto\/ifcd011po-ifcd011po-desarrollo-de-paginas-web-css-y-joomla-100-horas\/#breadcrumb"},"inLanguage":"es","potentialAction":[{"@type":"ReadAction","target":["https:\/\/mefp.grupopiquer.com\/inscripciones\/producto\/ifcd011po-ifcd011po-desarrollo-de-paginas-web-css-y-joomla-100-horas\/"]}]},{"@type":"ImageObject","inLanguage":"es","@id":"https:\/\/mefp.grupopiquer.com\/inscripciones\/producto\/ifcd011po-ifcd011po-desarrollo-de-paginas-web-css-y-joomla-100-horas\/#primaryimage","url":"https:\/\/mefp.grupopiquer.com\/inscripciones\/wp-content\/uploads\/2023\/05\/portada1-scaled-e1683208056285.jpg","contentUrl":"https:\/\/mefp.grupopiquer.com\/inscripciones\/wp-content\/uploads\/2023\/05\/portada1-scaled-e1683208056285.jpg","width":1772,"height":998},{"@type":"BreadcrumbList","@id":"https:\/\/mefp.grupopiquer.com\/inscripciones\/producto\/ifcd011po-ifcd011po-desarrollo-de-paginas-web-css-y-joomla-100-horas\/#breadcrumb","itemListElement":[{"@type":"ListItem","position":1,"name":"Portada","item":"https:\/\/mefp.grupopiquer.com\/inscripciones\/"},{"@type":"ListItem","position":2,"name":"Tienda","item":"https:\/\/mefp.grupopiquer.com\/inscripciones\/tienda\/"},{"@type":"ListItem","position":3,"name":"IFCD011PO &#8211; Desarrollo de P\u00e1ginas Web CSS Y JOOMLA (100 horas)"}]},{"@type":"WebSite","@id":"https:\/\/mefp.grupopiquer.com\/inscripciones\/#website","url":"https:\/\/mefp.grupopiquer.com\/inscripciones\/","name":"Contenidos Online","description":"","publisher":{"@id":"https:\/\/mefp.grupopiquer.com\/inscripciones\/#organization"},"potentialAction":[{"@type":"SearchAction","target":{"@type":"EntryPoint","urlTemplate":"https:\/\/mefp.grupopiquer.com\/inscripciones\/?s={search_term_string}"},"query-input":{"@type":"PropertyValueSpecification","valueRequired":true,"valueName":"search_term_string"}}],"inLanguage":"es"},{"@type":"Organization","@id":"https:\/\/mefp.grupopiquer.com\/inscripciones\/#organization","name":"Contenidos Online","url":"https:\/\/mefp.grupopiquer.com\/inscripciones\/","logo":{"@type":"ImageObject","inLanguage":"es","@id":"https:\/\/mefp.grupopiquer.com\/inscripciones\/#\/schema\/logo\/image\/","url":"","contentUrl":"","caption":"Contenidos Online"},"image":{"@id":"https:\/\/mefp.grupopiquer.com\/inscripciones\/#\/schema\/logo\/image\/"}}]}},"_links":{"self":[{"href":"https:\/\/mefp.grupopiquer.com\/inscripciones\/wp-json\/wp\/v2\/product\/4570"}],"collection":[{"href":"https:\/\/mefp.grupopiquer.com\/inscripciones\/wp-json\/wp\/v2\/product"}],"about":[{"href":"https:\/\/mefp.grupopiquer.com\/inscripciones\/wp-json\/wp\/v2\/types\/product"}],"replies":[{"embeddable":true,"href":"https:\/\/mefp.grupopiquer.com\/inscripciones\/wp-json\/wp\/v2\/comments?post=4570"}],"wp:featuredmedia":[{"embeddable":true,"href":"https:\/\/mefp.grupopiquer.com\/inscripciones\/wp-json\/wp\/v2\/media\/5025"}],"wp:attachment":[{"href":"https:\/\/mefp.grupopiquer.com\/inscripciones\/wp-json\/wp\/v2\/media?parent=4570"}],"wp:term":[{"taxonomy":"product_cat","embeddable":true,"href":"https:\/\/mefp.grupopiquer.com\/inscripciones\/wp-json\/wp\/v2\/product_cat?post=4570"},{"taxonomy":"product_tag","embeddable":true,"href":"https:\/\/mefp.grupopiquer.com\/inscripciones\/wp-json\/wp\/v2\/product_tag?post=4570"}],"curies":[{"name":"wp","href":"https:\/\/api.w.org\/{rel}","templated":true}]}}