{"id":4549,"date":"2023-05-02T11:09:18","date_gmt":"2023-05-02T11:09:18","guid":{"rendered":"https:\/\/mefp.grupopiquer.com\/inscripciones\/producto\/fcoo002po-normativa-comunitaria-en-el-sector-agrario-30-horas\/"},"modified":"2023-05-16T14:20:50","modified_gmt":"2023-05-16T14:20:50","slug":"fcoo002po-normativa-comunitaria-en-el-sector-agrario-30-horas","status":"publish","type":"product","link":"https:\/\/mefp.grupopiquer.com\/inscripciones\/producto\/fcoo002po-normativa-comunitaria-en-el-sector-agrario-30-horas\/","title":{"rendered":"FCOO002PO &#8211; Normativa Comunitaria en el Sector Agrario (30 horas)"},"content":{"rendered":"<div id=\"accordion\">\n<h3>OBJETIVOS<\/h3>\n<div>Adquirir conocimientos sobre los aspectos m\u00e1s relevantes del sector agrario, dentro del marco de la Uni\u00f3n Europea, prestando especial atenci\u00f3n a la Pol\u00edtica Agraria Com\u00fan.<\/div>\n<h3>CONTENIDOS<\/h3>\n<div>1. EL SECTOR AGRARIO EN LA UNI\u00d3N EUROPEA<br \/>\n1.1. Las instituciones de la uni\u00f3n europea relacionadas con el sector agrario.<br \/>\n1.2. El sector agrario y el sector agroalimentario europeo.<\/p>\n<p>2. LA POL\u00cdTICA AGRARIA COM\u00daN (PAC) Y MEDIDAS DE APOYO<br \/>\n2.1. Or\u00edgenes y evoluci\u00f3n de la pol\u00edtica agraria com\u00fan.<br \/>\n2.2. El futuro de la PAC 2014-2020.<br \/>\n2.3. Los fondos estructurales y el desarrollo rural.<br \/>\n2.4. Pol\u00edtica medioambiental y forestal comunitaria.<br \/>\n2.5. El sistema agromonetario comunitario.<br \/>\n2.6. Acuerdos de la uni\u00f3n europea con terceros pa\u00edses.<\/p>\n<p>3. AN\u00c1LISIS SECTORIAL<br \/>\n3.1. Los distintos sectores agrarios de producci\u00f3n.<\/p>\n<\/div>\n<\/div>\n","protected":false},"excerpt":{"rendered":"<p>Adquirir conocimientos sobre los aspectos m\u00e1s relevantes del sector agrario, dentro del marco de la Uni\u00f3n Europea, prestando especial atenci\u00f3n a la Pol\u00edtica Agraria Com\u00fan.<\/p>\n","protected":false},"featured_media":5047,"comment_status":"closed","ping_status":"closed","template":"","meta":[],"product_cat":[116],"product_tag":[],"class_list":{"0":"post-4549","1":"product","2":"type-product","3":"status-publish","4":"has-post-thumbnail","6":"product_cat-orientacion-laboral","8":"first","9":"instock","10":"taxable","11":"shipping-taxable","12":"purchasable","13":"product-type-simple"},"yoast_head":"<!-- This site is optimized with the Yoast SEO plugin v23.5 - https:\/\/yoast.com\/wordpress\/plugins\/seo\/ -->\n<title>FCOO002PO - Normativa Comunitaria en el Sector Agrario (30 horas) - Contenidos Online<\/title>\n<meta name=\"robots\" content=\"index, follow, max-snippet:-1, max-image-preview:large, max-video-preview:-1\" \/>\n<link rel=\"canonical\" href=\"https:\/\/mefp.grupopiquer.com\/inscripciones\/producto\/fcoo002po-normativa-comunitaria-en-el-sector-agrario-30-horas\/\" \/>\n<meta property=\"og:locale\" content=\"es_ES\" \/>\n<meta property=\"og:type\" content=\"article\" \/>\n<meta property=\"og:title\" content=\"FCOO002PO - Normativa Comunitaria en el Sector Agrario (30 horas) - Contenidos Online\" \/>\n<meta property=\"og:description\" content=\"Adquirir conocimientos sobre los aspectos m\u00e1s relevantes del sector agrario, dentro del marco de la Uni\u00f3n Europea, prestando especial atenci\u00f3n a la Pol\u00edtica Agraria Com\u00fan.\" \/>\n<meta property=\"og:url\" content=\"https:\/\/mefp.grupopiquer.com\/inscripciones\/producto\/fcoo002po-normativa-comunitaria-en-el-sector-agrario-30-horas\/\" \/>\n<meta property=\"og:site_name\" content=\"Contenidos Online\" \/>\n<meta property=\"article:modified_time\" content=\"2023-05-16T14:20:50+00:00\" \/>\n<meta property=\"og:image\" content=\"https:\/\/mefp.grupopiquer.com\/inscripciones\/wp-content\/uploads\/2023\/05\/RfbRMR7v5nIoQjbZ_vy3501Qln0hL2opX-e1683209290758.jpg\" \/>\n\t<meta property=\"og:image:width\" content=\"1663\" \/>\n\t<meta property=\"og:image:height\" content=\"936\" \/>\n\t<meta property=\"og:image:type\" content=\"image\/jpeg\" \/>\n<meta name=\"twitter:card\" content=\"summary_large_image\" \/>\n<meta name=\"twitter:label1\" content=\"Tiempo de lectura\" \/>\n\t<meta name=\"twitter:data1\" content=\"1 minuto\" \/>\n<script type=\"application\/ld+json\" class=\"yoast-schema-graph\">{\"@context\":\"https:\/\/schema.org\",\"@graph\":[{\"@type\":\"WebPage\",\"@id\":\"https:\/\/mefp.grupopiquer.com\/inscripciones\/producto\/fcoo002po-normativa-comunitaria-en-el-sector-agrario-30-horas\/\",\"url\":\"https:\/\/mefp.grupopiquer.com\/inscripciones\/producto\/fcoo002po-normativa-comunitaria-en-el-sector-agrario-30-horas\/\",\"name\":\"FCOO002PO - Normativa Comunitaria en el Sector Agrario (30 horas) - Contenidos Online\",\"isPartOf\":{\"@id\":\"https:\/\/mefp.grupopiquer.com\/inscripciones\/#website\"},\"primaryImageOfPage\":{\"@id\":\"https:\/\/mefp.grupopiquer.com\/inscripciones\/producto\/fcoo002po-normativa-comunitaria-en-el-sector-agrario-30-horas\/#primaryimage\"},\"image\":{\"@id\":\"https:\/\/mefp.grupopiquer.com\/inscripciones\/producto\/fcoo002po-normativa-comunitaria-en-el-sector-agrario-30-horas\/#primaryimage\"},\"thumbnailUrl\":\"https:\/\/mefp.grupopiquer.com\/inscripciones\/wp-content\/uploads\/2023\/05\/RfbRMR7v5nIoQjbZ_vy3501Qln0hL2opX-e1683209290758.jpg\",\"datePublished\":\"2023-05-02T11:09:18+00:00\",\"dateModified\":\"2023-05-16T14:20:50+00:00\",\"breadcrumb\":{\"@id\":\"https:\/\/mefp.grupopiquer.com\/inscripciones\/producto\/fcoo002po-normativa-comunitaria-en-el-sector-agrario-30-horas\/#breadcrumb\"},\"inLanguage\":\"es\",\"potentialAction\":[{\"@type\":\"ReadAction\",\"target\":[\"https:\/\/mefp.grupopiquer.com\/inscripciones\/producto\/fcoo002po-normativa-comunitaria-en-el-sector-agrario-30-horas\/\"]}]},{\"@type\":\"ImageObject\",\"inLanguage\":\"es\",\"@id\":\"https:\/\/mefp.grupopiquer.com\/inscripciones\/producto\/fcoo002po-normativa-comunitaria-en-el-sector-agrario-30-horas\/#primaryimage\",\"url\":\"https:\/\/mefp.grupopiquer.com\/inscripciones\/wp-content\/uploads\/2023\/05\/RfbRMR7v5nIoQjbZ_vy3501Qln0hL2opX-e1683209290758.jpg\",\"contentUrl\":\"https:\/\/mefp.grupopiquer.com\/inscripciones\/wp-content\/uploads\/2023\/05\/RfbRMR7v5nIoQjbZ_vy3501Qln0hL2opX-e1683209290758.jpg\",\"width\":1663,\"height\":936},{\"@type\":\"BreadcrumbList\",\"@id\":\"https:\/\/mefp.grupopiquer.com\/inscripciones\/producto\/fcoo002po-normativa-comunitaria-en-el-sector-agrario-30-horas\/#breadcrumb\",\"itemListElement\":[{\"@type\":\"ListItem\",\"position\":1,\"name\":\"Portada\",\"item\":\"https:\/\/mefp.grupopiquer.com\/inscripciones\/\"},{\"@type\":\"ListItem\",\"position\":2,\"name\":\"Tienda\",\"item\":\"https:\/\/mefp.grupopiquer.com\/inscripciones\/tienda\/\"},{\"@type\":\"ListItem\",\"position\":3,\"name\":\"FCOO002PO &#8211; Normativa Comunitaria en el Sector Agrario (30 horas)\"}]},{\"@type\":\"WebSite\",\"@id\":\"https:\/\/mefp.grupopiquer.com\/inscripciones\/#website\",\"url\":\"https:\/\/mefp.grupopiquer.com\/inscripciones\/\",\"name\":\"Contenidos Online\",\"description\":\"\",\"publisher\":{\"@id\":\"https:\/\/mefp.grupopiquer.com\/inscripciones\/#organization\"},\"potentialAction\":[{\"@type\":\"SearchAction\",\"target\":{\"@type\":\"EntryPoint\",\"urlTemplate\":\"https:\/\/mefp.grupopiquer.com\/inscripciones\/?s={search_term_string}\"},\"query-input\":{\"@type\":\"PropertyValueSpecification\",\"valueRequired\":true,\"valueName\":\"search_term_string\"}}],\"inLanguage\":\"es\"},{\"@type\":\"Organization\",\"@id\":\"https:\/\/mefp.grupopiquer.com\/inscripciones\/#organization\",\"name\":\"Contenidos Online\",\"url\":\"https:\/\/mefp.grupopiquer.com\/inscripciones\/\",\"logo\":{\"@type\":\"ImageObject\",\"inLanguage\":\"es\",\"@id\":\"https:\/\/mefp.grupopiquer.com\/inscripciones\/#\/schema\/logo\/image\/\",\"url\":\"\",\"contentUrl\":\"\",\"caption\":\"Contenidos Online\"},\"image\":{\"@id\":\"https:\/\/mefp.grupopiquer.com\/inscripciones\/#\/schema\/logo\/image\/\"}}]}<\/script>\n<!-- \/ Yoast SEO plugin. -->","yoast_head_json":{"title":"FCOO002PO - Normativa Comunitaria en el Sector Agrario (30 horas) - Contenidos Online","robots":{"index":"index","follow":"follow","max-snippet":"max-snippet:-1","max-image-preview":"max-image-preview:large","max-video-preview":"max-video-preview:-1"},"canonical":"https:\/\/mefp.grupopiquer.com\/inscripciones\/producto\/fcoo002po-normativa-comunitaria-en-el-sector-agrario-30-horas\/","og_locale":"es_ES","og_type":"article","og_title":"FCOO002PO - Normativa Comunitaria en el Sector Agrario (30 horas) - Contenidos Online","og_description":"Adquirir conocimientos sobre los aspectos m\u00e1s relevantes del sector agrario, dentro del marco de la Uni\u00f3n Europea, prestando especial atenci\u00f3n a la Pol\u00edtica Agraria Com\u00fan.","og_url":"https:\/\/mefp.grupopiquer.com\/inscripciones\/producto\/fcoo002po-normativa-comunitaria-en-el-sector-agrario-30-horas\/","og_site_name":"Contenidos Online","article_modified_time":"2023-05-16T14:20:50+00:00","og_image":[{"width":1663,"height":936,"url":"https:\/\/mefp.grupopiquer.com\/inscripciones\/wp-content\/uploads\/2023\/05\/RfbRMR7v5nIoQjbZ_vy3501Qln0hL2opX-e1683209290758.jpg","type":"image\/jpeg"}],"twitter_card":"summary_large_image","twitter_misc":{"Tiempo de lectura":"1 minuto"},"schema":{"@context":"https:\/\/schema.org","@graph":[{"@type":"WebPage","@id":"https:\/\/mefp.grupopiquer.com\/inscripciones\/producto\/fcoo002po-normativa-comunitaria-en-el-sector-agrario-30-horas\/","url":"https:\/\/mefp.grupopiquer.com\/inscripciones\/producto\/fcoo002po-normativa-comunitaria-en-el-sector-agrario-30-horas\/","name":"FCOO002PO - Normativa Comunitaria en el Sector Agrario (30 horas) - Contenidos Online","isPartOf":{"@id":"https:\/\/mefp.grupopiquer.com\/inscripciones\/#website"},"primaryImageOfPage":{"@id":"https:\/\/mefp.grupopiquer.com\/inscripciones\/producto\/fcoo002po-normativa-comunitaria-en-el-sector-agrario-30-horas\/#primaryimage"},"image":{"@id":"https:\/\/mefp.grupopiquer.com\/inscripciones\/producto\/fcoo002po-normativa-comunitaria-en-el-sector-agrario-30-horas\/#primaryimage"},"thumbnailUrl":"https:\/\/mefp.grupopiquer.com\/inscripciones\/wp-content\/uploads\/2023\/05\/RfbRMR7v5nIoQjbZ_vy3501Qln0hL2opX-e1683209290758.jpg","datePublished":"2023-05-02T11:09:18+00:00","dateModified":"2023-05-16T14:20:50+00:00","breadcrumb":{"@id":"https:\/\/mefp.grupopiquer.com\/inscripciones\/producto\/fcoo002po-normativa-comunitaria-en-el-sector-agrario-30-horas\/#breadcrumb"},"inLanguage":"es","potentialAction":[{"@type":"ReadAction","target":["https:\/\/mefp.grupopiquer.com\/inscripciones\/producto\/fcoo002po-normativa-comunitaria-en-el-sector-agrario-30-horas\/"]}]},{"@type":"ImageObject","inLanguage":"es","@id":"https:\/\/mefp.grupopiquer.com\/inscripciones\/producto\/fcoo002po-normativa-comunitaria-en-el-sector-agrario-30-horas\/#primaryimage","url":"https:\/\/mefp.grupopiquer.com\/inscripciones\/wp-content\/uploads\/2023\/05\/RfbRMR7v5nIoQjbZ_vy3501Qln0hL2opX-e1683209290758.jpg","contentUrl":"https:\/\/mefp.grupopiquer.com\/inscripciones\/wp-content\/uploads\/2023\/05\/RfbRMR7v5nIoQjbZ_vy3501Qln0hL2opX-e1683209290758.jpg","width":1663,"height":936},{"@type":"BreadcrumbList","@id":"https:\/\/mefp.grupopiquer.com\/inscripciones\/producto\/fcoo002po-normativa-comunitaria-en-el-sector-agrario-30-horas\/#breadcrumb","itemListElement":[{"@type":"ListItem","position":1,"name":"Portada","item":"https:\/\/mefp.grupopiquer.com\/inscripciones\/"},{"@type":"ListItem","position":2,"name":"Tienda","item":"https:\/\/mefp.grupopiquer.com\/inscripciones\/tienda\/"},{"@type":"ListItem","position":3,"name":"FCOO002PO &#8211; Normativa Comunitaria en el Sector Agrario (30 horas)"}]},{"@type":"WebSite","@id":"https:\/\/mefp.grupopiquer.com\/inscripciones\/#website","url":"https:\/\/mefp.grupopiquer.com\/inscripciones\/","name":"Contenidos Online","description":"","publisher":{"@id":"https:\/\/mefp.grupopiquer.com\/inscripciones\/#organization"},"potentialAction":[{"@type":"SearchAction","target":{"@type":"EntryPoint","urlTemplate":"https:\/\/mefp.grupopiquer.com\/inscripciones\/?s={search_term_string}"},"query-input":{"@type":"PropertyValueSpecification","valueRequired":true,"valueName":"search_term_string"}}],"inLanguage":"es"},{"@type":"Organization","@id":"https:\/\/mefp.grupopiquer.com\/inscripciones\/#organization","name":"Contenidos Online","url":"https:\/\/mefp.grupopiquer.com\/inscripciones\/","logo":{"@type":"ImageObject","inLanguage":"es","@id":"https:\/\/mefp.grupopiquer.com\/inscripciones\/#\/schema\/logo\/image\/","url":"","contentUrl":"","caption":"Contenidos Online"},"image":{"@id":"https:\/\/mefp.grupopiquer.com\/inscripciones\/#\/schema\/logo\/image\/"}}]}},"_links":{"self":[{"href":"https:\/\/mefp.grupopiquer.com\/inscripciones\/wp-json\/wp\/v2\/product\/4549"}],"collection":[{"href":"https:\/\/mefp.grupopiquer.com\/inscripciones\/wp-json\/wp\/v2\/product"}],"about":[{"href":"https:\/\/mefp.grupopiquer.com\/inscripciones\/wp-json\/wp\/v2\/types\/product"}],"replies":[{"embeddable":true,"href":"https:\/\/mefp.grupopiquer.com\/inscripciones\/wp-json\/wp\/v2\/comments?post=4549"}],"wp:featuredmedia":[{"embeddable":true,"href":"https:\/\/mefp.grupopiquer.com\/inscripciones\/wp-json\/wp\/v2\/media\/5047"}],"wp:attachment":[{"href":"https:\/\/mefp.grupopiquer.com\/inscripciones\/wp-json\/wp\/v2\/media?parent=4549"}],"wp:term":[{"taxonomy":"product_cat","embeddable":true,"href":"https:\/\/mefp.grupopiquer.com\/inscripciones\/wp-json\/wp\/v2\/product_cat?post=4549"},{"taxonomy":"product_tag","embeddable":true,"href":"https:\/\/mefp.grupopiquer.com\/inscripciones\/wp-json\/wp\/v2\/product_tag?post=4549"}],"curies":[{"name":"wp","href":"https:\/\/api.w.org\/{rel}","templated":true}]}}