{"id":4502,"date":"2023-05-02T11:05:12","date_gmt":"2023-05-02T11:05:12","guid":{"rendered":"https:\/\/mefp.grupopiquer.com\/inscripciones\/producto\/comt003po-apertura-y-organizacion-de-una-agencia-inmobiliaria-16-horas\/"},"modified":"2023-05-15T11:02:35","modified_gmt":"2023-05-15T11:02:35","slug":"comt003po-apertura-y-organizacion-de-una-agencia-inmobiliaria-16-horas","status":"publish","type":"product","link":"https:\/\/mefp.grupopiquer.com\/inscripciones\/producto\/comt003po-apertura-y-organizacion-de-una-agencia-inmobiliaria-16-horas\/","title":{"rendered":"COMT003PO &#8211; Apertura y Organizaci\u00f3n de una Agencia Inmobiliaria (16 horas)"},"content":{"rendered":"<div id=\"accordion\">\n<h3>OBJETIVOS<\/h3>\n<div>Interpretar adecuadamente la reglamentaci\u00f3n y normativa espec\u00edfica para abrir una agencia inmobiliaria, gestionar los recursos para optimizar la organizaci\u00f3n de la misma y localizar proveedores y pactar acuerdos con ellos de manera eficaz.<\/div>\n<h3>CONTENIDOS<\/h3>\n<div>1. LA DECISI\u00d3N DE ABRIR UNA AGENCIA INMOBILIARIA<br \/>\n1.1. Los requisitos reglamentarios, laborales y fiscales.<br \/>\n1.2. La ubicaci\u00f3n y tama\u00f1o del establecimiento.<br \/>\n1.3. La definici\u00f3n del negocio: productos y servicios que se van a prestar.<br \/>\n1.4. La definici\u00f3n y selecci\u00f3n del mercado y target.<\/p>\n<p>2. LA ORGANIZACI\u00d3N INTERNA<br \/>\n2.1. Recursos humanos: necesidades, sistemas retributivos, plan de carrera y formaci\u00f3n.<br \/>\n2.2. La estructura organizativa: funciones, tareas y organigrama de la agencia.<br \/>\n2.3. Equipos t\u00e9cnicos y materiales: soportes, medios t\u00e9cnicos y software de gesti\u00f3n.<br \/>\n2.4. El uso de la informaci\u00f3n para la toma de decisiones: fuentes de informaci\u00f3n, bases de datos y estudios estad\u00edsticos.<br \/>\n2.5. Estrategias de cooperaci\u00f3n con empresa sectoriales y pertenencia a colectivos sectoriales.<br \/>\n2.6. El flujograma de producci\u00f3n: desde la se\u00f1al del inmueble hasta la escritura.<\/p>\n<p>3. LA ORGANIZACI\u00d3N COMERCIAL<br \/>\n3.1. El plan estrat\u00e9gico.<br \/>\n3.2. El plan de ventas.<br \/>\n3.3. El plan promocional.<br \/>\n3.4. Las reuniones comerciales.<br \/>\n3.5. El an\u00e1lisis de ratios de aprovechamiento e \u00edndices de productividad comercial.<\/p>\n<p>4. RELACIONES CON PROVEEDORES CLAVE<br \/>\n4.1. La selecci\u00f3n y acuerdos con entidades de cr\u00e9dito.<br \/>\n4.2. La b\u00fasqueda de empresas de tasaci\u00f3n.<br \/>\n4.3. Relaciones con las administraciones p\u00fablicas y organismos.<br \/>\n4.4. Relaciones con registros, catastro y notar\u00edas.<br \/>\n4.5. Otros proveedores de inter\u00e9s especial para la actividad inmobiliaria.<\/p>\n<\/div>\n<\/div>\n","protected":false},"excerpt":{"rendered":"<p>Interpretar adecuadamente la reglamentaci\u00f3n y normativa espec\u00edfica para abrir una agencia inmobiliaria, gestionar los recursos para optimizar la organizaci\u00f3n de la misma y localizar proveedores y pactar acuerdos con ellos de manera eficaz.<\/p>\n","protected":false},"featured_media":5098,"comment_status":"closed","ping_status":"closed","template":"","meta":[],"product_cat":[118],"product_tag":[],"class_list":{"0":"post-4502","1":"product","2":"type-product","3":"status-publish","4":"has-post-thumbnail","6":"product_cat-compraventa","8":"first","9":"instock","10":"taxable","11":"shipping-taxable","12":"purchasable","13":"product-type-simple"},"yoast_head":"<!-- This site is optimized with the Yoast SEO plugin v23.5 - https:\/\/yoast.com\/wordpress\/plugins\/seo\/ -->\n<title>COMT003PO - Apertura y Organizaci\u00f3n de una Agencia Inmobiliaria (16 horas) - Contenidos Online<\/title>\n<meta name=\"robots\" content=\"index, follow, max-snippet:-1, max-image-preview:large, max-video-preview:-1\" \/>\n<link rel=\"canonical\" href=\"https:\/\/mefp.grupopiquer.com\/inscripciones\/producto\/comt003po-apertura-y-organizacion-de-una-agencia-inmobiliaria-16-horas\/\" \/>\n<meta property=\"og:locale\" content=\"es_ES\" \/>\n<meta property=\"og:type\" content=\"article\" \/>\n<meta property=\"og:title\" content=\"COMT003PO - Apertura y Organizaci\u00f3n de una Agencia Inmobiliaria (16 horas) - Contenidos Online\" \/>\n<meta property=\"og:description\" content=\"Interpretar adecuadamente la reglamentaci\u00f3n y normativa espec\u00edfica para abrir una agencia inmobiliaria, gestionar los recursos para optimizar la organizaci\u00f3n de la misma y localizar proveedores y pactar acuerdos con ellos de manera eficaz.\" \/>\n<meta property=\"og:url\" content=\"https:\/\/mefp.grupopiquer.com\/inscripciones\/producto\/comt003po-apertura-y-organizacion-de-una-agencia-inmobiliaria-16-horas\/\" \/>\n<meta property=\"og:site_name\" content=\"Contenidos Online\" \/>\n<meta property=\"article:modified_time\" content=\"2023-05-15T11:02:35+00:00\" \/>\n<meta property=\"og:image\" content=\"https:\/\/mefp.grupopiquer.com\/inscripciones\/wp-content\/uploads\/2023\/05\/Thvu679_2osnTdsn_LjAkvebFeHdI_uTr-stock_image-e1683212262121.jpg\" \/>\n\t<meta property=\"og:image:width\" content=\"1680\" \/>\n\t<meta property=\"og:image:height\" content=\"945\" \/>\n\t<meta property=\"og:image:type\" content=\"image\/jpeg\" \/>\n<meta name=\"twitter:card\" content=\"summary_large_image\" \/>\n<meta name=\"twitter:label1\" content=\"Tiempo de lectura\" \/>\n\t<meta name=\"twitter:data1\" content=\"2 minutos\" \/>\n<script type=\"application\/ld+json\" class=\"yoast-schema-graph\">{\"@context\":\"https:\/\/schema.org\",\"@graph\":[{\"@type\":\"WebPage\",\"@id\":\"https:\/\/mefp.grupopiquer.com\/inscripciones\/producto\/comt003po-apertura-y-organizacion-de-una-agencia-inmobiliaria-16-horas\/\",\"url\":\"https:\/\/mefp.grupopiquer.com\/inscripciones\/producto\/comt003po-apertura-y-organizacion-de-una-agencia-inmobiliaria-16-horas\/\",\"name\":\"COMT003PO - Apertura y Organizaci\u00f3n de una Agencia Inmobiliaria (16 horas) - Contenidos Online\",\"isPartOf\":{\"@id\":\"https:\/\/mefp.grupopiquer.com\/inscripciones\/#website\"},\"primaryImageOfPage\":{\"@id\":\"https:\/\/mefp.grupopiquer.com\/inscripciones\/producto\/comt003po-apertura-y-organizacion-de-una-agencia-inmobiliaria-16-horas\/#primaryimage\"},\"image\":{\"@id\":\"https:\/\/mefp.grupopiquer.com\/inscripciones\/producto\/comt003po-apertura-y-organizacion-de-una-agencia-inmobiliaria-16-horas\/#primaryimage\"},\"thumbnailUrl\":\"https:\/\/mefp.grupopiquer.com\/inscripciones\/wp-content\/uploads\/2023\/05\/Thvu679_2osnTdsn_LjAkvebFeHdI_uTr-stock_image-e1683212262121.jpg\",\"datePublished\":\"2023-05-02T11:05:12+00:00\",\"dateModified\":\"2023-05-15T11:02:35+00:00\",\"breadcrumb\":{\"@id\":\"https:\/\/mefp.grupopiquer.com\/inscripciones\/producto\/comt003po-apertura-y-organizacion-de-una-agencia-inmobiliaria-16-horas\/#breadcrumb\"},\"inLanguage\":\"es\",\"potentialAction\":[{\"@type\":\"ReadAction\",\"target\":[\"https:\/\/mefp.grupopiquer.com\/inscripciones\/producto\/comt003po-apertura-y-organizacion-de-una-agencia-inmobiliaria-16-horas\/\"]}]},{\"@type\":\"ImageObject\",\"inLanguage\":\"es\",\"@id\":\"https:\/\/mefp.grupopiquer.com\/inscripciones\/producto\/comt003po-apertura-y-organizacion-de-una-agencia-inmobiliaria-16-horas\/#primaryimage\",\"url\":\"https:\/\/mefp.grupopiquer.com\/inscripciones\/wp-content\/uploads\/2023\/05\/Thvu679_2osnTdsn_LjAkvebFeHdI_uTr-stock_image-e1683212262121.jpg\",\"contentUrl\":\"https:\/\/mefp.grupopiquer.com\/inscripciones\/wp-content\/uploads\/2023\/05\/Thvu679_2osnTdsn_LjAkvebFeHdI_uTr-stock_image-e1683212262121.jpg\",\"width\":1680,\"height\":945},{\"@type\":\"BreadcrumbList\",\"@id\":\"https:\/\/mefp.grupopiquer.com\/inscripciones\/producto\/comt003po-apertura-y-organizacion-de-una-agencia-inmobiliaria-16-horas\/#breadcrumb\",\"itemListElement\":[{\"@type\":\"ListItem\",\"position\":1,\"name\":\"Portada\",\"item\":\"https:\/\/mefp.grupopiquer.com\/inscripciones\/\"},{\"@type\":\"ListItem\",\"position\":2,\"name\":\"Tienda\",\"item\":\"https:\/\/mefp.grupopiquer.com\/inscripciones\/tienda\/\"},{\"@type\":\"ListItem\",\"position\":3,\"name\":\"COMT003PO &#8211; Apertura y Organizaci\u00f3n de una Agencia Inmobiliaria (16 horas)\"}]},{\"@type\":\"WebSite\",\"@id\":\"https:\/\/mefp.grupopiquer.com\/inscripciones\/#website\",\"url\":\"https:\/\/mefp.grupopiquer.com\/inscripciones\/\",\"name\":\"Contenidos Online\",\"description\":\"\",\"publisher\":{\"@id\":\"https:\/\/mefp.grupopiquer.com\/inscripciones\/#organization\"},\"potentialAction\":[{\"@type\":\"SearchAction\",\"target\":{\"@type\":\"EntryPoint\",\"urlTemplate\":\"https:\/\/mefp.grupopiquer.com\/inscripciones\/?s={search_term_string}\"},\"query-input\":{\"@type\":\"PropertyValueSpecification\",\"valueRequired\":true,\"valueName\":\"search_term_string\"}}],\"inLanguage\":\"es\"},{\"@type\":\"Organization\",\"@id\":\"https:\/\/mefp.grupopiquer.com\/inscripciones\/#organization\",\"name\":\"Contenidos Online\",\"url\":\"https:\/\/mefp.grupopiquer.com\/inscripciones\/\",\"logo\":{\"@type\":\"ImageObject\",\"inLanguage\":\"es\",\"@id\":\"https:\/\/mefp.grupopiquer.com\/inscripciones\/#\/schema\/logo\/image\/\",\"url\":\"\",\"contentUrl\":\"\",\"caption\":\"Contenidos Online\"},\"image\":{\"@id\":\"https:\/\/mefp.grupopiquer.com\/inscripciones\/#\/schema\/logo\/image\/\"}}]}<\/script>\n<!-- \/ Yoast SEO plugin. -->","yoast_head_json":{"title":"COMT003PO - Apertura y Organizaci\u00f3n de una Agencia Inmobiliaria (16 horas) - Contenidos Online","robots":{"index":"index","follow":"follow","max-snippet":"max-snippet:-1","max-image-preview":"max-image-preview:large","max-video-preview":"max-video-preview:-1"},"canonical":"https:\/\/mefp.grupopiquer.com\/inscripciones\/producto\/comt003po-apertura-y-organizacion-de-una-agencia-inmobiliaria-16-horas\/","og_locale":"es_ES","og_type":"article","og_title":"COMT003PO - Apertura y Organizaci\u00f3n de una Agencia Inmobiliaria (16 horas) - Contenidos Online","og_description":"Interpretar adecuadamente la reglamentaci\u00f3n y normativa espec\u00edfica para abrir una agencia inmobiliaria, gestionar los recursos para optimizar la organizaci\u00f3n de la misma y localizar proveedores y pactar acuerdos con ellos de manera eficaz.","og_url":"https:\/\/mefp.grupopiquer.com\/inscripciones\/producto\/comt003po-apertura-y-organizacion-de-una-agencia-inmobiliaria-16-horas\/","og_site_name":"Contenidos Online","article_modified_time":"2023-05-15T11:02:35+00:00","og_image":[{"width":1680,"height":945,"url":"https:\/\/mefp.grupopiquer.com\/inscripciones\/wp-content\/uploads\/2023\/05\/Thvu679_2osnTdsn_LjAkvebFeHdI_uTr-stock_image-e1683212262121.jpg","type":"image\/jpeg"}],"twitter_card":"summary_large_image","twitter_misc":{"Tiempo de lectura":"2 minutos"},"schema":{"@context":"https:\/\/schema.org","@graph":[{"@type":"WebPage","@id":"https:\/\/mefp.grupopiquer.com\/inscripciones\/producto\/comt003po-apertura-y-organizacion-de-una-agencia-inmobiliaria-16-horas\/","url":"https:\/\/mefp.grupopiquer.com\/inscripciones\/producto\/comt003po-apertura-y-organizacion-de-una-agencia-inmobiliaria-16-horas\/","name":"COMT003PO - Apertura y Organizaci\u00f3n de una Agencia Inmobiliaria (16 horas) - Contenidos Online","isPartOf":{"@id":"https:\/\/mefp.grupopiquer.com\/inscripciones\/#website"},"primaryImageOfPage":{"@id":"https:\/\/mefp.grupopiquer.com\/inscripciones\/producto\/comt003po-apertura-y-organizacion-de-una-agencia-inmobiliaria-16-horas\/#primaryimage"},"image":{"@id":"https:\/\/mefp.grupopiquer.com\/inscripciones\/producto\/comt003po-apertura-y-organizacion-de-una-agencia-inmobiliaria-16-horas\/#primaryimage"},"thumbnailUrl":"https:\/\/mefp.grupopiquer.com\/inscripciones\/wp-content\/uploads\/2023\/05\/Thvu679_2osnTdsn_LjAkvebFeHdI_uTr-stock_image-e1683212262121.jpg","datePublished":"2023-05-02T11:05:12+00:00","dateModified":"2023-05-15T11:02:35+00:00","breadcrumb":{"@id":"https:\/\/mefp.grupopiquer.com\/inscripciones\/producto\/comt003po-apertura-y-organizacion-de-una-agencia-inmobiliaria-16-horas\/#breadcrumb"},"inLanguage":"es","potentialAction":[{"@type":"ReadAction","target":["https:\/\/mefp.grupopiquer.com\/inscripciones\/producto\/comt003po-apertura-y-organizacion-de-una-agencia-inmobiliaria-16-horas\/"]}]},{"@type":"ImageObject","inLanguage":"es","@id":"https:\/\/mefp.grupopiquer.com\/inscripciones\/producto\/comt003po-apertura-y-organizacion-de-una-agencia-inmobiliaria-16-horas\/#primaryimage","url":"https:\/\/mefp.grupopiquer.com\/inscripciones\/wp-content\/uploads\/2023\/05\/Thvu679_2osnTdsn_LjAkvebFeHdI_uTr-stock_image-e1683212262121.jpg","contentUrl":"https:\/\/mefp.grupopiquer.com\/inscripciones\/wp-content\/uploads\/2023\/05\/Thvu679_2osnTdsn_LjAkvebFeHdI_uTr-stock_image-e1683212262121.jpg","width":1680,"height":945},{"@type":"BreadcrumbList","@id":"https:\/\/mefp.grupopiquer.com\/inscripciones\/producto\/comt003po-apertura-y-organizacion-de-una-agencia-inmobiliaria-16-horas\/#breadcrumb","itemListElement":[{"@type":"ListItem","position":1,"name":"Portada","item":"https:\/\/mefp.grupopiquer.com\/inscripciones\/"},{"@type":"ListItem","position":2,"name":"Tienda","item":"https:\/\/mefp.grupopiquer.com\/inscripciones\/tienda\/"},{"@type":"ListItem","position":3,"name":"COMT003PO &#8211; Apertura y Organizaci\u00f3n de una Agencia Inmobiliaria (16 horas)"}]},{"@type":"WebSite","@id":"https:\/\/mefp.grupopiquer.com\/inscripciones\/#website","url":"https:\/\/mefp.grupopiquer.com\/inscripciones\/","name":"Contenidos Online","description":"","publisher":{"@id":"https:\/\/mefp.grupopiquer.com\/inscripciones\/#organization"},"potentialAction":[{"@type":"SearchAction","target":{"@type":"EntryPoint","urlTemplate":"https:\/\/mefp.grupopiquer.com\/inscripciones\/?s={search_term_string}"},"query-input":{"@type":"PropertyValueSpecification","valueRequired":true,"valueName":"search_term_string"}}],"inLanguage":"es"},{"@type":"Organization","@id":"https:\/\/mefp.grupopiquer.com\/inscripciones\/#organization","name":"Contenidos Online","url":"https:\/\/mefp.grupopiquer.com\/inscripciones\/","logo":{"@type":"ImageObject","inLanguage":"es","@id":"https:\/\/mefp.grupopiquer.com\/inscripciones\/#\/schema\/logo\/image\/","url":"","contentUrl":"","caption":"Contenidos Online"},"image":{"@id":"https:\/\/mefp.grupopiquer.com\/inscripciones\/#\/schema\/logo\/image\/"}}]}},"_links":{"self":[{"href":"https:\/\/mefp.grupopiquer.com\/inscripciones\/wp-json\/wp\/v2\/product\/4502"}],"collection":[{"href":"https:\/\/mefp.grupopiquer.com\/inscripciones\/wp-json\/wp\/v2\/product"}],"about":[{"href":"https:\/\/mefp.grupopiquer.com\/inscripciones\/wp-json\/wp\/v2\/types\/product"}],"replies":[{"embeddable":true,"href":"https:\/\/mefp.grupopiquer.com\/inscripciones\/wp-json\/wp\/v2\/comments?post=4502"}],"wp:featuredmedia":[{"embeddable":true,"href":"https:\/\/mefp.grupopiquer.com\/inscripciones\/wp-json\/wp\/v2\/media\/5098"}],"wp:attachment":[{"href":"https:\/\/mefp.grupopiquer.com\/inscripciones\/wp-json\/wp\/v2\/media?parent=4502"}],"wp:term":[{"taxonomy":"product_cat","embeddable":true,"href":"https:\/\/mefp.grupopiquer.com\/inscripciones\/wp-json\/wp\/v2\/product_cat?post=4502"},{"taxonomy":"product_tag","embeddable":true,"href":"https:\/\/mefp.grupopiquer.com\/inscripciones\/wp-json\/wp\/v2\/product_tag?post=4502"}],"curies":[{"name":"wp","href":"https:\/\/api.w.org\/{rel}","templated":true}]}}