{"id":4489,"date":"2023-05-02T11:04:11","date_gmt":"2023-05-02T11:04:11","guid":{"rendered":"https:\/\/mefp.grupopiquer.com\/inscripciones\/producto\/comm085po-marketing-y-reputacion-on-line-comunidades-virtuales-180-horas\/"},"modified":"2023-05-16T10:08:00","modified_gmt":"2023-05-16T10:08:00","slug":"comm085po-marketing-y-reputacion-on-line-comunidades-virtuales-180-horas","status":"publish","type":"product","link":"https:\/\/mefp.grupopiquer.com\/inscripciones\/producto\/comm085po-marketing-y-reputacion-on-line-comunidades-virtuales-180-horas\/","title":{"rendered":"COMM085PO &#8211; Marketing y Reputaci\u00f3n On Line: Comunidades Virtuales (180 horas)"},"content":{"rendered":"<div id=\"accordion\">\n<h3>OBJETIVOS<\/h3>\n<div>Adquirir los conocimientos necesarios para desempe\u00f1ar las funciones propias del perfil de Community Manager, desarrollar un plan de marketing on line en su totalidad, as\u00ed como llevar a cabo las actuaciones necesarias para la gesti\u00f3n de reputaci\u00f3n on line de la empresa y mejorar su posicionamiento web.<\/div>\n<h3>CONTENIDOS<\/h3>\n<div>1. LAS REDES SOCIALES EN LA EMPRESA<br \/>\n1.1. Redes Sociales: Facebook, Linkedin, Xing, Twitter.<br \/>\n1.2. Los Beneficios del Social Media en la Empresa.<br \/>\n1.3. Como integrar las Redes Sociales en la Estrategia corporativa.<br \/>\n1.4. Seleccionar los Canales Adecuados.<br \/>\n1.5. Medir el Impacto.<\/p>\n<p>2. LA CREACI\u00d3N DE CONTENIDOS SOCIALES<br \/>\n2.1. P\u00e1ginas web 2.0.<br \/>\n2.2. Los Blogs en la estrategia corporativa.<br \/>\n2.3. Integraci\u00f3n de plataforma en la web.<br \/>\n2.4. V\u00eddeo y Fotograf\u00eda.<\/p>\n<p>3. MARKETING ON-LINE<br \/>\n3.1. Introducci\u00f3n del Marketing en Internet.<br \/>\n3.2. Social Media Marketing.<br \/>\n3.3. Nuevo Consumidor.<br \/>\n3.4. C\u00f3mo detectar tendencias.<br \/>\n3.5. Publicidad en los Medios Sociales.<br \/>\n3.6. C\u00f3mo medir acciones on-line.<\/p>\n<p>4. POSICIONAMIENTO EN BUSCADORES<br \/>\n4.1. \u00bfQu\u00e9 es el posicionamiento?<br \/>\n4.2. C\u00f3mo funciona un buscador.<br \/>\n4.3. Factores \u0093On the page\u0094.<br \/>\n4.4. Factores \u0093Off the page\u0094.<br \/>\n4.5. Consejos para contratar servicios de posicionamiento en buscadores.<\/p>\n<p>5. SOCIAL MEDIA OPTIMIZATION: HERRAMIENTAS PARA ACCIONES DE SMO<br \/>\n5.1. Herramientas b\u00e1sicas.<br \/>\n5.2. Herramientas de gesti\u00f3n.<br \/>\n5.3. Herramientas de multiposting.<br \/>\n5.4. Herramientas de gesti\u00f3n integral.<br \/>\n5.5. Herramientas de monitorizaci\u00f3n integral.<\/p>\n<p>6. MODERACI\u00d3N Y GESTI\u00d3N DE CONTENIDOS EN COMUNIDADES VIRTUALES<br \/>\n6.1. Introducci\u00f3n.<br \/>\n6.1.1. Los contenidos como base de la conversaci\u00f3n.<br \/>\n6.2. La importancia de los contenidos en una comunidad.<br \/>\n6.2.1. Tipos de comunidades.<br \/>\n6.2.2. Tipos de contenidos.<br \/>\n6.3. Tareas y responsabilidades del Community Manager.<br \/>\n6.3.1. El responsable de una comunidad virtual gestiona, modera y dinamiza.<br \/>\n6.3.2. B\u00fasqueda, identificaci\u00f3n y selecci\u00f3n de contenidos y personas.<br \/>\n6.3.3. Caso pr\u00e1ctico de creaci\u00f3n, gesti\u00f3n, moderaci\u00f3n y dinamizaci\u00f3n de una comunidad.<br \/>\n6.3.4. Contenidos comerciales para comunidades comerciales.<br \/>\n6.3.5. Las 3 leyes de las comunidades virtuales.<br \/>\n6.4. Buenas pr\u00e1cticas y malas pr\u00e1cticas.<br \/>\n6.4.1. La confianza es la base de una comunidad.<br \/>\n6.4.2. Seguimiento de contenidos, personas y marcas en la red.<br \/>\n6.5. Aspectos legales y propiedad intelectual.<br \/>\n6.6. Gu\u00eda r\u00e1pida para gestionar contenidos en la red.<\/p>\n<p>7. ON-LINE REPUTATION MANAGEMENT: GESTI\u00d3N DE LA REPUTACI\u00d3N ON-LINE<br \/>\n7.1. Introducci\u00f3n.<br \/>\n7.2. \u00bfQu\u00e9 es el ORM?<br \/>\n7.2.1. Definici\u00f3n de reputaci\u00f3n on-line.<br \/>\n7.3. El plan de reputaci\u00f3n on-line.<br \/>\n7.3.1. An\u00e1lisis.<br \/>\n7.3.2. Diagn\u00f3stico.<br \/>\n7.3.3. Plan de activos.<br \/>\n7.3.4. Monitorizaci\u00f3n.<br \/>\n7.4. Desarrollo e implementaci\u00f3n del plan.<br \/>\n7.4.1. Gesti\u00f3n de activos.<br \/>\n7.4.2. Monitorizaci\u00f3n.<br \/>\n7.4.3. Desarrollo del Plan de Comunicaci\u00f3n On-line.<br \/>\n7.4.4. El mapa de p\u00fablicos\/GDI.<br \/>\n7.4.5. Identificaci\u00f3n de valores de capacidad de desarrollo.<br \/>\n7.4.6. Construcci\u00f3n de contenidos en funci\u00f3n de los grupos de inter\u00e9s.<br \/>\n7.4.7. T\u00e1ctica de activos.<br \/>\n7.5. An\u00e1lisis de la estrategia de portavoc\u00eda on-line.<br \/>\n7.6. Principales amenazas en la estrategia de ORM.<br \/>\n7.6.1. Debilidades en posicionamiento en buscadores para palabras clave.<br \/>\n7.6.2. Carencia de portavoc\u00eda en la red y falta de un protocolo de actuaci\u00f3n.<br \/>\n7.6.3. Falta de propagaci\u00f3n y socializaci\u00f3n.<br \/>\n7.6.4. Desprotecci\u00f3n ante enemigos que posicionan por falta de activos propios.<br \/>\n7.6.5. Otras amenazas.<br \/>\n7.7. Casos de gesti\u00f3n de reputaci\u00f3n on-line actuales.<br \/>\n7.7.1. Casos de \u00e9xito.<br \/>\n7.7.2. Casos de situaciones de crisis.<br \/>\n7.8. Mejores y peores pr\u00e1cticas.<br \/>\n7.8.1. Mejores pr\u00e1cticas.<br \/>\n7.8.2. Peores pr\u00e1cticas.\n<\/p><\/div>\n<\/div>\n","protected":false},"excerpt":{"rendered":"<p>Adquirir los conocimientos necesarios para desempe\u00f1ar las funciones propias del perfil de Community Manager, desarrollar un plan de marketing on line en su totalidad, as\u00ed como llevar a cabo las actuaciones necesarias para la gesti\u00f3n de reputaci\u00f3n on line de la empresa y mejorar su posicionamiento web.<\/p>\n","protected":false},"featured_media":5110,"comment_status":"closed","ping_status":"closed","template":"","meta":[],"product_cat":[119],"product_tag":[],"class_list":{"0":"post-4489","1":"product","2":"type-product","3":"status-publish","4":"has-post-thumbnail","6":"product_cat-marketing-y-relaciones-publicas","8":"first","9":"instock","10":"taxable","11":"shipping-taxable","12":"purchasable","13":"product-type-simple"},"yoast_head":"<!-- This site is optimized with the Yoast SEO plugin v23.5 - https:\/\/yoast.com\/wordpress\/plugins\/seo\/ -->\n<title>COMM085PO - Marketing y Reputaci\u00f3n On Line: Comunidades Virtuales (180 horas) - Contenidos Online<\/title>\n<meta name=\"robots\" content=\"index, follow, max-snippet:-1, max-image-preview:large, max-video-preview:-1\" \/>\n<link rel=\"canonical\" href=\"https:\/\/mefp.grupopiquer.com\/inscripciones\/producto\/comm085po-marketing-y-reputacion-on-line-comunidades-virtuales-180-horas\/\" \/>\n<meta property=\"og:locale\" content=\"es_ES\" \/>\n<meta property=\"og:type\" content=\"article\" \/>\n<meta property=\"og:title\" content=\"COMM085PO - Marketing y Reputaci\u00f3n On Line: Comunidades Virtuales (180 horas) - Contenidos Online\" \/>\n<meta property=\"og:description\" content=\"Adquirir los conocimientos necesarios para desempe\u00f1ar las funciones propias del perfil de Community Manager, desarrollar un plan de marketing on line en su totalidad, as\u00ed como llevar a cabo las actuaciones necesarias para la gesti\u00f3n de reputaci\u00f3n on line de la empresa y mejorar su posicionamiento web.\" \/>\n<meta property=\"og:url\" content=\"https:\/\/mefp.grupopiquer.com\/inscripciones\/producto\/comm085po-marketing-y-reputacion-on-line-comunidades-virtuales-180-horas\/\" \/>\n<meta property=\"og:site_name\" content=\"Contenidos Online\" \/>\n<meta property=\"article:modified_time\" content=\"2023-05-16T10:08:00+00:00\" \/>\n<meta property=\"og:image\" content=\"https:\/\/mefp.grupopiquer.com\/inscripciones\/wp-content\/uploads\/2023\/05\/pWGAIodqeqSC8Wos_yjQeWY0YTBC54nIA-stock-image-e1683212988288.jpg\" \/>\n\t<meta property=\"og:image:width\" content=\"1680\" \/>\n\t<meta property=\"og:image:height\" content=\"945\" \/>\n\t<meta property=\"og:image:type\" content=\"image\/jpeg\" \/>\n<meta name=\"twitter:card\" content=\"summary_large_image\" \/>\n<meta name=\"twitter:label1\" content=\"Tiempo de lectura\" \/>\n\t<meta name=\"twitter:data1\" content=\"3 minutos\" \/>\n<script type=\"application\/ld+json\" class=\"yoast-schema-graph\">{\"@context\":\"https:\/\/schema.org\",\"@graph\":[{\"@type\":\"WebPage\",\"@id\":\"https:\/\/mefp.grupopiquer.com\/inscripciones\/producto\/comm085po-marketing-y-reputacion-on-line-comunidades-virtuales-180-horas\/\",\"url\":\"https:\/\/mefp.grupopiquer.com\/inscripciones\/producto\/comm085po-marketing-y-reputacion-on-line-comunidades-virtuales-180-horas\/\",\"name\":\"COMM085PO - Marketing y Reputaci\u00f3n On Line: Comunidades Virtuales (180 horas) - Contenidos Online\",\"isPartOf\":{\"@id\":\"https:\/\/mefp.grupopiquer.com\/inscripciones\/#website\"},\"primaryImageOfPage\":{\"@id\":\"https:\/\/mefp.grupopiquer.com\/inscripciones\/producto\/comm085po-marketing-y-reputacion-on-line-comunidades-virtuales-180-horas\/#primaryimage\"},\"image\":{\"@id\":\"https:\/\/mefp.grupopiquer.com\/inscripciones\/producto\/comm085po-marketing-y-reputacion-on-line-comunidades-virtuales-180-horas\/#primaryimage\"},\"thumbnailUrl\":\"https:\/\/mefp.grupopiquer.com\/inscripciones\/wp-content\/uploads\/2023\/05\/pWGAIodqeqSC8Wos_yjQeWY0YTBC54nIA-stock-image-e1683212988288.jpg\",\"datePublished\":\"2023-05-02T11:04:11+00:00\",\"dateModified\":\"2023-05-16T10:08:00+00:00\",\"breadcrumb\":{\"@id\":\"https:\/\/mefp.grupopiquer.com\/inscripciones\/producto\/comm085po-marketing-y-reputacion-on-line-comunidades-virtuales-180-horas\/#breadcrumb\"},\"inLanguage\":\"es\",\"potentialAction\":[{\"@type\":\"ReadAction\",\"target\":[\"https:\/\/mefp.grupopiquer.com\/inscripciones\/producto\/comm085po-marketing-y-reputacion-on-line-comunidades-virtuales-180-horas\/\"]}]},{\"@type\":\"ImageObject\",\"inLanguage\":\"es\",\"@id\":\"https:\/\/mefp.grupopiquer.com\/inscripciones\/producto\/comm085po-marketing-y-reputacion-on-line-comunidades-virtuales-180-horas\/#primaryimage\",\"url\":\"https:\/\/mefp.grupopiquer.com\/inscripciones\/wp-content\/uploads\/2023\/05\/pWGAIodqeqSC8Wos_yjQeWY0YTBC54nIA-stock-image-e1683212988288.jpg\",\"contentUrl\":\"https:\/\/mefp.grupopiquer.com\/inscripciones\/wp-content\/uploads\/2023\/05\/pWGAIodqeqSC8Wos_yjQeWY0YTBC54nIA-stock-image-e1683212988288.jpg\",\"width\":1680,\"height\":945},{\"@type\":\"BreadcrumbList\",\"@id\":\"https:\/\/mefp.grupopiquer.com\/inscripciones\/producto\/comm085po-marketing-y-reputacion-on-line-comunidades-virtuales-180-horas\/#breadcrumb\",\"itemListElement\":[{\"@type\":\"ListItem\",\"position\":1,\"name\":\"Portada\",\"item\":\"https:\/\/mefp.grupopiquer.com\/inscripciones\/\"},{\"@type\":\"ListItem\",\"position\":2,\"name\":\"Tienda\",\"item\":\"https:\/\/mefp.grupopiquer.com\/inscripciones\/tienda\/\"},{\"@type\":\"ListItem\",\"position\":3,\"name\":\"COMM085PO &#8211; Marketing y Reputaci\u00f3n On Line: Comunidades Virtuales (180 horas)\"}]},{\"@type\":\"WebSite\",\"@id\":\"https:\/\/mefp.grupopiquer.com\/inscripciones\/#website\",\"url\":\"https:\/\/mefp.grupopiquer.com\/inscripciones\/\",\"name\":\"Contenidos Online\",\"description\":\"\",\"publisher\":{\"@id\":\"https:\/\/mefp.grupopiquer.com\/inscripciones\/#organization\"},\"potentialAction\":[{\"@type\":\"SearchAction\",\"target\":{\"@type\":\"EntryPoint\",\"urlTemplate\":\"https:\/\/mefp.grupopiquer.com\/inscripciones\/?s={search_term_string}\"},\"query-input\":{\"@type\":\"PropertyValueSpecification\",\"valueRequired\":true,\"valueName\":\"search_term_string\"}}],\"inLanguage\":\"es\"},{\"@type\":\"Organization\",\"@id\":\"https:\/\/mefp.grupopiquer.com\/inscripciones\/#organization\",\"name\":\"Contenidos Online\",\"url\":\"https:\/\/mefp.grupopiquer.com\/inscripciones\/\",\"logo\":{\"@type\":\"ImageObject\",\"inLanguage\":\"es\",\"@id\":\"https:\/\/mefp.grupopiquer.com\/inscripciones\/#\/schema\/logo\/image\/\",\"url\":\"\",\"contentUrl\":\"\",\"caption\":\"Contenidos Online\"},\"image\":{\"@id\":\"https:\/\/mefp.grupopiquer.com\/inscripciones\/#\/schema\/logo\/image\/\"}}]}<\/script>\n<!-- \/ Yoast SEO plugin. -->","yoast_head_json":{"title":"COMM085PO - Marketing y Reputaci\u00f3n On Line: Comunidades Virtuales (180 horas) - Contenidos Online","robots":{"index":"index","follow":"follow","max-snippet":"max-snippet:-1","max-image-preview":"max-image-preview:large","max-video-preview":"max-video-preview:-1"},"canonical":"https:\/\/mefp.grupopiquer.com\/inscripciones\/producto\/comm085po-marketing-y-reputacion-on-line-comunidades-virtuales-180-horas\/","og_locale":"es_ES","og_type":"article","og_title":"COMM085PO - Marketing y Reputaci\u00f3n On Line: Comunidades Virtuales (180 horas) - Contenidos Online","og_description":"Adquirir los conocimientos necesarios para desempe\u00f1ar las funciones propias del perfil de Community Manager, desarrollar un plan de marketing on line en su totalidad, as\u00ed como llevar a cabo las actuaciones necesarias para la gesti\u00f3n de reputaci\u00f3n on line de la empresa y mejorar su posicionamiento web.","og_url":"https:\/\/mefp.grupopiquer.com\/inscripciones\/producto\/comm085po-marketing-y-reputacion-on-line-comunidades-virtuales-180-horas\/","og_site_name":"Contenidos Online","article_modified_time":"2023-05-16T10:08:00+00:00","og_image":[{"width":1680,"height":945,"url":"https:\/\/mefp.grupopiquer.com\/inscripciones\/wp-content\/uploads\/2023\/05\/pWGAIodqeqSC8Wos_yjQeWY0YTBC54nIA-stock-image-e1683212988288.jpg","type":"image\/jpeg"}],"twitter_card":"summary_large_image","twitter_misc":{"Tiempo de lectura":"3 minutos"},"schema":{"@context":"https:\/\/schema.org","@graph":[{"@type":"WebPage","@id":"https:\/\/mefp.grupopiquer.com\/inscripciones\/producto\/comm085po-marketing-y-reputacion-on-line-comunidades-virtuales-180-horas\/","url":"https:\/\/mefp.grupopiquer.com\/inscripciones\/producto\/comm085po-marketing-y-reputacion-on-line-comunidades-virtuales-180-horas\/","name":"COMM085PO - Marketing y Reputaci\u00f3n On Line: Comunidades Virtuales (180 horas) - Contenidos Online","isPartOf":{"@id":"https:\/\/mefp.grupopiquer.com\/inscripciones\/#website"},"primaryImageOfPage":{"@id":"https:\/\/mefp.grupopiquer.com\/inscripciones\/producto\/comm085po-marketing-y-reputacion-on-line-comunidades-virtuales-180-horas\/#primaryimage"},"image":{"@id":"https:\/\/mefp.grupopiquer.com\/inscripciones\/producto\/comm085po-marketing-y-reputacion-on-line-comunidades-virtuales-180-horas\/#primaryimage"},"thumbnailUrl":"https:\/\/mefp.grupopiquer.com\/inscripciones\/wp-content\/uploads\/2023\/05\/pWGAIodqeqSC8Wos_yjQeWY0YTBC54nIA-stock-image-e1683212988288.jpg","datePublished":"2023-05-02T11:04:11+00:00","dateModified":"2023-05-16T10:08:00+00:00","breadcrumb":{"@id":"https:\/\/mefp.grupopiquer.com\/inscripciones\/producto\/comm085po-marketing-y-reputacion-on-line-comunidades-virtuales-180-horas\/#breadcrumb"},"inLanguage":"es","potentialAction":[{"@type":"ReadAction","target":["https:\/\/mefp.grupopiquer.com\/inscripciones\/producto\/comm085po-marketing-y-reputacion-on-line-comunidades-virtuales-180-horas\/"]}]},{"@type":"ImageObject","inLanguage":"es","@id":"https:\/\/mefp.grupopiquer.com\/inscripciones\/producto\/comm085po-marketing-y-reputacion-on-line-comunidades-virtuales-180-horas\/#primaryimage","url":"https:\/\/mefp.grupopiquer.com\/inscripciones\/wp-content\/uploads\/2023\/05\/pWGAIodqeqSC8Wos_yjQeWY0YTBC54nIA-stock-image-e1683212988288.jpg","contentUrl":"https:\/\/mefp.grupopiquer.com\/inscripciones\/wp-content\/uploads\/2023\/05\/pWGAIodqeqSC8Wos_yjQeWY0YTBC54nIA-stock-image-e1683212988288.jpg","width":1680,"height":945},{"@type":"BreadcrumbList","@id":"https:\/\/mefp.grupopiquer.com\/inscripciones\/producto\/comm085po-marketing-y-reputacion-on-line-comunidades-virtuales-180-horas\/#breadcrumb","itemListElement":[{"@type":"ListItem","position":1,"name":"Portada","item":"https:\/\/mefp.grupopiquer.com\/inscripciones\/"},{"@type":"ListItem","position":2,"name":"Tienda","item":"https:\/\/mefp.grupopiquer.com\/inscripciones\/tienda\/"},{"@type":"ListItem","position":3,"name":"COMM085PO &#8211; Marketing y Reputaci\u00f3n On Line: Comunidades Virtuales (180 horas)"}]},{"@type":"WebSite","@id":"https:\/\/mefp.grupopiquer.com\/inscripciones\/#website","url":"https:\/\/mefp.grupopiquer.com\/inscripciones\/","name":"Contenidos Online","description":"","publisher":{"@id":"https:\/\/mefp.grupopiquer.com\/inscripciones\/#organization"},"potentialAction":[{"@type":"SearchAction","target":{"@type":"EntryPoint","urlTemplate":"https:\/\/mefp.grupopiquer.com\/inscripciones\/?s={search_term_string}"},"query-input":{"@type":"PropertyValueSpecification","valueRequired":true,"valueName":"search_term_string"}}],"inLanguage":"es"},{"@type":"Organization","@id":"https:\/\/mefp.grupopiquer.com\/inscripciones\/#organization","name":"Contenidos Online","url":"https:\/\/mefp.grupopiquer.com\/inscripciones\/","logo":{"@type":"ImageObject","inLanguage":"es","@id":"https:\/\/mefp.grupopiquer.com\/inscripciones\/#\/schema\/logo\/image\/","url":"","contentUrl":"","caption":"Contenidos Online"},"image":{"@id":"https:\/\/mefp.grupopiquer.com\/inscripciones\/#\/schema\/logo\/image\/"}}]}},"_links":{"self":[{"href":"https:\/\/mefp.grupopiquer.com\/inscripciones\/wp-json\/wp\/v2\/product\/4489"}],"collection":[{"href":"https:\/\/mefp.grupopiquer.com\/inscripciones\/wp-json\/wp\/v2\/product"}],"about":[{"href":"https:\/\/mefp.grupopiquer.com\/inscripciones\/wp-json\/wp\/v2\/types\/product"}],"replies":[{"embeddable":true,"href":"https:\/\/mefp.grupopiquer.com\/inscripciones\/wp-json\/wp\/v2\/comments?post=4489"}],"wp:featuredmedia":[{"embeddable":true,"href":"https:\/\/mefp.grupopiquer.com\/inscripciones\/wp-json\/wp\/v2\/media\/5110"}],"wp:attachment":[{"href":"https:\/\/mefp.grupopiquer.com\/inscripciones\/wp-json\/wp\/v2\/media?parent=4489"}],"wp:term":[{"taxonomy":"product_cat","embeddable":true,"href":"https:\/\/mefp.grupopiquer.com\/inscripciones\/wp-json\/wp\/v2\/product_cat?post=4489"},{"taxonomy":"product_tag","embeddable":true,"href":"https:\/\/mefp.grupopiquer.com\/inscripciones\/wp-json\/wp\/v2\/product_tag?post=4489"}],"curies":[{"name":"wp","href":"https:\/\/api.w.org\/{rel}","templated":true}]}}