{"id":4449,"date":"2023-05-02T11:01:06","date_gmt":"2023-05-02T11:01:06","guid":{"rendered":"https:\/\/mefp.grupopiquer.com\/inscripciones\/producto\/coml011po-gestion-y-control-de-compras-y-stock-en-almacen-30-horas\/"},"modified":"2023-05-15T13:08:24","modified_gmt":"2023-05-15T13:08:24","slug":"coml011po-gestion-y-control-de-compras-y-stock-en-almacen-30-horas","status":"publish","type":"product","link":"https:\/\/mefp.grupopiquer.com\/inscripciones\/producto\/coml011po-gestion-y-control-de-compras-y-stock-en-almacen-30-horas\/","title":{"rendered":"COML011PO &#8211; Gesti\u00f3n y Control de Compras y Stock en Almac\u00e9n (30 horas)"},"content":{"rendered":"<div id=\"accordion\">\n<h3>OBJETIVOS<\/h3>\n<div>Aplicar diferentes modelos de administraci\u00f3n y control de inventarios, conociendo las distintas formas de control, gesti\u00f3n y emisi\u00f3n de \u00f3rdenes de pedidos de acuerdo al stock y a las necesidades de los clientes y de la producci\u00f3n, procurando minimizar el coste de la producci\u00f3n.<\/div>\n<h3>CONTENIDOS<\/h3>\n<div>1. EL PROCESO DE LA COMPRA-VENTA<br \/>\n1.1. Introducci\u00f3n.<br \/>\n1.2. Proceso de compras en empresas industriales, comerciales y de servicios.<br \/>\n1.3. Estrategias de compras: elementos de decisi\u00f3n.<br \/>\n1.4. Los costes de aprovisionamiento.<br \/>\n1.5. Etapas del proceso de compras.<br \/>\n1.6. El contrato de compraventa mercantil.<\/p>\n<p>2. RELACI\u00d3N CON LOS PROVEEDORES<br \/>\n2.1. Introducci\u00f3n.<br \/>\n2.2. B\u00fasqueda de proveedores.<br \/>\n2.3. Selecci\u00f3n de proveedores.<br \/>\n2.4. Calidad.<\/p>\n<p>3. PEDIDOS Y RECEPCI\u00d3N DE MERCANC\u00cdAS<br \/>\n3.1. El pedido.<br \/>\n3.2. Recepci\u00f3n de mercanc\u00edas.<\/p>\n<p>4. FACTURACI\u00d3N<br \/>\n4.1. Introducci\u00f3n.<br \/>\n4.2. Obligaci\u00f3n de documentaci\u00f3n de las operaciones.<br \/>\n4.3. Obligaci\u00f3n de documentaci\u00f3n de las operaciones a los efectos del impuesto sobre el valor a\u00f1adido.<br \/>\n4.4. Obligaciones de documentaci\u00f3n a efectos de otros tributos.<br \/>\n4.5. Facturaci\u00f3n telem\u00e1tica y conservaci\u00f3n electr\u00f3nica de facturas.<\/p>\n<p>5. EL ALMAC\u00c9N<br \/>\n5.1. El almac\u00e9n \u00bfQu\u00e9 es y para qu\u00e9 sirve?<br \/>\n5.2. Las existencias.<br \/>\n5.3. Funciones del almac\u00e9n.<br \/>\n5.4. Los stocks.<br \/>\n5.5. Departamentos del almac\u00e9n y sus funciones.<br \/>\n5.6. La ficha de almac\u00e9n.<br \/>\n5.7. Valoraci\u00f3n de las existencias.<br \/>\n5.8. Realizaci\u00f3n de inventarios.<br \/>\n5.9. Sistemas de gesti\u00f3n del almac\u00e9n.<\/p>\n<p>6. FORMAS DE PAGO<br \/>\n6.1. La letra de cambio.<br \/>\n6.2. El cheque.<br \/>\n6.3. El pagar\u00e9.<br \/>\n6.4. Las tarjetas de d\u00e9bito y de cr\u00e9dito.<br \/>\n6.5. La transferencia bancaria.<\/p>\n<\/div>\n<\/div>\n","protected":false},"excerpt":{"rendered":"<p>Aplicar diferentes modelos de administraci\u00f3n y control de inventarios, conociendo las distintas formas de control, gesti\u00f3n y emisi\u00f3n de \u00f3rdenes de pedidos de acuerdo al stock y a las necesidades de los clientes y de la producci\u00f3n, procurando minimizar el coste de la producci\u00f3n.<\/p>\n","protected":false},"featured_media":5144,"comment_status":"closed","ping_status":"closed","template":"","meta":[],"product_cat":[120],"product_tag":[],"class_list":{"0":"post-4449","1":"product","2":"type-product","3":"status-publish","4":"has-post-thumbnail","6":"product_cat-logistica-comercial-y-gestion-del-transporte","8":"first","9":"instock","10":"taxable","11":"shipping-taxable","12":"purchasable","13":"product-type-simple"},"yoast_head":"<!-- This site is optimized with the Yoast SEO plugin v23.5 - https:\/\/yoast.com\/wordpress\/plugins\/seo\/ -->\n<title>COML011PO - Gesti\u00f3n y Control de Compras y Stock en Almac\u00e9n (30 horas) - Contenidos Online<\/title>\n<meta name=\"robots\" content=\"index, follow, max-snippet:-1, max-image-preview:large, max-video-preview:-1\" \/>\n<link rel=\"canonical\" href=\"https:\/\/mefp.grupopiquer.com\/inscripciones\/producto\/coml011po-gestion-y-control-de-compras-y-stock-en-almacen-30-horas\/\" \/>\n<meta property=\"og:locale\" content=\"es_ES\" \/>\n<meta property=\"og:type\" content=\"article\" \/>\n<meta property=\"og:title\" content=\"COML011PO - Gesti\u00f3n y Control de Compras y Stock en Almac\u00e9n (30 horas) - Contenidos Online\" \/>\n<meta property=\"og:description\" content=\"Aplicar diferentes modelos de administraci\u00f3n y control de inventarios, conociendo las distintas formas de control, gesti\u00f3n y emisi\u00f3n de \u00f3rdenes de pedidos de acuerdo al stock y a las necesidades de los clientes y de la producci\u00f3n, procurando minimizar el coste de la producci\u00f3n.\" \/>\n<meta property=\"og:url\" content=\"https:\/\/mefp.grupopiquer.com\/inscripciones\/producto\/coml011po-gestion-y-control-de-compras-y-stock-en-almacen-30-horas\/\" \/>\n<meta property=\"og:site_name\" content=\"Contenidos Online\" \/>\n<meta property=\"article:modified_time\" content=\"2023-05-15T13:08:24+00:00\" \/>\n<meta property=\"og:image\" content=\"https:\/\/mefp.grupopiquer.com\/inscripciones\/wp-content\/uploads\/2023\/05\/lfQr76U1eBwB_hg9_u_jsFHqBVApR-Epj-e1683215264383.jpg\" \/>\n\t<meta property=\"og:image:width\" content=\"1075\" \/>\n\t<meta property=\"og:image:height\" content=\"604\" \/>\n\t<meta property=\"og:image:type\" content=\"image\/jpeg\" \/>\n<meta name=\"twitter:card\" content=\"summary_large_image\" \/>\n<meta name=\"twitter:label1\" content=\"Tiempo de lectura\" \/>\n\t<meta name=\"twitter:data1\" content=\"2 minutos\" \/>\n<script type=\"application\/ld+json\" class=\"yoast-schema-graph\">{\"@context\":\"https:\/\/schema.org\",\"@graph\":[{\"@type\":\"WebPage\",\"@id\":\"https:\/\/mefp.grupopiquer.com\/inscripciones\/producto\/coml011po-gestion-y-control-de-compras-y-stock-en-almacen-30-horas\/\",\"url\":\"https:\/\/mefp.grupopiquer.com\/inscripciones\/producto\/coml011po-gestion-y-control-de-compras-y-stock-en-almacen-30-horas\/\",\"name\":\"COML011PO - Gesti\u00f3n y Control de Compras y Stock en Almac\u00e9n (30 horas) - Contenidos Online\",\"isPartOf\":{\"@id\":\"https:\/\/mefp.grupopiquer.com\/inscripciones\/#website\"},\"primaryImageOfPage\":{\"@id\":\"https:\/\/mefp.grupopiquer.com\/inscripciones\/producto\/coml011po-gestion-y-control-de-compras-y-stock-en-almacen-30-horas\/#primaryimage\"},\"image\":{\"@id\":\"https:\/\/mefp.grupopiquer.com\/inscripciones\/producto\/coml011po-gestion-y-control-de-compras-y-stock-en-almacen-30-horas\/#primaryimage\"},\"thumbnailUrl\":\"https:\/\/mefp.grupopiquer.com\/inscripciones\/wp-content\/uploads\/2023\/05\/lfQr76U1eBwB_hg9_u_jsFHqBVApR-Epj-e1683215264383.jpg\",\"datePublished\":\"2023-05-02T11:01:06+00:00\",\"dateModified\":\"2023-05-15T13:08:24+00:00\",\"breadcrumb\":{\"@id\":\"https:\/\/mefp.grupopiquer.com\/inscripciones\/producto\/coml011po-gestion-y-control-de-compras-y-stock-en-almacen-30-horas\/#breadcrumb\"},\"inLanguage\":\"es\",\"potentialAction\":[{\"@type\":\"ReadAction\",\"target\":[\"https:\/\/mefp.grupopiquer.com\/inscripciones\/producto\/coml011po-gestion-y-control-de-compras-y-stock-en-almacen-30-horas\/\"]}]},{\"@type\":\"ImageObject\",\"inLanguage\":\"es\",\"@id\":\"https:\/\/mefp.grupopiquer.com\/inscripciones\/producto\/coml011po-gestion-y-control-de-compras-y-stock-en-almacen-30-horas\/#primaryimage\",\"url\":\"https:\/\/mefp.grupopiquer.com\/inscripciones\/wp-content\/uploads\/2023\/05\/lfQr76U1eBwB_hg9_u_jsFHqBVApR-Epj-e1683215264383.jpg\",\"contentUrl\":\"https:\/\/mefp.grupopiquer.com\/inscripciones\/wp-content\/uploads\/2023\/05\/lfQr76U1eBwB_hg9_u_jsFHqBVApR-Epj-e1683215264383.jpg\",\"width\":1075,\"height\":604},{\"@type\":\"BreadcrumbList\",\"@id\":\"https:\/\/mefp.grupopiquer.com\/inscripciones\/producto\/coml011po-gestion-y-control-de-compras-y-stock-en-almacen-30-horas\/#breadcrumb\",\"itemListElement\":[{\"@type\":\"ListItem\",\"position\":1,\"name\":\"Portada\",\"item\":\"https:\/\/mefp.grupopiquer.com\/inscripciones\/\"},{\"@type\":\"ListItem\",\"position\":2,\"name\":\"Tienda\",\"item\":\"https:\/\/mefp.grupopiquer.com\/inscripciones\/tienda\/\"},{\"@type\":\"ListItem\",\"position\":3,\"name\":\"COML011PO &#8211; Gesti\u00f3n y Control de Compras y Stock en Almac\u00e9n (30 horas)\"}]},{\"@type\":\"WebSite\",\"@id\":\"https:\/\/mefp.grupopiquer.com\/inscripciones\/#website\",\"url\":\"https:\/\/mefp.grupopiquer.com\/inscripciones\/\",\"name\":\"Contenidos Online\",\"description\":\"\",\"publisher\":{\"@id\":\"https:\/\/mefp.grupopiquer.com\/inscripciones\/#organization\"},\"potentialAction\":[{\"@type\":\"SearchAction\",\"target\":{\"@type\":\"EntryPoint\",\"urlTemplate\":\"https:\/\/mefp.grupopiquer.com\/inscripciones\/?s={search_term_string}\"},\"query-input\":{\"@type\":\"PropertyValueSpecification\",\"valueRequired\":true,\"valueName\":\"search_term_string\"}}],\"inLanguage\":\"es\"},{\"@type\":\"Organization\",\"@id\":\"https:\/\/mefp.grupopiquer.com\/inscripciones\/#organization\",\"name\":\"Contenidos Online\",\"url\":\"https:\/\/mefp.grupopiquer.com\/inscripciones\/\",\"logo\":{\"@type\":\"ImageObject\",\"inLanguage\":\"es\",\"@id\":\"https:\/\/mefp.grupopiquer.com\/inscripciones\/#\/schema\/logo\/image\/\",\"url\":\"\",\"contentUrl\":\"\",\"caption\":\"Contenidos Online\"},\"image\":{\"@id\":\"https:\/\/mefp.grupopiquer.com\/inscripciones\/#\/schema\/logo\/image\/\"}}]}<\/script>\n<!-- \/ Yoast SEO plugin. -->","yoast_head_json":{"title":"COML011PO - Gesti\u00f3n y Control de Compras y Stock en Almac\u00e9n (30 horas) - Contenidos Online","robots":{"index":"index","follow":"follow","max-snippet":"max-snippet:-1","max-image-preview":"max-image-preview:large","max-video-preview":"max-video-preview:-1"},"canonical":"https:\/\/mefp.grupopiquer.com\/inscripciones\/producto\/coml011po-gestion-y-control-de-compras-y-stock-en-almacen-30-horas\/","og_locale":"es_ES","og_type":"article","og_title":"COML011PO - Gesti\u00f3n y Control de Compras y Stock en Almac\u00e9n (30 horas) - Contenidos Online","og_description":"Aplicar diferentes modelos de administraci\u00f3n y control de inventarios, conociendo las distintas formas de control, gesti\u00f3n y emisi\u00f3n de \u00f3rdenes de pedidos de acuerdo al stock y a las necesidades de los clientes y de la producci\u00f3n, procurando minimizar el coste de la producci\u00f3n.","og_url":"https:\/\/mefp.grupopiquer.com\/inscripciones\/producto\/coml011po-gestion-y-control-de-compras-y-stock-en-almacen-30-horas\/","og_site_name":"Contenidos Online","article_modified_time":"2023-05-15T13:08:24+00:00","og_image":[{"width":1075,"height":604,"url":"https:\/\/mefp.grupopiquer.com\/inscripciones\/wp-content\/uploads\/2023\/05\/lfQr76U1eBwB_hg9_u_jsFHqBVApR-Epj-e1683215264383.jpg","type":"image\/jpeg"}],"twitter_card":"summary_large_image","twitter_misc":{"Tiempo de lectura":"2 minutos"},"schema":{"@context":"https:\/\/schema.org","@graph":[{"@type":"WebPage","@id":"https:\/\/mefp.grupopiquer.com\/inscripciones\/producto\/coml011po-gestion-y-control-de-compras-y-stock-en-almacen-30-horas\/","url":"https:\/\/mefp.grupopiquer.com\/inscripciones\/producto\/coml011po-gestion-y-control-de-compras-y-stock-en-almacen-30-horas\/","name":"COML011PO - Gesti\u00f3n y Control de Compras y Stock en Almac\u00e9n (30 horas) - Contenidos Online","isPartOf":{"@id":"https:\/\/mefp.grupopiquer.com\/inscripciones\/#website"},"primaryImageOfPage":{"@id":"https:\/\/mefp.grupopiquer.com\/inscripciones\/producto\/coml011po-gestion-y-control-de-compras-y-stock-en-almacen-30-horas\/#primaryimage"},"image":{"@id":"https:\/\/mefp.grupopiquer.com\/inscripciones\/producto\/coml011po-gestion-y-control-de-compras-y-stock-en-almacen-30-horas\/#primaryimage"},"thumbnailUrl":"https:\/\/mefp.grupopiquer.com\/inscripciones\/wp-content\/uploads\/2023\/05\/lfQr76U1eBwB_hg9_u_jsFHqBVApR-Epj-e1683215264383.jpg","datePublished":"2023-05-02T11:01:06+00:00","dateModified":"2023-05-15T13:08:24+00:00","breadcrumb":{"@id":"https:\/\/mefp.grupopiquer.com\/inscripciones\/producto\/coml011po-gestion-y-control-de-compras-y-stock-en-almacen-30-horas\/#breadcrumb"},"inLanguage":"es","potentialAction":[{"@type":"ReadAction","target":["https:\/\/mefp.grupopiquer.com\/inscripciones\/producto\/coml011po-gestion-y-control-de-compras-y-stock-en-almacen-30-horas\/"]}]},{"@type":"ImageObject","inLanguage":"es","@id":"https:\/\/mefp.grupopiquer.com\/inscripciones\/producto\/coml011po-gestion-y-control-de-compras-y-stock-en-almacen-30-horas\/#primaryimage","url":"https:\/\/mefp.grupopiquer.com\/inscripciones\/wp-content\/uploads\/2023\/05\/lfQr76U1eBwB_hg9_u_jsFHqBVApR-Epj-e1683215264383.jpg","contentUrl":"https:\/\/mefp.grupopiquer.com\/inscripciones\/wp-content\/uploads\/2023\/05\/lfQr76U1eBwB_hg9_u_jsFHqBVApR-Epj-e1683215264383.jpg","width":1075,"height":604},{"@type":"BreadcrumbList","@id":"https:\/\/mefp.grupopiquer.com\/inscripciones\/producto\/coml011po-gestion-y-control-de-compras-y-stock-en-almacen-30-horas\/#breadcrumb","itemListElement":[{"@type":"ListItem","position":1,"name":"Portada","item":"https:\/\/mefp.grupopiquer.com\/inscripciones\/"},{"@type":"ListItem","position":2,"name":"Tienda","item":"https:\/\/mefp.grupopiquer.com\/inscripciones\/tienda\/"},{"@type":"ListItem","position":3,"name":"COML011PO &#8211; Gesti\u00f3n y Control de Compras y Stock en Almac\u00e9n (30 horas)"}]},{"@type":"WebSite","@id":"https:\/\/mefp.grupopiquer.com\/inscripciones\/#website","url":"https:\/\/mefp.grupopiquer.com\/inscripciones\/","name":"Contenidos Online","description":"","publisher":{"@id":"https:\/\/mefp.grupopiquer.com\/inscripciones\/#organization"},"potentialAction":[{"@type":"SearchAction","target":{"@type":"EntryPoint","urlTemplate":"https:\/\/mefp.grupopiquer.com\/inscripciones\/?s={search_term_string}"},"query-input":{"@type":"PropertyValueSpecification","valueRequired":true,"valueName":"search_term_string"}}],"inLanguage":"es"},{"@type":"Organization","@id":"https:\/\/mefp.grupopiquer.com\/inscripciones\/#organization","name":"Contenidos Online","url":"https:\/\/mefp.grupopiquer.com\/inscripciones\/","logo":{"@type":"ImageObject","inLanguage":"es","@id":"https:\/\/mefp.grupopiquer.com\/inscripciones\/#\/schema\/logo\/image\/","url":"","contentUrl":"","caption":"Contenidos Online"},"image":{"@id":"https:\/\/mefp.grupopiquer.com\/inscripciones\/#\/schema\/logo\/image\/"}}]}},"_links":{"self":[{"href":"https:\/\/mefp.grupopiquer.com\/inscripciones\/wp-json\/wp\/v2\/product\/4449"}],"collection":[{"href":"https:\/\/mefp.grupopiquer.com\/inscripciones\/wp-json\/wp\/v2\/product"}],"about":[{"href":"https:\/\/mefp.grupopiquer.com\/inscripciones\/wp-json\/wp\/v2\/types\/product"}],"replies":[{"embeddable":true,"href":"https:\/\/mefp.grupopiquer.com\/inscripciones\/wp-json\/wp\/v2\/comments?post=4449"}],"wp:featuredmedia":[{"embeddable":true,"href":"https:\/\/mefp.grupopiquer.com\/inscripciones\/wp-json\/wp\/v2\/media\/5144"}],"wp:attachment":[{"href":"https:\/\/mefp.grupopiquer.com\/inscripciones\/wp-json\/wp\/v2\/media?parent=4449"}],"wp:term":[{"taxonomy":"product_cat","embeddable":true,"href":"https:\/\/mefp.grupopiquer.com\/inscripciones\/wp-json\/wp\/v2\/product_cat?post=4449"},{"taxonomy":"product_tag","embeddable":true,"href":"https:\/\/mefp.grupopiquer.com\/inscripciones\/wp-json\/wp\/v2\/product_tag?post=4449"}],"curies":[{"name":"wp","href":"https:\/\/api.w.org\/{rel}","templated":true}]}}