{"id":4439,"date":"2023-05-02T11:00:10","date_gmt":"2023-05-02T11:00:10","guid":{"rendered":"https:\/\/mefp.grupopiquer.com\/inscripciones\/producto\/argn002po-diseno-y-maquetacion-con-adobe-indesign-45-horas\/"},"modified":"2024-02-15T15:45:35","modified_gmt":"2024-02-15T15:45:35","slug":"argn002po-diseno-y-maquetacion-con-adobe-indesign-45-horas","status":"publish","type":"product","link":"https:\/\/mefp.grupopiquer.com\/inscripciones\/producto\/argn002po-diseno-y-maquetacion-con-adobe-indesign-45-horas\/","title":{"rendered":"ARGN002PO &#8211; Dise\u00f1o y Maquetaci\u00f3n con Adobe Indesign (60 horas)"},"content":{"rendered":"<div id=\"accordion\">\n<h3>OBJETIVOS<\/h3>\n<div>Manejar las herramientas y comandos del programa Adobe Indesign para la composici\u00f3n y maquetaci\u00f3n de productos gr\u00e1ficos.<\/div>\n<h3>CONTENIDOS<\/h3>\n<div>1. CONCEPTOS B\u00c1SICOS<br \/>\n1.1. InDesign como aplicaci\u00f3n de maquetaci\u00f3n.<br \/>\n1.2. InDesign como aplicaci\u00f3n para preimpresi\u00f3n.<br \/>\n1.3. InDesign como herramienta para la Web.2. EL ENTORNO DE TRABAJO DE INDESIGN<br \/>\n2.1. Reglas.<br \/>\n2.2. Cuadr\u00edcula.<br \/>\n2.3. L\u00edneas de base.<br \/>\n2.4. Elementos principales.<br \/>\n2.5. Paleta de herramientas.<br \/>\n2.6. Barra de control.<\/p>\n<p>3. CONFIGURACI\u00d3N DE P\u00c1GINAS EN INDESIGN<br \/>\n3.1. Nuevo.<br \/>\n3.2. Configuraci\u00f3n del documento.<br \/>\n3.3. Trabajar con p\u00e1ginas y dobles p\u00e1ginas.<br \/>\n3.4. Numeraci\u00f3n de p\u00e1ginas.<br \/>\n3.5. Ajuste de dise\u00f1o.<br \/>\n3.6. Marcos y columnas.<br \/>\n3.7. Uso de los master.<\/p>\n<p>4. TRABAJAR CON TEXTO EN INDESIGN<br \/>\n4.1. Marcos de texto.<br \/>\n4.2. Enlace de texto.<br \/>\n4.3. Inserci\u00f3n de caracteres de fuente.<br \/>\n4.4. Estilos de texto y de p\u00e1rrafo.<br \/>\n4.5. Visualizaci\u00f3n de elementos no imprimibles.<br \/>\n4.6. B\u00fasqueda y cambio de texto.<br \/>\n4.7. Revisi\u00f3n ortogr\u00e1fica.<br \/>\n4.8. Personalizaci\u00f3n del diccionario.<br \/>\n4.9. Trabajo con tablas.<br \/>\n4.10. El editor de art\u00edculos.<\/p>\n<p>5. HERRAMIENTAS DE INDESIGN<br \/>\n5.1. Paleta de capas.<br \/>\n5.2. Paleta de navegaci\u00f3n.<br \/>\n5.3. Paleta de p\u00e1ginas.<br \/>\n5.4. Paletas de v\u00ednculos.<br \/>\n5.5. Paleta de car\u00e1cter.<br \/>\n5.6. Paleta de formato de p\u00e1rrafos.<br \/>\n5.7. Paleta de tabulaciones.<br \/>\n5.8. Paleta de contorneo de texto.<br \/>\n5.9. Paleta de art\u00edculo.<br \/>\n5.10. Otras paletas de texto.<br \/>\n5.11. Paleta localizador de trazados.<\/p>\n<p>6. HERRAMIENTAS AVANZADAS CON INDESIGN<br \/>\n6.1. Paleta de transformaciones.<br \/>\n6.2. Paleta de l\u00edneas.<br \/>\n6.3. Paleta de color y transparencia.<br \/>\n6.4. Paleta de degradados.<br \/>\n6.5. Paleta de atributos.<br \/>\n6.6. Paletas de biblioteca.<br \/>\n6.7. Paleta de muestras.<br \/>\n6.8. Paletas de vista previa de salida.<\/p>\n<p>7. T\u00c9CNICAS DE MAQUETACI\u00d3N CON INDESIGN<br \/>\n7.1. Herramientas de selecci\u00f3n.<br \/>\n7.2. Herramienta de la pluma.<br \/>\n7.3. Definir el contenido de un marco.<br \/>\n7.4. Pegar texto dentro de imagen.<br \/>\n7.5. Pegar imagen dentro de trazado.<br \/>\n7.6. Invertir un trazado.<br \/>\n7.7. Trayectoria de recortes.<br \/>\n7.8. Efectos de v\u00e9rtice.<br \/>\n7.9. Desvanecer una imagen.<\/p>\n<p>8. T\u00c9CNICAS AVANZADAS DE MAQUETACI\u00d3N CON INDESIGN<br \/>\n8.1. Trazados compuestos.<br \/>\n8.2. Conversi\u00f3n de contornos de texto en trazados.<br \/>\n8.3. Agrupaci\u00f3n y desagrupaci\u00f3n.<br \/>\n8.4. Alineaci\u00f3n de objetos.<br \/>\n8.5. Bloqueo de objetos.<\/p>\n<p>9. EXPORTACI\u00d3N<br \/>\n9.1. Exportaci\u00f3n en HTML.<br \/>\n9.2. Exportaci\u00f3n en EPS.<br \/>\n9.3. Exportaci\u00f3n en archivo de preimprenta.<br \/>\n9.4. Exportaci\u00f3n en PDF.<\/p>\n<p>10. PREPARACI\u00d3N DE IMPRESI\u00d3N CON INDESIGN<br \/>\n10.1. Sobreimpresi\u00f3n y transparencia.<br \/>\n10.2. Uso de las zonas de reventado.<\/p>\n<\/div>\n<\/div>\n","protected":false},"excerpt":{"rendered":"<p>Manejar las herramientas y comandos del programa Adobe Indesign para la composici\u00f3n y maquetaci\u00f3n de productos gr\u00e1ficos.<\/p>\n","protected":false},"featured_media":5237,"comment_status":"closed","ping_status":"closed","template":"","meta":[],"product_cat":[121],"product_tag":[],"class_list":{"0":"post-4439","1":"product","2":"type-product","3":"status-publish","4":"has-post-thumbnail","6":"product_cat-edicion","8":"first","9":"instock","10":"taxable","11":"shipping-taxable","12":"purchasable","13":"product-type-simple"},"yoast_head":"<!-- This site is optimized with the Yoast SEO plugin v23.5 - https:\/\/yoast.com\/wordpress\/plugins\/seo\/ -->\n<title>ARGN002PO - Dise\u00f1o y Maquetaci\u00f3n con Adobe Indesign (60 horas) - Contenidos Online<\/title>\n<meta name=\"robots\" content=\"index, follow, max-snippet:-1, max-image-preview:large, max-video-preview:-1\" \/>\n<link rel=\"canonical\" href=\"https:\/\/mefp.grupopiquer.com\/inscripciones\/producto\/argn002po-diseno-y-maquetacion-con-adobe-indesign-45-horas\/\" \/>\n<meta property=\"og:locale\" content=\"es_ES\" \/>\n<meta property=\"og:type\" content=\"article\" \/>\n<meta property=\"og:title\" content=\"ARGN002PO - Dise\u00f1o y Maquetaci\u00f3n con Adobe Indesign (60 horas) - Contenidos Online\" \/>\n<meta property=\"og:description\" content=\"Manejar las herramientas y comandos del programa Adobe Indesign para la composici\u00f3n y maquetaci\u00f3n de productos gr\u00e1ficos.\" \/>\n<meta property=\"og:url\" content=\"https:\/\/mefp.grupopiquer.com\/inscripciones\/producto\/argn002po-diseno-y-maquetacion-con-adobe-indesign-45-horas\/\" \/>\n<meta property=\"og:site_name\" content=\"Contenidos Online\" \/>\n<meta property=\"article:modified_time\" content=\"2024-02-15T15:45:35+00:00\" \/>\n<meta property=\"og:image\" content=\"https:\/\/mefp.grupopiquer.com\/inscripciones\/wp-content\/uploads\/2023\/05\/W94DjzddwfdKNsUV_t52qjzhNag64FQ1F-e1683282232232.jpg\" \/>\n\t<meta property=\"og:image:width\" content=\"1680\" \/>\n\t<meta property=\"og:image:height\" content=\"945\" \/>\n\t<meta property=\"og:image:type\" content=\"image\/jpeg\" \/>\n<meta name=\"twitter:card\" content=\"summary_large_image\" \/>\n<meta name=\"twitter:label1\" content=\"Tiempo de lectura\" \/>\n\t<meta name=\"twitter:data1\" content=\"2 minutos\" \/>\n<script type=\"application\/ld+json\" class=\"yoast-schema-graph\">{\"@context\":\"https:\/\/schema.org\",\"@graph\":[{\"@type\":\"WebPage\",\"@id\":\"https:\/\/mefp.grupopiquer.com\/inscripciones\/producto\/argn002po-diseno-y-maquetacion-con-adobe-indesign-45-horas\/\",\"url\":\"https:\/\/mefp.grupopiquer.com\/inscripciones\/producto\/argn002po-diseno-y-maquetacion-con-adobe-indesign-45-horas\/\",\"name\":\"ARGN002PO - Dise\u00f1o y Maquetaci\u00f3n con Adobe Indesign (60 horas) - Contenidos Online\",\"isPartOf\":{\"@id\":\"https:\/\/mefp.grupopiquer.com\/inscripciones\/#website\"},\"primaryImageOfPage\":{\"@id\":\"https:\/\/mefp.grupopiquer.com\/inscripciones\/producto\/argn002po-diseno-y-maquetacion-con-adobe-indesign-45-horas\/#primaryimage\"},\"image\":{\"@id\":\"https:\/\/mefp.grupopiquer.com\/inscripciones\/producto\/argn002po-diseno-y-maquetacion-con-adobe-indesign-45-horas\/#primaryimage\"},\"thumbnailUrl\":\"https:\/\/mefp.grupopiquer.com\/inscripciones\/wp-content\/uploads\/2023\/05\/W94DjzddwfdKNsUV_t52qjzhNag64FQ1F-e1683282232232.jpg\",\"datePublished\":\"2023-05-02T11:00:10+00:00\",\"dateModified\":\"2024-02-15T15:45:35+00:00\",\"breadcrumb\":{\"@id\":\"https:\/\/mefp.grupopiquer.com\/inscripciones\/producto\/argn002po-diseno-y-maquetacion-con-adobe-indesign-45-horas\/#breadcrumb\"},\"inLanguage\":\"es\",\"potentialAction\":[{\"@type\":\"ReadAction\",\"target\":[\"https:\/\/mefp.grupopiquer.com\/inscripciones\/producto\/argn002po-diseno-y-maquetacion-con-adobe-indesign-45-horas\/\"]}]},{\"@type\":\"ImageObject\",\"inLanguage\":\"es\",\"@id\":\"https:\/\/mefp.grupopiquer.com\/inscripciones\/producto\/argn002po-diseno-y-maquetacion-con-adobe-indesign-45-horas\/#primaryimage\",\"url\":\"https:\/\/mefp.grupopiquer.com\/inscripciones\/wp-content\/uploads\/2023\/05\/W94DjzddwfdKNsUV_t52qjzhNag64FQ1F-e1683282232232.jpg\",\"contentUrl\":\"https:\/\/mefp.grupopiquer.com\/inscripciones\/wp-content\/uploads\/2023\/05\/W94DjzddwfdKNsUV_t52qjzhNag64FQ1F-e1683282232232.jpg\",\"width\":1680,\"height\":945},{\"@type\":\"BreadcrumbList\",\"@id\":\"https:\/\/mefp.grupopiquer.com\/inscripciones\/producto\/argn002po-diseno-y-maquetacion-con-adobe-indesign-45-horas\/#breadcrumb\",\"itemListElement\":[{\"@type\":\"ListItem\",\"position\":1,\"name\":\"Portada\",\"item\":\"https:\/\/mefp.grupopiquer.com\/inscripciones\/\"},{\"@type\":\"ListItem\",\"position\":2,\"name\":\"Tienda\",\"item\":\"https:\/\/mefp.grupopiquer.com\/inscripciones\/tienda\/\"},{\"@type\":\"ListItem\",\"position\":3,\"name\":\"ARGN002PO &#8211; Dise\u00f1o y Maquetaci\u00f3n con Adobe Indesign (60 horas)\"}]},{\"@type\":\"WebSite\",\"@id\":\"https:\/\/mefp.grupopiquer.com\/inscripciones\/#website\",\"url\":\"https:\/\/mefp.grupopiquer.com\/inscripciones\/\",\"name\":\"Contenidos Online\",\"description\":\"\",\"publisher\":{\"@id\":\"https:\/\/mefp.grupopiquer.com\/inscripciones\/#organization\"},\"potentialAction\":[{\"@type\":\"SearchAction\",\"target\":{\"@type\":\"EntryPoint\",\"urlTemplate\":\"https:\/\/mefp.grupopiquer.com\/inscripciones\/?s={search_term_string}\"},\"query-input\":{\"@type\":\"PropertyValueSpecification\",\"valueRequired\":true,\"valueName\":\"search_term_string\"}}],\"inLanguage\":\"es\"},{\"@type\":\"Organization\",\"@id\":\"https:\/\/mefp.grupopiquer.com\/inscripciones\/#organization\",\"name\":\"Contenidos Online\",\"url\":\"https:\/\/mefp.grupopiquer.com\/inscripciones\/\",\"logo\":{\"@type\":\"ImageObject\",\"inLanguage\":\"es\",\"@id\":\"https:\/\/mefp.grupopiquer.com\/inscripciones\/#\/schema\/logo\/image\/\",\"url\":\"\",\"contentUrl\":\"\",\"caption\":\"Contenidos Online\"},\"image\":{\"@id\":\"https:\/\/mefp.grupopiquer.com\/inscripciones\/#\/schema\/logo\/image\/\"}}]}<\/script>\n<!-- \/ Yoast SEO plugin. -->","yoast_head_json":{"title":"ARGN002PO - Dise\u00f1o y Maquetaci\u00f3n con Adobe Indesign (60 horas) - Contenidos Online","robots":{"index":"index","follow":"follow","max-snippet":"max-snippet:-1","max-image-preview":"max-image-preview:large","max-video-preview":"max-video-preview:-1"},"canonical":"https:\/\/mefp.grupopiquer.com\/inscripciones\/producto\/argn002po-diseno-y-maquetacion-con-adobe-indesign-45-horas\/","og_locale":"es_ES","og_type":"article","og_title":"ARGN002PO - Dise\u00f1o y Maquetaci\u00f3n con Adobe Indesign (60 horas) - Contenidos Online","og_description":"Manejar las herramientas y comandos del programa Adobe Indesign para la composici\u00f3n y maquetaci\u00f3n de productos gr\u00e1ficos.","og_url":"https:\/\/mefp.grupopiquer.com\/inscripciones\/producto\/argn002po-diseno-y-maquetacion-con-adobe-indesign-45-horas\/","og_site_name":"Contenidos Online","article_modified_time":"2024-02-15T15:45:35+00:00","og_image":[{"width":1680,"height":945,"url":"https:\/\/mefp.grupopiquer.com\/inscripciones\/wp-content\/uploads\/2023\/05\/W94DjzddwfdKNsUV_t52qjzhNag64FQ1F-e1683282232232.jpg","type":"image\/jpeg"}],"twitter_card":"summary_large_image","twitter_misc":{"Tiempo de lectura":"2 minutos"},"schema":{"@context":"https:\/\/schema.org","@graph":[{"@type":"WebPage","@id":"https:\/\/mefp.grupopiquer.com\/inscripciones\/producto\/argn002po-diseno-y-maquetacion-con-adobe-indesign-45-horas\/","url":"https:\/\/mefp.grupopiquer.com\/inscripciones\/producto\/argn002po-diseno-y-maquetacion-con-adobe-indesign-45-horas\/","name":"ARGN002PO - Dise\u00f1o y Maquetaci\u00f3n con Adobe Indesign (60 horas) - Contenidos Online","isPartOf":{"@id":"https:\/\/mefp.grupopiquer.com\/inscripciones\/#website"},"primaryImageOfPage":{"@id":"https:\/\/mefp.grupopiquer.com\/inscripciones\/producto\/argn002po-diseno-y-maquetacion-con-adobe-indesign-45-horas\/#primaryimage"},"image":{"@id":"https:\/\/mefp.grupopiquer.com\/inscripciones\/producto\/argn002po-diseno-y-maquetacion-con-adobe-indesign-45-horas\/#primaryimage"},"thumbnailUrl":"https:\/\/mefp.grupopiquer.com\/inscripciones\/wp-content\/uploads\/2023\/05\/W94DjzddwfdKNsUV_t52qjzhNag64FQ1F-e1683282232232.jpg","datePublished":"2023-05-02T11:00:10+00:00","dateModified":"2024-02-15T15:45:35+00:00","breadcrumb":{"@id":"https:\/\/mefp.grupopiquer.com\/inscripciones\/producto\/argn002po-diseno-y-maquetacion-con-adobe-indesign-45-horas\/#breadcrumb"},"inLanguage":"es","potentialAction":[{"@type":"ReadAction","target":["https:\/\/mefp.grupopiquer.com\/inscripciones\/producto\/argn002po-diseno-y-maquetacion-con-adobe-indesign-45-horas\/"]}]},{"@type":"ImageObject","inLanguage":"es","@id":"https:\/\/mefp.grupopiquer.com\/inscripciones\/producto\/argn002po-diseno-y-maquetacion-con-adobe-indesign-45-horas\/#primaryimage","url":"https:\/\/mefp.grupopiquer.com\/inscripciones\/wp-content\/uploads\/2023\/05\/W94DjzddwfdKNsUV_t52qjzhNag64FQ1F-e1683282232232.jpg","contentUrl":"https:\/\/mefp.grupopiquer.com\/inscripciones\/wp-content\/uploads\/2023\/05\/W94DjzddwfdKNsUV_t52qjzhNag64FQ1F-e1683282232232.jpg","width":1680,"height":945},{"@type":"BreadcrumbList","@id":"https:\/\/mefp.grupopiquer.com\/inscripciones\/producto\/argn002po-diseno-y-maquetacion-con-adobe-indesign-45-horas\/#breadcrumb","itemListElement":[{"@type":"ListItem","position":1,"name":"Portada","item":"https:\/\/mefp.grupopiquer.com\/inscripciones\/"},{"@type":"ListItem","position":2,"name":"Tienda","item":"https:\/\/mefp.grupopiquer.com\/inscripciones\/tienda\/"},{"@type":"ListItem","position":3,"name":"ARGN002PO &#8211; Dise\u00f1o y Maquetaci\u00f3n con Adobe Indesign (60 horas)"}]},{"@type":"WebSite","@id":"https:\/\/mefp.grupopiquer.com\/inscripciones\/#website","url":"https:\/\/mefp.grupopiquer.com\/inscripciones\/","name":"Contenidos Online","description":"","publisher":{"@id":"https:\/\/mefp.grupopiquer.com\/inscripciones\/#organization"},"potentialAction":[{"@type":"SearchAction","target":{"@type":"EntryPoint","urlTemplate":"https:\/\/mefp.grupopiquer.com\/inscripciones\/?s={search_term_string}"},"query-input":{"@type":"PropertyValueSpecification","valueRequired":true,"valueName":"search_term_string"}}],"inLanguage":"es"},{"@type":"Organization","@id":"https:\/\/mefp.grupopiquer.com\/inscripciones\/#organization","name":"Contenidos Online","url":"https:\/\/mefp.grupopiquer.com\/inscripciones\/","logo":{"@type":"ImageObject","inLanguage":"es","@id":"https:\/\/mefp.grupopiquer.com\/inscripciones\/#\/schema\/logo\/image\/","url":"","contentUrl":"","caption":"Contenidos Online"},"image":{"@id":"https:\/\/mefp.grupopiquer.com\/inscripciones\/#\/schema\/logo\/image\/"}}]}},"_links":{"self":[{"href":"https:\/\/mefp.grupopiquer.com\/inscripciones\/wp-json\/wp\/v2\/product\/4439"}],"collection":[{"href":"https:\/\/mefp.grupopiquer.com\/inscripciones\/wp-json\/wp\/v2\/product"}],"about":[{"href":"https:\/\/mefp.grupopiquer.com\/inscripciones\/wp-json\/wp\/v2\/types\/product"}],"replies":[{"embeddable":true,"href":"https:\/\/mefp.grupopiquer.com\/inscripciones\/wp-json\/wp\/v2\/comments?post=4439"}],"wp:featuredmedia":[{"embeddable":true,"href":"https:\/\/mefp.grupopiquer.com\/inscripciones\/wp-json\/wp\/v2\/media\/5237"}],"wp:attachment":[{"href":"https:\/\/mefp.grupopiquer.com\/inscripciones\/wp-json\/wp\/v2\/media?parent=4439"}],"wp:term":[{"taxonomy":"product_cat","embeddable":true,"href":"https:\/\/mefp.grupopiquer.com\/inscripciones\/wp-json\/wp\/v2\/product_cat?post=4439"},{"taxonomy":"product_tag","embeddable":true,"href":"https:\/\/mefp.grupopiquer.com\/inscripciones\/wp-json\/wp\/v2\/product_tag?post=4439"}],"curies":[{"name":"wp","href":"https:\/\/api.w.org\/{rel}","templated":true}]}}