{"id":4433,"date":"2023-05-02T10:59:37","date_gmt":"2023-05-02T10:59:37","guid":{"rendered":"https:\/\/mefp.grupopiquer.com\/inscripciones\/producto\/agau026po-prl-formacion-y-seguridad-conductores-tractores-agricolas-y-maquinaria-agricola-10-horas\/"},"modified":"2023-05-17T08:19:21","modified_gmt":"2023-05-17T08:19:21","slug":"agau026po-prl-formacion-y-seguridad-conductores-tractores-agricolas-y-maquinaria-agricola-10-horas","status":"publish","type":"product","link":"https:\/\/mefp.grupopiquer.com\/inscripciones\/producto\/agau026po-prl-formacion-y-seguridad-conductores-tractores-agricolas-y-maquinaria-agricola-10-horas\/","title":{"rendered":"AGAU026PO &#8211; Prl. Formaci\u00f3n y Seguridad Conductores Tractores Agr\u00edcolas y Maquinaria Agr\u00edcola (10 horas)"},"content":{"rendered":"<div id=\"accordion\">\n<h3>OBJETIVOS<\/h3>\n<div>Cumplir con lo especificado en el art\u00edculo 19 de la ley 31\/1995. Cumplir con lo dispuesto en el R.D. 1215\/1997 sobre disposiciones m\u00ednimas de seguridad y salud para la utilizaci\u00f3n por los trabajadores de los equipos de trabajo. Mejorar los conocimientos t\u00e9cnicos y de capacitaci\u00f3n de los tractoristas, reduciendo su riesgo personal procurando la mejora en la relaci\u00f3n trabajo-salud en el \u00e1mbito agr\u00edcola.<\/div>\n<h3>CONTENIDOS<\/h3>\n<div>1. LEGISLACI\u00d3N B\u00c1SICA SOBRE PREVENCI\u00d3N DE RIESGOS LABORALES Y VEH\u00cdCULOS TRACTORES<br \/>\n1.1. Introducci\u00f3n.<br \/>\n1.2. Obligaciones de los empresarios.<br \/>\n1.3. Obligaciones particulares de los trabajadores.<br \/>\n1.4. Resumen de la normativa legal sobre veh\u00edculos tractores.<br \/>\n1.5. Contenidos pr\u00e1cticos: Interpretar correctamente la normativa b\u00e1sica de prevenci\u00f3n de riesgos laborales entendiendo todos los conceptos.<\/p>\n<p>2. PRINCIPALES ACCIDENTES CON VEH\u00cdCULOS AGR\u00cdCOLAS<br \/>\n2.1. Introducci\u00f3n.<br \/>\n2.2. El vuelco del tractor.<br \/>\n2.3. Accidentes por ca\u00eddas.<br \/>\n2.4. Accidentes por atropello y autoatropello.<br \/>\n2.5. Accidentes por atrapamiento.<br \/>\n2.6. Riesgo de incendio.<br \/>\n2.7. Contenidos pr\u00e1cticos: Reconocimiento de los principales accidentes con veh\u00edculos agr\u00edcolas, Repaso de las normas de seguridad.<\/p>\n<p>3. PUNTOS Y ZONAS DE PELIGRO EN TRACTORES AGR\u00cdCOLAS<br \/>\n3.1. Introducci\u00f3n.<br \/>\n3.2. \u00d3rganos de accionamiento.<br \/>\n3.3. Protecciones.<br \/>\n3.4. Puntos de engranaje.<br \/>\n3.5. Puntos de atrapamiento o enganche.<br \/>\n3.6. Puntos de cizallamiento-zonas cortantes.<br \/>\n3.7. Zonas de aplastamiento.<br \/>\n3.8. Zonas de proyecci\u00f3n.<br \/>\n3.9. Dispositivos de concentraci\u00f3n de energ\u00eda.<br \/>\n3.10. Contenidos pr\u00e1cticos: Identificaci\u00f3n de los puntos de riesgo.<\/p>\n<p>4. C\u00d3MO REDUCIR LOS ACCIDENTES CON TRACTORES<br \/>\n4.1. Introducci\u00f3n.<br \/>\n4.2. El conductor de tractores.<br \/>\n4.3. Requisitos b\u00e1sicos.<br \/>\n4.4. Formaci\u00f3n del tractorista.<br \/>\n4.5. Acciones sobre la estabilidad del tractor.<br \/>\n4.6. Acciones sobre el terreno.<br \/>\n4.7. Acciones de mantenimiento y conservaci\u00f3n del tractor.<br \/>\n4.8. Contenidos pr\u00e1cticos: Ejercicios pr\u00e1cticos acerca de las acciones con el tractor.<\/p>\n<p>5. LOS SISTEMAS HIDRAULICOS DEL TRACTOR<br \/>\n5.1. Introducci\u00f3n.<br \/>\n5.2. Principios b\u00e1sicos de la hidr\u00e1ulica.<br \/>\n5.3. Elementos hidr\u00e1ulicos del tractor.<br \/>\n5.4. Normas de seguridad.<br \/>\n5.5. Contenidos pr\u00e1cticos: Determinaci\u00f3n de los principios b\u00e1sicos de la hidr\u00e1ulica, Repaso de las normas de seguridad.<\/p>\n<p>6. VERIFICACIONES DIARIAS DE SEGURIDAD<br \/>\n6.1. Introducci\u00f3n.<br \/>\n6.2. Modelo de lista de chequeo del tractor.<br \/>\n6.3. Modelo de lista de chequeo para el conductor del tractor.<br \/>\n6.4. Contenidos pr\u00e1cticos: Chesk-list de los procedimientos de trabajo.<\/p>\n<p>7. FUNCIONAMIENTO DEL TRACTOR<br \/>\n7.1. Introducci\u00f3n.<br \/>\n7.2. Elementos del tractor agr\u00edcola.<br \/>\n7.3. Funciones del tractor agr\u00edcola.<br \/>\n7.4. Normas b\u00e1sicas de conducci\u00f3n y seguridad en el uso de los aperos.<br \/>\n7.5. Contenidos pr\u00e1cticos: Chesk-list de los elementos y funciones del tractor.<\/p>\n<p>8. IMPLEMENTOS DEL TRACTOR<br \/>\n8.1 Introducci\u00f3n.<br \/>\n8.2. Aperos agr\u00edcolas.<br \/>\n8.3. Riesgos y medidas de prevenci\u00f3n en el uso de aperos.<br \/>\n8.4. Contenidos pr\u00e1cticos: Reconocimiento de los aperos usados por un tractor, Repaso de los riesgos y normas b\u00e1sicas de seguridad.<\/p>\n<p>9. PROTECCIONES ANTIVUELCO<br \/>\n9.1. Introducci\u00f3n.<br \/>\n9.2. Las estructuras antivuelco.<br \/>\n9.3. El cintur\u00f3n de seguridad.<br \/>\n9.4. Contenidos pr\u00e1cticos: Verificaciones de las estructuras de protecci\u00f3n.<\/p>\n<p>10. SEGURIDAD EN LA CONDUCCI\u00d3N POR CARRETERA<br \/>\n10.1. Introducci\u00f3n.<br \/>\n10.2. Normas de prevenci\u00f3n en la circulaci\u00f3n vial.<br \/>\n10.3. Contenidos pr\u00e1cticos: Revisi\u00f3n de las normas de circulaci\u00f3n.<\/p>\n<p>11. UTILIZACI\u00d3N DE PRODUCTOS QU\u00cdMICOS EN AGRICULTURA<br \/>\n11.1. Introducci\u00f3n.<br \/>\n11.2. Los productos fitosanitarios.<br \/>\n11.3. Riesgos para la salud.<br \/>\n11.4. Control del riesgos en la aplicaci\u00f3n de plaguicidas.<br \/>\n11.5. Protecciones.<br \/>\n11.6. Contenidos pr\u00e1cticos: Interpretaci\u00f3n de los contenidos te\u00f3ricos.<\/p>\n<p>12. ERGONOM\u00cdA<br \/>\n12.1. Introducci\u00f3n.<br \/>\n12.2. Factores ergon\u00f3micos en el puesto del tractorista.<br \/>\n12.3. Esfuerzo est\u00e1tico y esfuerzo din\u00e1mico.<br \/>\n12.4. Levantamiento manual de cargas.<br \/>\n12.5. Contenidos pr\u00e1cticos: Realizaci\u00f3n de ejercicios a seguir para eliminar tensiones y reforzar los m\u00fasculos de la espalda.<\/p>\n<\/div>\n<\/div>\n","protected":false},"excerpt":{"rendered":"<p>Cumplir con lo especificado en el art\u00edculo 19 de la ley 31\/1995. Cumplir con lo dispuesto en el R.D. 1215\/1997 sobre disposiciones m\u00ednimas de seguridad y salud para la utilizaci\u00f3n por los trabajadores de los equipos de trabajo. Mejorar los conocimientos t\u00e9cnicos y de capacitaci\u00f3n de los tractoristas, reduciendo su riesgo personal procurando la mejora en la relaci\u00f3n trabajo-salud en el \u00e1mbito agr\u00edcola<\/p>\n","protected":false},"featured_media":5239,"comment_status":"closed","ping_status":"closed","template":"","meta":[],"product_cat":[123],"product_tag":[],"class_list":{"0":"post-4433","1":"product","2":"type-product","3":"status-publish","4":"has-post-thumbnail","6":"product_cat-agricultura","8":"first","9":"instock","10":"taxable","11":"shipping-taxable","12":"purchasable","13":"product-type-simple"},"yoast_head":"<!-- This site is optimized with the Yoast SEO plugin v23.5 - https:\/\/yoast.com\/wordpress\/plugins\/seo\/ -->\n<title>AGAU026PO - Prl. Formaci\u00f3n y Seguridad Conductores Tractores Agr\u00edcolas y Maquinaria Agr\u00edcola (10 horas) - Contenidos Online<\/title>\n<meta name=\"robots\" content=\"index, follow, max-snippet:-1, max-image-preview:large, max-video-preview:-1\" \/>\n<link rel=\"canonical\" href=\"https:\/\/mefp.grupopiquer.com\/inscripciones\/producto\/agau026po-prl-formacion-y-seguridad-conductores-tractores-agricolas-y-maquinaria-agricola-10-horas\/\" \/>\n<meta property=\"og:locale\" content=\"es_ES\" \/>\n<meta property=\"og:type\" content=\"article\" \/>\n<meta property=\"og:title\" content=\"AGAU026PO - Prl. Formaci\u00f3n y Seguridad Conductores Tractores Agr\u00edcolas y Maquinaria Agr\u00edcola (10 horas) - Contenidos Online\" \/>\n<meta property=\"og:description\" content=\"Cumplir con lo especificado en el art\u00edculo 19 de la ley 31\/1995. Cumplir con lo dispuesto en el R.D. 1215\/1997 sobre disposiciones m\u00ednimas de seguridad y salud para la utilizaci\u00f3n por los trabajadores de los equipos de trabajo. Mejorar los conocimientos t\u00e9cnicos y de capacitaci\u00f3n de los tractoristas, reduciendo su riesgo personal procurando la mejora en la relaci\u00f3n trabajo-salud en el \u00e1mbito agr\u00edcola\" \/>\n<meta property=\"og:url\" content=\"https:\/\/mefp.grupopiquer.com\/inscripciones\/producto\/agau026po-prl-formacion-y-seguridad-conductores-tractores-agricolas-y-maquinaria-agricola-10-horas\/\" \/>\n<meta property=\"og:site_name\" content=\"Contenidos Online\" \/>\n<meta property=\"article:modified_time\" content=\"2023-05-17T08:19:21+00:00\" \/>\n<meta property=\"og:image\" content=\"https:\/\/mefp.grupopiquer.com\/inscripciones\/wp-content\/uploads\/2023\/05\/KkCD4O85mMSliZaS_8h7mOBLtIzOPOVDu-e1683282838925.jpg\" \/>\n\t<meta property=\"og:image:width\" content=\"1680\" \/>\n\t<meta property=\"og:image:height\" content=\"945\" \/>\n\t<meta property=\"og:image:type\" content=\"image\/jpeg\" \/>\n<meta name=\"twitter:card\" content=\"summary_large_image\" \/>\n<meta name=\"twitter:label1\" content=\"Tiempo de lectura\" \/>\n\t<meta name=\"twitter:data1\" content=\"3 minutos\" \/>\n<script type=\"application\/ld+json\" class=\"yoast-schema-graph\">{\"@context\":\"https:\/\/schema.org\",\"@graph\":[{\"@type\":\"WebPage\",\"@id\":\"https:\/\/mefp.grupopiquer.com\/inscripciones\/producto\/agau026po-prl-formacion-y-seguridad-conductores-tractores-agricolas-y-maquinaria-agricola-10-horas\/\",\"url\":\"https:\/\/mefp.grupopiquer.com\/inscripciones\/producto\/agau026po-prl-formacion-y-seguridad-conductores-tractores-agricolas-y-maquinaria-agricola-10-horas\/\",\"name\":\"AGAU026PO - Prl. Formaci\u00f3n y Seguridad Conductores Tractores Agr\u00edcolas y Maquinaria Agr\u00edcola (10 horas) - Contenidos Online\",\"isPartOf\":{\"@id\":\"https:\/\/mefp.grupopiquer.com\/inscripciones\/#website\"},\"primaryImageOfPage\":{\"@id\":\"https:\/\/mefp.grupopiquer.com\/inscripciones\/producto\/agau026po-prl-formacion-y-seguridad-conductores-tractores-agricolas-y-maquinaria-agricola-10-horas\/#primaryimage\"},\"image\":{\"@id\":\"https:\/\/mefp.grupopiquer.com\/inscripciones\/producto\/agau026po-prl-formacion-y-seguridad-conductores-tractores-agricolas-y-maquinaria-agricola-10-horas\/#primaryimage\"},\"thumbnailUrl\":\"https:\/\/mefp.grupopiquer.com\/inscripciones\/wp-content\/uploads\/2023\/05\/KkCD4O85mMSliZaS_8h7mOBLtIzOPOVDu-e1683282838925.jpg\",\"datePublished\":\"2023-05-02T10:59:37+00:00\",\"dateModified\":\"2023-05-17T08:19:21+00:00\",\"breadcrumb\":{\"@id\":\"https:\/\/mefp.grupopiquer.com\/inscripciones\/producto\/agau026po-prl-formacion-y-seguridad-conductores-tractores-agricolas-y-maquinaria-agricola-10-horas\/#breadcrumb\"},\"inLanguage\":\"es\",\"potentialAction\":[{\"@type\":\"ReadAction\",\"target\":[\"https:\/\/mefp.grupopiquer.com\/inscripciones\/producto\/agau026po-prl-formacion-y-seguridad-conductores-tractores-agricolas-y-maquinaria-agricola-10-horas\/\"]}]},{\"@type\":\"ImageObject\",\"inLanguage\":\"es\",\"@id\":\"https:\/\/mefp.grupopiquer.com\/inscripciones\/producto\/agau026po-prl-formacion-y-seguridad-conductores-tractores-agricolas-y-maquinaria-agricola-10-horas\/#primaryimage\",\"url\":\"https:\/\/mefp.grupopiquer.com\/inscripciones\/wp-content\/uploads\/2023\/05\/KkCD4O85mMSliZaS_8h7mOBLtIzOPOVDu-e1683282838925.jpg\",\"contentUrl\":\"https:\/\/mefp.grupopiquer.com\/inscripciones\/wp-content\/uploads\/2023\/05\/KkCD4O85mMSliZaS_8h7mOBLtIzOPOVDu-e1683282838925.jpg\",\"width\":1680,\"height\":945},{\"@type\":\"BreadcrumbList\",\"@id\":\"https:\/\/mefp.grupopiquer.com\/inscripciones\/producto\/agau026po-prl-formacion-y-seguridad-conductores-tractores-agricolas-y-maquinaria-agricola-10-horas\/#breadcrumb\",\"itemListElement\":[{\"@type\":\"ListItem\",\"position\":1,\"name\":\"Portada\",\"item\":\"https:\/\/mefp.grupopiquer.com\/inscripciones\/\"},{\"@type\":\"ListItem\",\"position\":2,\"name\":\"Tienda\",\"item\":\"https:\/\/mefp.grupopiquer.com\/inscripciones\/tienda\/\"},{\"@type\":\"ListItem\",\"position\":3,\"name\":\"AGAU026PO &#8211; Prl. Formaci\u00f3n y Seguridad Conductores Tractores Agr\u00edcolas y Maquinaria Agr\u00edcola (10 horas)\"}]},{\"@type\":\"WebSite\",\"@id\":\"https:\/\/mefp.grupopiquer.com\/inscripciones\/#website\",\"url\":\"https:\/\/mefp.grupopiquer.com\/inscripciones\/\",\"name\":\"Contenidos Online\",\"description\":\"\",\"publisher\":{\"@id\":\"https:\/\/mefp.grupopiquer.com\/inscripciones\/#organization\"},\"potentialAction\":[{\"@type\":\"SearchAction\",\"target\":{\"@type\":\"EntryPoint\",\"urlTemplate\":\"https:\/\/mefp.grupopiquer.com\/inscripciones\/?s={search_term_string}\"},\"query-input\":{\"@type\":\"PropertyValueSpecification\",\"valueRequired\":true,\"valueName\":\"search_term_string\"}}],\"inLanguage\":\"es\"},{\"@type\":\"Organization\",\"@id\":\"https:\/\/mefp.grupopiquer.com\/inscripciones\/#organization\",\"name\":\"Contenidos Online\",\"url\":\"https:\/\/mefp.grupopiquer.com\/inscripciones\/\",\"logo\":{\"@type\":\"ImageObject\",\"inLanguage\":\"es\",\"@id\":\"https:\/\/mefp.grupopiquer.com\/inscripciones\/#\/schema\/logo\/image\/\",\"url\":\"\",\"contentUrl\":\"\",\"caption\":\"Contenidos Online\"},\"image\":{\"@id\":\"https:\/\/mefp.grupopiquer.com\/inscripciones\/#\/schema\/logo\/image\/\"}}]}<\/script>\n<!-- \/ Yoast SEO plugin. -->","yoast_head_json":{"title":"AGAU026PO - Prl. Formaci\u00f3n y Seguridad Conductores Tractores Agr\u00edcolas y Maquinaria Agr\u00edcola (10 horas) - Contenidos Online","robots":{"index":"index","follow":"follow","max-snippet":"max-snippet:-1","max-image-preview":"max-image-preview:large","max-video-preview":"max-video-preview:-1"},"canonical":"https:\/\/mefp.grupopiquer.com\/inscripciones\/producto\/agau026po-prl-formacion-y-seguridad-conductores-tractores-agricolas-y-maquinaria-agricola-10-horas\/","og_locale":"es_ES","og_type":"article","og_title":"AGAU026PO - Prl. Formaci\u00f3n y Seguridad Conductores Tractores Agr\u00edcolas y Maquinaria Agr\u00edcola (10 horas) - Contenidos Online","og_description":"Cumplir con lo especificado en el art\u00edculo 19 de la ley 31\/1995. Cumplir con lo dispuesto en el R.D. 1215\/1997 sobre disposiciones m\u00ednimas de seguridad y salud para la utilizaci\u00f3n por los trabajadores de los equipos de trabajo. Mejorar los conocimientos t\u00e9cnicos y de capacitaci\u00f3n de los tractoristas, reduciendo su riesgo personal procurando la mejora en la relaci\u00f3n trabajo-salud en el \u00e1mbito agr\u00edcola","og_url":"https:\/\/mefp.grupopiquer.com\/inscripciones\/producto\/agau026po-prl-formacion-y-seguridad-conductores-tractores-agricolas-y-maquinaria-agricola-10-horas\/","og_site_name":"Contenidos Online","article_modified_time":"2023-05-17T08:19:21+00:00","og_image":[{"width":1680,"height":945,"url":"https:\/\/mefp.grupopiquer.com\/inscripciones\/wp-content\/uploads\/2023\/05\/KkCD4O85mMSliZaS_8h7mOBLtIzOPOVDu-e1683282838925.jpg","type":"image\/jpeg"}],"twitter_card":"summary_large_image","twitter_misc":{"Tiempo de lectura":"3 minutos"},"schema":{"@context":"https:\/\/schema.org","@graph":[{"@type":"WebPage","@id":"https:\/\/mefp.grupopiquer.com\/inscripciones\/producto\/agau026po-prl-formacion-y-seguridad-conductores-tractores-agricolas-y-maquinaria-agricola-10-horas\/","url":"https:\/\/mefp.grupopiquer.com\/inscripciones\/producto\/agau026po-prl-formacion-y-seguridad-conductores-tractores-agricolas-y-maquinaria-agricola-10-horas\/","name":"AGAU026PO - Prl. Formaci\u00f3n y Seguridad Conductores Tractores Agr\u00edcolas y Maquinaria Agr\u00edcola (10 horas) - Contenidos Online","isPartOf":{"@id":"https:\/\/mefp.grupopiquer.com\/inscripciones\/#website"},"primaryImageOfPage":{"@id":"https:\/\/mefp.grupopiquer.com\/inscripciones\/producto\/agau026po-prl-formacion-y-seguridad-conductores-tractores-agricolas-y-maquinaria-agricola-10-horas\/#primaryimage"},"image":{"@id":"https:\/\/mefp.grupopiquer.com\/inscripciones\/producto\/agau026po-prl-formacion-y-seguridad-conductores-tractores-agricolas-y-maquinaria-agricola-10-horas\/#primaryimage"},"thumbnailUrl":"https:\/\/mefp.grupopiquer.com\/inscripciones\/wp-content\/uploads\/2023\/05\/KkCD4O85mMSliZaS_8h7mOBLtIzOPOVDu-e1683282838925.jpg","datePublished":"2023-05-02T10:59:37+00:00","dateModified":"2023-05-17T08:19:21+00:00","breadcrumb":{"@id":"https:\/\/mefp.grupopiquer.com\/inscripciones\/producto\/agau026po-prl-formacion-y-seguridad-conductores-tractores-agricolas-y-maquinaria-agricola-10-horas\/#breadcrumb"},"inLanguage":"es","potentialAction":[{"@type":"ReadAction","target":["https:\/\/mefp.grupopiquer.com\/inscripciones\/producto\/agau026po-prl-formacion-y-seguridad-conductores-tractores-agricolas-y-maquinaria-agricola-10-horas\/"]}]},{"@type":"ImageObject","inLanguage":"es","@id":"https:\/\/mefp.grupopiquer.com\/inscripciones\/producto\/agau026po-prl-formacion-y-seguridad-conductores-tractores-agricolas-y-maquinaria-agricola-10-horas\/#primaryimage","url":"https:\/\/mefp.grupopiquer.com\/inscripciones\/wp-content\/uploads\/2023\/05\/KkCD4O85mMSliZaS_8h7mOBLtIzOPOVDu-e1683282838925.jpg","contentUrl":"https:\/\/mefp.grupopiquer.com\/inscripciones\/wp-content\/uploads\/2023\/05\/KkCD4O85mMSliZaS_8h7mOBLtIzOPOVDu-e1683282838925.jpg","width":1680,"height":945},{"@type":"BreadcrumbList","@id":"https:\/\/mefp.grupopiquer.com\/inscripciones\/producto\/agau026po-prl-formacion-y-seguridad-conductores-tractores-agricolas-y-maquinaria-agricola-10-horas\/#breadcrumb","itemListElement":[{"@type":"ListItem","position":1,"name":"Portada","item":"https:\/\/mefp.grupopiquer.com\/inscripciones\/"},{"@type":"ListItem","position":2,"name":"Tienda","item":"https:\/\/mefp.grupopiquer.com\/inscripciones\/tienda\/"},{"@type":"ListItem","position":3,"name":"AGAU026PO &#8211; Prl. Formaci\u00f3n y Seguridad Conductores Tractores Agr\u00edcolas y Maquinaria Agr\u00edcola (10 horas)"}]},{"@type":"WebSite","@id":"https:\/\/mefp.grupopiquer.com\/inscripciones\/#website","url":"https:\/\/mefp.grupopiquer.com\/inscripciones\/","name":"Contenidos Online","description":"","publisher":{"@id":"https:\/\/mefp.grupopiquer.com\/inscripciones\/#organization"},"potentialAction":[{"@type":"SearchAction","target":{"@type":"EntryPoint","urlTemplate":"https:\/\/mefp.grupopiquer.com\/inscripciones\/?s={search_term_string}"},"query-input":{"@type":"PropertyValueSpecification","valueRequired":true,"valueName":"search_term_string"}}],"inLanguage":"es"},{"@type":"Organization","@id":"https:\/\/mefp.grupopiquer.com\/inscripciones\/#organization","name":"Contenidos Online","url":"https:\/\/mefp.grupopiquer.com\/inscripciones\/","logo":{"@type":"ImageObject","inLanguage":"es","@id":"https:\/\/mefp.grupopiquer.com\/inscripciones\/#\/schema\/logo\/image\/","url":"","contentUrl":"","caption":"Contenidos Online"},"image":{"@id":"https:\/\/mefp.grupopiquer.com\/inscripciones\/#\/schema\/logo\/image\/"}}]}},"_links":{"self":[{"href":"https:\/\/mefp.grupopiquer.com\/inscripciones\/wp-json\/wp\/v2\/product\/4433"}],"collection":[{"href":"https:\/\/mefp.grupopiquer.com\/inscripciones\/wp-json\/wp\/v2\/product"}],"about":[{"href":"https:\/\/mefp.grupopiquer.com\/inscripciones\/wp-json\/wp\/v2\/types\/product"}],"replies":[{"embeddable":true,"href":"https:\/\/mefp.grupopiquer.com\/inscripciones\/wp-json\/wp\/v2\/comments?post=4433"}],"wp:featuredmedia":[{"embeddable":true,"href":"https:\/\/mefp.grupopiquer.com\/inscripciones\/wp-json\/wp\/v2\/media\/5239"}],"wp:attachment":[{"href":"https:\/\/mefp.grupopiquer.com\/inscripciones\/wp-json\/wp\/v2\/media?parent=4433"}],"wp:term":[{"taxonomy":"product_cat","embeddable":true,"href":"https:\/\/mefp.grupopiquer.com\/inscripciones\/wp-json\/wp\/v2\/product_cat?post=4433"},{"taxonomy":"product_tag","embeddable":true,"href":"https:\/\/mefp.grupopiquer.com\/inscripciones\/wp-json\/wp\/v2\/product_tag?post=4433"}],"curies":[{"name":"wp","href":"https:\/\/api.w.org\/{rel}","templated":true}]}}