{"id":4426,"date":"2023-05-02T10:59:02","date_gmt":"2023-05-02T10:59:02","guid":{"rendered":"https:\/\/mefp.grupopiquer.com\/inscripciones\/producto\/adgn068po-impuesto-sobre-sociedades-is-gestion-fiscal-de-la-empresa-70-horas\/"},"modified":"2023-05-17T08:22:10","modified_gmt":"2023-05-17T08:22:10","slug":"adgn068po-impuesto-sobre-sociedades-is-gestion-fiscal-de-la-empresa-70-horas","status":"publish","type":"product","link":"https:\/\/mefp.grupopiquer.com\/inscripciones\/producto\/adgn068po-impuesto-sobre-sociedades-is-gestion-fiscal-de-la-empresa-70-horas\/","title":{"rendered":"ADGN068PO &#8211; Impuesto sobre Sociedades (IS): Gesti\u00f3n Fiscal de la Empresa (70 horas)"},"content":{"rendered":"<div id=\"accordion\">\n<h3>OBJETIVOS<\/h3>\n<div>Gestionar el Impuesto de Sociedades en el entorno empresarial conforme al sistema fiscal vigente.<\/div>\n<h3>CONTENIDOS<\/h3>\n<div>1. INTRODUCCI\u00d3N, \u00c1MBITO ESPACIAL, ELEMENTOS PERSONALES, HECHO IMPONIBLE Y EXENCIONES<br \/>\n1.1. Imposici\u00f3n directa sobre la renta.<br \/>\n1.2. Contribuyente.<br \/>\n1.3. Residencia.<br \/>\n1.4. Presunci\u00f3n de rentas y operaciones vinculadas.<br \/>\n1.5. Entidades exentas.<\/p>\n<p>2. EL IMPUESTO SOBRE SOCIEDADES Y LA CONTABILIDAD. ELEMENTOS TEMPORALES DEL IMPUESTO<br \/>\n2.1. Base imponible y contabilidad.<br \/>\n2.2. Imputaci\u00f3n temporal.<\/p>\n<p>3. AMORTIZACI\u00d3N. PRINCIPIOS Y CRITERIOS<br \/>\n3.1. Principios de amortizaci\u00f3n.<br \/>\n3.2. Amortizaci\u00f3n del inmovilizado material (I).<br \/>\n3.3. Amortizaci\u00f3n del inmovilizado material (II).<br \/>\n3.4. Amortizaci\u00f3n del inmovilizado intangible.<\/p>\n<p>4. ARRENDAMIENTO FINANCIERO, PROVISIONES, REGLAS DE VALORACI\u00d3N Y GASTOS NO DEDUCIBLES<br \/>\n4.1. Arrendamiento financiero.<br \/>\n4.2. Deterioro de valor y provisiones.<br \/>\n4.3. Valoraci\u00f3n.<br \/>\n4.4. Gastos no deducibles y subcapitalizaci\u00f3n.<br \/>\n4.5. Compensaci\u00f3n de base imponible negativa, per\u00edodo impositivo y devengo del impuesto, tipos de Gravamen y c\u00e1lculo de la cuota \u00edntegra.<\/p>\n<p>5. DEDUCCIONES DE LA CUOTA E INCENTIVOS<br \/>\n5.1. Deducci\u00f3n por doble imposici\u00f3n interna y bonificaciones.<br \/>\n5.2. Deducciones para incentivar la realizaci\u00f3n de determinadas actividades.<br \/>\n5.3. Deducci\u00f3n por reinversi\u00f3n.<br \/>\n5.4. R\u00e9gimen fiscal de canarias.<br \/>\n5.5. R\u00e9gimen transitorio y normas comunes de las deducciones en el impuesto sobre sociedades.<\/p>\n<p>6. GESTI\u00d3N DEL IMPUESTO<br \/>\n6.1. Pagos fraccionados.<br \/>\n6.2. Declaraci\u00f3n del impuesto.<br \/>\n6.3. Devoluciones.<br \/>\n6.4. Retenciones.<br \/>\n6.5. Sanciones por declaraci\u00f3n fuera de plazo.<br \/>\n6.6. Obligaciones contables.<br \/>\n6.7. Gravamen especial sobre dividendos y rentas de fuente extranjera.<\/p>\n<p>7. R\u00c9GIMEN ESPECIAL DE LAS EMPRESAS DE REDUCIDA DIMENSI\u00d3N<br \/>\n7.1. \u00c1mbito.<br \/>\n7.2. Libertad de amortizaci\u00f3n.<br \/>\n7.3. Amortizaci\u00f3n acelerada.<br \/>\n7.4. Insolvencias.<br \/>\n7.5. Incentivos a la reinversi\u00f3n.<br \/>\n7.6. Tipos de gravamen.<\/p>\n<p>8. INTRODUCCI\u00d3N A LA FISCALIDAD INTERNACIONAL EN EL \u00c1MBITO DEL IMPUESTO SOBRE SOCIEDADES<br \/>\n8.1. Generalidades.<br \/>\n8.2. Deducci\u00f3n por doble imposici\u00f3n internacional de dividendos y exenci\u00f3n de rentas extranjeras.<br \/>\n8.3. Incentivos y reg\u00edmenes fiscales para la internacionalizaci\u00f3n de las empresas espa\u00f1olas: incentivos Fiscales a la inversi\u00f3n exterior.\n<\/p><\/div>\n<\/div>\n","protected":false},"excerpt":{"rendered":"<p>Gestionar el Impuesto de Sociedades en el entorno empresarial conforme al sistema fiscal vigente.<\/p>\n","protected":false},"featured_media":5242,"comment_status":"closed","ping_status":"closed","template":"","meta":[],"product_cat":[124],"product_tag":[],"class_list":{"0":"post-4426","1":"product","2":"type-product","3":"status-publish","4":"has-post-thumbnail","6":"product_cat-finanzas-y-seguros","8":"first","9":"instock","10":"taxable","11":"shipping-taxable","12":"purchasable","13":"product-type-simple"},"yoast_head":"<!-- This site is optimized with the Yoast SEO plugin v23.5 - https:\/\/yoast.com\/wordpress\/plugins\/seo\/ -->\n<title>ADGN068PO - Impuesto sobre Sociedades (IS): Gesti\u00f3n Fiscal de la Empresa (70 horas) - Contenidos Online<\/title>\n<meta name=\"robots\" content=\"index, follow, max-snippet:-1, max-image-preview:large, max-video-preview:-1\" \/>\n<link rel=\"canonical\" href=\"https:\/\/mefp.grupopiquer.com\/inscripciones\/producto\/adgn068po-impuesto-sobre-sociedades-is-gestion-fiscal-de-la-empresa-70-horas\/\" \/>\n<meta property=\"og:locale\" content=\"es_ES\" \/>\n<meta property=\"og:type\" content=\"article\" \/>\n<meta property=\"og:title\" content=\"ADGN068PO - Impuesto sobre Sociedades (IS): Gesti\u00f3n Fiscal de la Empresa (70 horas) - Contenidos Online\" \/>\n<meta property=\"og:description\" content=\"Gestionar el Impuesto de Sociedades en el entorno empresarial conforme al sistema fiscal vigente.\" \/>\n<meta property=\"og:url\" content=\"https:\/\/mefp.grupopiquer.com\/inscripciones\/producto\/adgn068po-impuesto-sobre-sociedades-is-gestion-fiscal-de-la-empresa-70-horas\/\" \/>\n<meta property=\"og:site_name\" content=\"Contenidos Online\" \/>\n<meta property=\"article:modified_time\" content=\"2023-05-17T08:22:10+00:00\" \/>\n<meta property=\"og:image\" content=\"https:\/\/mefp.grupopiquer.com\/inscripciones\/wp-content\/uploads\/2023\/05\/c6GpObyb46lhs7YA_9Xp5rkByQaIHaYnB-e1683283501371.jpg\" \/>\n\t<meta property=\"og:image:width\" content=\"1680\" \/>\n\t<meta property=\"og:image:height\" content=\"945\" \/>\n\t<meta property=\"og:image:type\" content=\"image\/jpeg\" \/>\n<meta name=\"twitter:card\" content=\"summary_large_image\" \/>\n<meta name=\"twitter:label1\" content=\"Tiempo de lectura\" \/>\n\t<meta name=\"twitter:data1\" content=\"2 minutos\" \/>\n<script type=\"application\/ld+json\" class=\"yoast-schema-graph\">{\"@context\":\"https:\/\/schema.org\",\"@graph\":[{\"@type\":\"WebPage\",\"@id\":\"https:\/\/mefp.grupopiquer.com\/inscripciones\/producto\/adgn068po-impuesto-sobre-sociedades-is-gestion-fiscal-de-la-empresa-70-horas\/\",\"url\":\"https:\/\/mefp.grupopiquer.com\/inscripciones\/producto\/adgn068po-impuesto-sobre-sociedades-is-gestion-fiscal-de-la-empresa-70-horas\/\",\"name\":\"ADGN068PO - Impuesto sobre Sociedades (IS): Gesti\u00f3n Fiscal de la Empresa (70 horas) - Contenidos Online\",\"isPartOf\":{\"@id\":\"https:\/\/mefp.grupopiquer.com\/inscripciones\/#website\"},\"primaryImageOfPage\":{\"@id\":\"https:\/\/mefp.grupopiquer.com\/inscripciones\/producto\/adgn068po-impuesto-sobre-sociedades-is-gestion-fiscal-de-la-empresa-70-horas\/#primaryimage\"},\"image\":{\"@id\":\"https:\/\/mefp.grupopiquer.com\/inscripciones\/producto\/adgn068po-impuesto-sobre-sociedades-is-gestion-fiscal-de-la-empresa-70-horas\/#primaryimage\"},\"thumbnailUrl\":\"https:\/\/mefp.grupopiquer.com\/inscripciones\/wp-content\/uploads\/2023\/05\/c6GpObyb46lhs7YA_9Xp5rkByQaIHaYnB-e1683283501371.jpg\",\"datePublished\":\"2023-05-02T10:59:02+00:00\",\"dateModified\":\"2023-05-17T08:22:10+00:00\",\"breadcrumb\":{\"@id\":\"https:\/\/mefp.grupopiquer.com\/inscripciones\/producto\/adgn068po-impuesto-sobre-sociedades-is-gestion-fiscal-de-la-empresa-70-horas\/#breadcrumb\"},\"inLanguage\":\"es\",\"potentialAction\":[{\"@type\":\"ReadAction\",\"target\":[\"https:\/\/mefp.grupopiquer.com\/inscripciones\/producto\/adgn068po-impuesto-sobre-sociedades-is-gestion-fiscal-de-la-empresa-70-horas\/\"]}]},{\"@type\":\"ImageObject\",\"inLanguage\":\"es\",\"@id\":\"https:\/\/mefp.grupopiquer.com\/inscripciones\/producto\/adgn068po-impuesto-sobre-sociedades-is-gestion-fiscal-de-la-empresa-70-horas\/#primaryimage\",\"url\":\"https:\/\/mefp.grupopiquer.com\/inscripciones\/wp-content\/uploads\/2023\/05\/c6GpObyb46lhs7YA_9Xp5rkByQaIHaYnB-e1683283501371.jpg\",\"contentUrl\":\"https:\/\/mefp.grupopiquer.com\/inscripciones\/wp-content\/uploads\/2023\/05\/c6GpObyb46lhs7YA_9Xp5rkByQaIHaYnB-e1683283501371.jpg\",\"width\":1680,\"height\":945},{\"@type\":\"BreadcrumbList\",\"@id\":\"https:\/\/mefp.grupopiquer.com\/inscripciones\/producto\/adgn068po-impuesto-sobre-sociedades-is-gestion-fiscal-de-la-empresa-70-horas\/#breadcrumb\",\"itemListElement\":[{\"@type\":\"ListItem\",\"position\":1,\"name\":\"Portada\",\"item\":\"https:\/\/mefp.grupopiquer.com\/inscripciones\/\"},{\"@type\":\"ListItem\",\"position\":2,\"name\":\"Tienda\",\"item\":\"https:\/\/mefp.grupopiquer.com\/inscripciones\/tienda\/\"},{\"@type\":\"ListItem\",\"position\":3,\"name\":\"ADGN068PO &#8211; Impuesto sobre Sociedades (IS): Gesti\u00f3n Fiscal de la Empresa (70 horas)\"}]},{\"@type\":\"WebSite\",\"@id\":\"https:\/\/mefp.grupopiquer.com\/inscripciones\/#website\",\"url\":\"https:\/\/mefp.grupopiquer.com\/inscripciones\/\",\"name\":\"Contenidos Online\",\"description\":\"\",\"publisher\":{\"@id\":\"https:\/\/mefp.grupopiquer.com\/inscripciones\/#organization\"},\"potentialAction\":[{\"@type\":\"SearchAction\",\"target\":{\"@type\":\"EntryPoint\",\"urlTemplate\":\"https:\/\/mefp.grupopiquer.com\/inscripciones\/?s={search_term_string}\"},\"query-input\":{\"@type\":\"PropertyValueSpecification\",\"valueRequired\":true,\"valueName\":\"search_term_string\"}}],\"inLanguage\":\"es\"},{\"@type\":\"Organization\",\"@id\":\"https:\/\/mefp.grupopiquer.com\/inscripciones\/#organization\",\"name\":\"Contenidos Online\",\"url\":\"https:\/\/mefp.grupopiquer.com\/inscripciones\/\",\"logo\":{\"@type\":\"ImageObject\",\"inLanguage\":\"es\",\"@id\":\"https:\/\/mefp.grupopiquer.com\/inscripciones\/#\/schema\/logo\/image\/\",\"url\":\"\",\"contentUrl\":\"\",\"caption\":\"Contenidos Online\"},\"image\":{\"@id\":\"https:\/\/mefp.grupopiquer.com\/inscripciones\/#\/schema\/logo\/image\/\"}}]}<\/script>\n<!-- \/ Yoast SEO plugin. -->","yoast_head_json":{"title":"ADGN068PO - Impuesto sobre Sociedades (IS): Gesti\u00f3n Fiscal de la Empresa (70 horas) - Contenidos Online","robots":{"index":"index","follow":"follow","max-snippet":"max-snippet:-1","max-image-preview":"max-image-preview:large","max-video-preview":"max-video-preview:-1"},"canonical":"https:\/\/mefp.grupopiquer.com\/inscripciones\/producto\/adgn068po-impuesto-sobre-sociedades-is-gestion-fiscal-de-la-empresa-70-horas\/","og_locale":"es_ES","og_type":"article","og_title":"ADGN068PO - Impuesto sobre Sociedades (IS): Gesti\u00f3n Fiscal de la Empresa (70 horas) - Contenidos Online","og_description":"Gestionar el Impuesto de Sociedades en el entorno empresarial conforme al sistema fiscal vigente.","og_url":"https:\/\/mefp.grupopiquer.com\/inscripciones\/producto\/adgn068po-impuesto-sobre-sociedades-is-gestion-fiscal-de-la-empresa-70-horas\/","og_site_name":"Contenidos Online","article_modified_time":"2023-05-17T08:22:10+00:00","og_image":[{"width":1680,"height":945,"url":"https:\/\/mefp.grupopiquer.com\/inscripciones\/wp-content\/uploads\/2023\/05\/c6GpObyb46lhs7YA_9Xp5rkByQaIHaYnB-e1683283501371.jpg","type":"image\/jpeg"}],"twitter_card":"summary_large_image","twitter_misc":{"Tiempo de lectura":"2 minutos"},"schema":{"@context":"https:\/\/schema.org","@graph":[{"@type":"WebPage","@id":"https:\/\/mefp.grupopiquer.com\/inscripciones\/producto\/adgn068po-impuesto-sobre-sociedades-is-gestion-fiscal-de-la-empresa-70-horas\/","url":"https:\/\/mefp.grupopiquer.com\/inscripciones\/producto\/adgn068po-impuesto-sobre-sociedades-is-gestion-fiscal-de-la-empresa-70-horas\/","name":"ADGN068PO - Impuesto sobre Sociedades (IS): Gesti\u00f3n Fiscal de la Empresa (70 horas) - Contenidos Online","isPartOf":{"@id":"https:\/\/mefp.grupopiquer.com\/inscripciones\/#website"},"primaryImageOfPage":{"@id":"https:\/\/mefp.grupopiquer.com\/inscripciones\/producto\/adgn068po-impuesto-sobre-sociedades-is-gestion-fiscal-de-la-empresa-70-horas\/#primaryimage"},"image":{"@id":"https:\/\/mefp.grupopiquer.com\/inscripciones\/producto\/adgn068po-impuesto-sobre-sociedades-is-gestion-fiscal-de-la-empresa-70-horas\/#primaryimage"},"thumbnailUrl":"https:\/\/mefp.grupopiquer.com\/inscripciones\/wp-content\/uploads\/2023\/05\/c6GpObyb46lhs7YA_9Xp5rkByQaIHaYnB-e1683283501371.jpg","datePublished":"2023-05-02T10:59:02+00:00","dateModified":"2023-05-17T08:22:10+00:00","breadcrumb":{"@id":"https:\/\/mefp.grupopiquer.com\/inscripciones\/producto\/adgn068po-impuesto-sobre-sociedades-is-gestion-fiscal-de-la-empresa-70-horas\/#breadcrumb"},"inLanguage":"es","potentialAction":[{"@type":"ReadAction","target":["https:\/\/mefp.grupopiquer.com\/inscripciones\/producto\/adgn068po-impuesto-sobre-sociedades-is-gestion-fiscal-de-la-empresa-70-horas\/"]}]},{"@type":"ImageObject","inLanguage":"es","@id":"https:\/\/mefp.grupopiquer.com\/inscripciones\/producto\/adgn068po-impuesto-sobre-sociedades-is-gestion-fiscal-de-la-empresa-70-horas\/#primaryimage","url":"https:\/\/mefp.grupopiquer.com\/inscripciones\/wp-content\/uploads\/2023\/05\/c6GpObyb46lhs7YA_9Xp5rkByQaIHaYnB-e1683283501371.jpg","contentUrl":"https:\/\/mefp.grupopiquer.com\/inscripciones\/wp-content\/uploads\/2023\/05\/c6GpObyb46lhs7YA_9Xp5rkByQaIHaYnB-e1683283501371.jpg","width":1680,"height":945},{"@type":"BreadcrumbList","@id":"https:\/\/mefp.grupopiquer.com\/inscripciones\/producto\/adgn068po-impuesto-sobre-sociedades-is-gestion-fiscal-de-la-empresa-70-horas\/#breadcrumb","itemListElement":[{"@type":"ListItem","position":1,"name":"Portada","item":"https:\/\/mefp.grupopiquer.com\/inscripciones\/"},{"@type":"ListItem","position":2,"name":"Tienda","item":"https:\/\/mefp.grupopiquer.com\/inscripciones\/tienda\/"},{"@type":"ListItem","position":3,"name":"ADGN068PO &#8211; Impuesto sobre Sociedades (IS): Gesti\u00f3n Fiscal de la Empresa (70 horas)"}]},{"@type":"WebSite","@id":"https:\/\/mefp.grupopiquer.com\/inscripciones\/#website","url":"https:\/\/mefp.grupopiquer.com\/inscripciones\/","name":"Contenidos Online","description":"","publisher":{"@id":"https:\/\/mefp.grupopiquer.com\/inscripciones\/#organization"},"potentialAction":[{"@type":"SearchAction","target":{"@type":"EntryPoint","urlTemplate":"https:\/\/mefp.grupopiquer.com\/inscripciones\/?s={search_term_string}"},"query-input":{"@type":"PropertyValueSpecification","valueRequired":true,"valueName":"search_term_string"}}],"inLanguage":"es"},{"@type":"Organization","@id":"https:\/\/mefp.grupopiquer.com\/inscripciones\/#organization","name":"Contenidos Online","url":"https:\/\/mefp.grupopiquer.com\/inscripciones\/","logo":{"@type":"ImageObject","inLanguage":"es","@id":"https:\/\/mefp.grupopiquer.com\/inscripciones\/#\/schema\/logo\/image\/","url":"","contentUrl":"","caption":"Contenidos Online"},"image":{"@id":"https:\/\/mefp.grupopiquer.com\/inscripciones\/#\/schema\/logo\/image\/"}}]}},"_links":{"self":[{"href":"https:\/\/mefp.grupopiquer.com\/inscripciones\/wp-json\/wp\/v2\/product\/4426"}],"collection":[{"href":"https:\/\/mefp.grupopiquer.com\/inscripciones\/wp-json\/wp\/v2\/product"}],"about":[{"href":"https:\/\/mefp.grupopiquer.com\/inscripciones\/wp-json\/wp\/v2\/types\/product"}],"replies":[{"embeddable":true,"href":"https:\/\/mefp.grupopiquer.com\/inscripciones\/wp-json\/wp\/v2\/comments?post=4426"}],"wp:featuredmedia":[{"embeddable":true,"href":"https:\/\/mefp.grupopiquer.com\/inscripciones\/wp-json\/wp\/v2\/media\/5242"}],"wp:attachment":[{"href":"https:\/\/mefp.grupopiquer.com\/inscripciones\/wp-json\/wp\/v2\/media?parent=4426"}],"wp:term":[{"taxonomy":"product_cat","embeddable":true,"href":"https:\/\/mefp.grupopiquer.com\/inscripciones\/wp-json\/wp\/v2\/product_cat?post=4426"},{"taxonomy":"product_tag","embeddable":true,"href":"https:\/\/mefp.grupopiquer.com\/inscripciones\/wp-json\/wp\/v2\/product_tag?post=4426"}],"curies":[{"name":"wp","href":"https:\/\/api.w.org\/{rel}","templated":true}]}}