{"id":4422,"date":"2023-05-02T10:58:39","date_gmt":"2023-05-02T10:58:39","guid":{"rendered":"https:\/\/mefp.grupopiquer.com\/inscripciones\/producto\/adgn049po-fiscalidad-en-la-pyme-40-horas\/"},"modified":"2023-05-15T13:48:13","modified_gmt":"2023-05-15T13:48:13","slug":"adgn049po-fiscalidad-en-la-pyme-40-horas","status":"publish","type":"product","link":"https:\/\/mefp.grupopiquer.com\/inscripciones\/producto\/adgn049po-fiscalidad-en-la-pyme-40-horas\/","title":{"rendered":"ADGN049PO &#8211; Fiscalidad en la Pyme (40 horas)"},"content":{"rendered":"<div id=\"accordion\">\n<h3>OBJETIVOS<\/h3>\n<div>Adquirir conocimientos de los diferentes tributos del sistema tributario espa\u00f1ol, incidiendo especialmente en aquellos aspectos que afectan a las PYMES.<\/div>\n<h3>CONTENIDOS<\/h3>\n<div>1. INTRODUCCI\u00d3N A LA FISCALIDAD Y AL DERECHO TRIBUTARIO<br \/>\n1.1. Conceptos b\u00e1sicos.<br \/>\n1.2. Tributos y sus clases.<br \/>\n1.3. El hecho imponible.<br \/>\n1.4. El devengo.<br \/>\n1.5. Exenci\u00f3n y no sujeci\u00f3n.<br \/>\n1.6. Obligados tributarios.<br \/>\n1.7. El domicilio fiscal.<br \/>\n1.8. La base imponible.<br \/>\n1.9. La base liquidable.<br \/>\n1.10. El tipo de gravamen.<br \/>\n1.11. La cuota tributaria.<br \/>\n1.12. El pago de la deuda tributaria.<br \/>\n1.13. Legislaci\u00f3n b\u00e1sica.<\/p>\n<p>2. LA FISCALIDAD DE LAS PYMES EN SU FASE DE CREACI\u00d3N<br \/>\n2.1. Impuesto sobre Actividades Econ\u00f3micas.<br \/>\n2.2. Definici\u00f3n del Impuesto sobre Actividades Econ\u00f3micas (IAE).<br \/>\n2.3. El hecho imponible.<br \/>\n2.4. Actividades no sujetas.<br \/>\n2.5. Exenciones.<br \/>\n2.6. Cuota tributaria.<br \/>\n2.7. Impuesto sobre Transmisiones Patrimoniales y Actos Jur\u00eddicos Documentados.<br \/>\n2.8. Definici\u00f3n del Impuesto sobre Transmisiones Patrimoniales y Actos Jur\u00eddicos Documentados (ITP y AJD).<br \/>\n2.9. Transmisiones Patrimoniales Onerosas.<br \/>\n2.10. Operaciones societarias.<br \/>\n2.11. Actos Jur\u00eddicos Documentados.<\/p>\n<p>3. REG\u00cdMENES DE DETERMINACI\u00d3N DE LOS RENDIMIENTOS EMPRESARIALES Y PROFESIONALES<br \/>\n3.1. Reg\u00edmenes de determinaci\u00f3n para las personas f\u00edsicas.<br \/>\n3.2. Impuesto sobre la Renta de las Personas F\u00edsicas (IRPF).<br \/>\n3.3. Rendimientos de Actividades Econ\u00f3micas en el IRPF.<br \/>\n3.4. Estimaci\u00f3n directa normal.<br \/>\n3.5. Estimaci\u00f3n directa simplificada.<br \/>\n3.6. R\u00e9gimen de estimaci\u00f3n objetiva.<br \/>\n3.7. Reg\u00edmenes de determinaci\u00f3n para las personas jur\u00eddicas.<br \/>\n3.8. Estructura del impuesto: naturaleza y \u00e1mbito de aplicaci\u00f3n.<br \/>\n3.9. El hecho imponible: presunci\u00f3n de onerosidad.<br \/>\n3.10. El sujeto pasivo.<br \/>\n3.11. El domicilio fiscal.<br \/>\n3.12. La base imponible.<br \/>\n3.13. Esquema liquidat\u00f3rio del Impuesto de Sociedades y del Gasto por Impuesto sobre el Beneficio.<br \/>\n3.14. La amortizaci\u00f3n.<br \/>\n3.15. Provisiones.<br \/>\n3.16. Gastos deducibles.<br \/>\n3.17. Gastos no deducibles.<\/p>\n<p>4. EL IMPUESTO SOBRE EL VALOR A\u00d1ADIDO<br \/>\n4.1. R\u00e9gimen general.<br \/>\n4.2. Definici\u00f3n del IVA.<br \/>\n4.3. An\u00e1lisis del funcionamiento del IVA.<br \/>\n4.4. \u00c1mbito de aplicaci\u00f3n.<br \/>\n4.5. El hecho imponible.<br \/>\n4.6. El sujeto pasivo.<br \/>\n4.7. Devengo del IVA.<br \/>\n4.8. La base imponible.<br \/>\n4.9. El tipo de gravamen.<br \/>\n4.10. Reg\u00edmenes especiales.<br \/>\n4.11. El r\u00e9gimen simplificado.<br \/>\n4.12. Recargo de equivalencia.<\/p>\n<p>5. EL IMPUESTO SOBRE EL PATRIMONIO Y SOBRE SUCESIONES Y DONACIONES<br \/>\n5.1. El Impuesto sobre Patrimonio.<br \/>\n5.2. Hecho imponible.<br \/>\n5.3. Sujeto pasivo.<br \/>\n5.4. Base imponible.<br \/>\n5.5. Base liquidable.<br \/>\n5.6. Devengo del impuesto.<br \/>\n5.7. Cuota \u00edntegra.<br \/>\n5.8. Exenciones.<br \/>\n5.9. El Impuesto sobre Sucesiones y Donaciones.<br \/>\n5.10. Hecho imponible.<br \/>\n5.11. Sujeto pasivo.<br \/>\n5.12. Base imponible.<br \/>\n5.13. La base liquidable y reducciones.<\/p>\n<\/div>\n<\/div>\n","protected":false},"excerpt":{"rendered":"<p>Adquirir conocimientos de los diferentes tributos del sistema tributario espa\u00f1ol, incidiendo especialmente en aquellos aspectos que afectan a las PYMES<\/p>\n","protected":false},"featured_media":5246,"comment_status":"closed","ping_status":"closed","template":"","meta":[],"product_cat":[124],"product_tag":[],"class_list":{"0":"post-4422","1":"product","2":"type-product","3":"status-publish","4":"has-post-thumbnail","6":"product_cat-finanzas-y-seguros","8":"first","9":"instock","10":"taxable","11":"shipping-taxable","12":"purchasable","13":"product-type-simple"},"yoast_head":"<!-- This site is optimized with the Yoast SEO plugin v23.5 - https:\/\/yoast.com\/wordpress\/plugins\/seo\/ -->\n<title>ADGN049PO - Fiscalidad en la Pyme (40 horas) - Contenidos Online<\/title>\n<meta name=\"robots\" content=\"index, follow, max-snippet:-1, max-image-preview:large, max-video-preview:-1\" \/>\n<link rel=\"canonical\" href=\"https:\/\/mefp.grupopiquer.com\/inscripciones\/producto\/adgn049po-fiscalidad-en-la-pyme-40-horas\/\" \/>\n<meta property=\"og:locale\" content=\"es_ES\" \/>\n<meta property=\"og:type\" content=\"article\" \/>\n<meta property=\"og:title\" content=\"ADGN049PO - Fiscalidad en la Pyme (40 horas) - Contenidos Online\" \/>\n<meta property=\"og:description\" content=\"Adquirir conocimientos de los diferentes tributos del sistema tributario espa\u00f1ol, incidiendo especialmente en aquellos aspectos que afectan a las PYMES\" \/>\n<meta property=\"og:url\" content=\"https:\/\/mefp.grupopiquer.com\/inscripciones\/producto\/adgn049po-fiscalidad-en-la-pyme-40-horas\/\" \/>\n<meta property=\"og:site_name\" content=\"Contenidos Online\" \/>\n<meta property=\"article:modified_time\" content=\"2023-05-15T13:48:13+00:00\" \/>\n<meta property=\"og:image\" content=\"https:\/\/mefp.grupopiquer.com\/inscripciones\/wp-content\/uploads\/2023\/05\/lmPmGhuGcrlFI-V4_f8KOHiNxJjJQCnla-e1683285034439.jpg\" \/>\n\t<meta property=\"og:image:width\" content=\"1680\" \/>\n\t<meta property=\"og:image:height\" content=\"945\" \/>\n\t<meta property=\"og:image:type\" content=\"image\/jpeg\" \/>\n<meta name=\"twitter:card\" content=\"summary_large_image\" \/>\n<meta name=\"twitter:label1\" content=\"Tiempo de lectura\" \/>\n\t<meta name=\"twitter:data1\" content=\"2 minutos\" \/>\n<script type=\"application\/ld+json\" class=\"yoast-schema-graph\">{\"@context\":\"https:\/\/schema.org\",\"@graph\":[{\"@type\":\"WebPage\",\"@id\":\"https:\/\/mefp.grupopiquer.com\/inscripciones\/producto\/adgn049po-fiscalidad-en-la-pyme-40-horas\/\",\"url\":\"https:\/\/mefp.grupopiquer.com\/inscripciones\/producto\/adgn049po-fiscalidad-en-la-pyme-40-horas\/\",\"name\":\"ADGN049PO - Fiscalidad en la Pyme (40 horas) - Contenidos Online\",\"isPartOf\":{\"@id\":\"https:\/\/mefp.grupopiquer.com\/inscripciones\/#website\"},\"primaryImageOfPage\":{\"@id\":\"https:\/\/mefp.grupopiquer.com\/inscripciones\/producto\/adgn049po-fiscalidad-en-la-pyme-40-horas\/#primaryimage\"},\"image\":{\"@id\":\"https:\/\/mefp.grupopiquer.com\/inscripciones\/producto\/adgn049po-fiscalidad-en-la-pyme-40-horas\/#primaryimage\"},\"thumbnailUrl\":\"https:\/\/mefp.grupopiquer.com\/inscripciones\/wp-content\/uploads\/2023\/05\/lmPmGhuGcrlFI-V4_f8KOHiNxJjJQCnla-e1683285034439.jpg\",\"datePublished\":\"2023-05-02T10:58:39+00:00\",\"dateModified\":\"2023-05-15T13:48:13+00:00\",\"breadcrumb\":{\"@id\":\"https:\/\/mefp.grupopiquer.com\/inscripciones\/producto\/adgn049po-fiscalidad-en-la-pyme-40-horas\/#breadcrumb\"},\"inLanguage\":\"es\",\"potentialAction\":[{\"@type\":\"ReadAction\",\"target\":[\"https:\/\/mefp.grupopiquer.com\/inscripciones\/producto\/adgn049po-fiscalidad-en-la-pyme-40-horas\/\"]}]},{\"@type\":\"ImageObject\",\"inLanguage\":\"es\",\"@id\":\"https:\/\/mefp.grupopiquer.com\/inscripciones\/producto\/adgn049po-fiscalidad-en-la-pyme-40-horas\/#primaryimage\",\"url\":\"https:\/\/mefp.grupopiquer.com\/inscripciones\/wp-content\/uploads\/2023\/05\/lmPmGhuGcrlFI-V4_f8KOHiNxJjJQCnla-e1683285034439.jpg\",\"contentUrl\":\"https:\/\/mefp.grupopiquer.com\/inscripciones\/wp-content\/uploads\/2023\/05\/lmPmGhuGcrlFI-V4_f8KOHiNxJjJQCnla-e1683285034439.jpg\",\"width\":1680,\"height\":945},{\"@type\":\"BreadcrumbList\",\"@id\":\"https:\/\/mefp.grupopiquer.com\/inscripciones\/producto\/adgn049po-fiscalidad-en-la-pyme-40-horas\/#breadcrumb\",\"itemListElement\":[{\"@type\":\"ListItem\",\"position\":1,\"name\":\"Portada\",\"item\":\"https:\/\/mefp.grupopiquer.com\/inscripciones\/\"},{\"@type\":\"ListItem\",\"position\":2,\"name\":\"Tienda\",\"item\":\"https:\/\/mefp.grupopiquer.com\/inscripciones\/tienda\/\"},{\"@type\":\"ListItem\",\"position\":3,\"name\":\"ADGN049PO &#8211; Fiscalidad en la Pyme (40 horas)\"}]},{\"@type\":\"WebSite\",\"@id\":\"https:\/\/mefp.grupopiquer.com\/inscripciones\/#website\",\"url\":\"https:\/\/mefp.grupopiquer.com\/inscripciones\/\",\"name\":\"Contenidos Online\",\"description\":\"\",\"publisher\":{\"@id\":\"https:\/\/mefp.grupopiquer.com\/inscripciones\/#organization\"},\"potentialAction\":[{\"@type\":\"SearchAction\",\"target\":{\"@type\":\"EntryPoint\",\"urlTemplate\":\"https:\/\/mefp.grupopiquer.com\/inscripciones\/?s={search_term_string}\"},\"query-input\":{\"@type\":\"PropertyValueSpecification\",\"valueRequired\":true,\"valueName\":\"search_term_string\"}}],\"inLanguage\":\"es\"},{\"@type\":\"Organization\",\"@id\":\"https:\/\/mefp.grupopiquer.com\/inscripciones\/#organization\",\"name\":\"Contenidos Online\",\"url\":\"https:\/\/mefp.grupopiquer.com\/inscripciones\/\",\"logo\":{\"@type\":\"ImageObject\",\"inLanguage\":\"es\",\"@id\":\"https:\/\/mefp.grupopiquer.com\/inscripciones\/#\/schema\/logo\/image\/\",\"url\":\"\",\"contentUrl\":\"\",\"caption\":\"Contenidos Online\"},\"image\":{\"@id\":\"https:\/\/mefp.grupopiquer.com\/inscripciones\/#\/schema\/logo\/image\/\"}}]}<\/script>\n<!-- \/ Yoast SEO plugin. -->","yoast_head_json":{"title":"ADGN049PO - Fiscalidad en la Pyme (40 horas) - Contenidos Online","robots":{"index":"index","follow":"follow","max-snippet":"max-snippet:-1","max-image-preview":"max-image-preview:large","max-video-preview":"max-video-preview:-1"},"canonical":"https:\/\/mefp.grupopiquer.com\/inscripciones\/producto\/adgn049po-fiscalidad-en-la-pyme-40-horas\/","og_locale":"es_ES","og_type":"article","og_title":"ADGN049PO - Fiscalidad en la Pyme (40 horas) - Contenidos Online","og_description":"Adquirir conocimientos de los diferentes tributos del sistema tributario espa\u00f1ol, incidiendo especialmente en aquellos aspectos que afectan a las PYMES","og_url":"https:\/\/mefp.grupopiquer.com\/inscripciones\/producto\/adgn049po-fiscalidad-en-la-pyme-40-horas\/","og_site_name":"Contenidos Online","article_modified_time":"2023-05-15T13:48:13+00:00","og_image":[{"width":1680,"height":945,"url":"https:\/\/mefp.grupopiquer.com\/inscripciones\/wp-content\/uploads\/2023\/05\/lmPmGhuGcrlFI-V4_f8KOHiNxJjJQCnla-e1683285034439.jpg","type":"image\/jpeg"}],"twitter_card":"summary_large_image","twitter_misc":{"Tiempo de lectura":"2 minutos"},"schema":{"@context":"https:\/\/schema.org","@graph":[{"@type":"WebPage","@id":"https:\/\/mefp.grupopiquer.com\/inscripciones\/producto\/adgn049po-fiscalidad-en-la-pyme-40-horas\/","url":"https:\/\/mefp.grupopiquer.com\/inscripciones\/producto\/adgn049po-fiscalidad-en-la-pyme-40-horas\/","name":"ADGN049PO - Fiscalidad en la Pyme (40 horas) - Contenidos Online","isPartOf":{"@id":"https:\/\/mefp.grupopiquer.com\/inscripciones\/#website"},"primaryImageOfPage":{"@id":"https:\/\/mefp.grupopiquer.com\/inscripciones\/producto\/adgn049po-fiscalidad-en-la-pyme-40-horas\/#primaryimage"},"image":{"@id":"https:\/\/mefp.grupopiquer.com\/inscripciones\/producto\/adgn049po-fiscalidad-en-la-pyme-40-horas\/#primaryimage"},"thumbnailUrl":"https:\/\/mefp.grupopiquer.com\/inscripciones\/wp-content\/uploads\/2023\/05\/lmPmGhuGcrlFI-V4_f8KOHiNxJjJQCnla-e1683285034439.jpg","datePublished":"2023-05-02T10:58:39+00:00","dateModified":"2023-05-15T13:48:13+00:00","breadcrumb":{"@id":"https:\/\/mefp.grupopiquer.com\/inscripciones\/producto\/adgn049po-fiscalidad-en-la-pyme-40-horas\/#breadcrumb"},"inLanguage":"es","potentialAction":[{"@type":"ReadAction","target":["https:\/\/mefp.grupopiquer.com\/inscripciones\/producto\/adgn049po-fiscalidad-en-la-pyme-40-horas\/"]}]},{"@type":"ImageObject","inLanguage":"es","@id":"https:\/\/mefp.grupopiquer.com\/inscripciones\/producto\/adgn049po-fiscalidad-en-la-pyme-40-horas\/#primaryimage","url":"https:\/\/mefp.grupopiquer.com\/inscripciones\/wp-content\/uploads\/2023\/05\/lmPmGhuGcrlFI-V4_f8KOHiNxJjJQCnla-e1683285034439.jpg","contentUrl":"https:\/\/mefp.grupopiquer.com\/inscripciones\/wp-content\/uploads\/2023\/05\/lmPmGhuGcrlFI-V4_f8KOHiNxJjJQCnla-e1683285034439.jpg","width":1680,"height":945},{"@type":"BreadcrumbList","@id":"https:\/\/mefp.grupopiquer.com\/inscripciones\/producto\/adgn049po-fiscalidad-en-la-pyme-40-horas\/#breadcrumb","itemListElement":[{"@type":"ListItem","position":1,"name":"Portada","item":"https:\/\/mefp.grupopiquer.com\/inscripciones\/"},{"@type":"ListItem","position":2,"name":"Tienda","item":"https:\/\/mefp.grupopiquer.com\/inscripciones\/tienda\/"},{"@type":"ListItem","position":3,"name":"ADGN049PO &#8211; Fiscalidad en la Pyme (40 horas)"}]},{"@type":"WebSite","@id":"https:\/\/mefp.grupopiquer.com\/inscripciones\/#website","url":"https:\/\/mefp.grupopiquer.com\/inscripciones\/","name":"Contenidos Online","description":"","publisher":{"@id":"https:\/\/mefp.grupopiquer.com\/inscripciones\/#organization"},"potentialAction":[{"@type":"SearchAction","target":{"@type":"EntryPoint","urlTemplate":"https:\/\/mefp.grupopiquer.com\/inscripciones\/?s={search_term_string}"},"query-input":{"@type":"PropertyValueSpecification","valueRequired":true,"valueName":"search_term_string"}}],"inLanguage":"es"},{"@type":"Organization","@id":"https:\/\/mefp.grupopiquer.com\/inscripciones\/#organization","name":"Contenidos Online","url":"https:\/\/mefp.grupopiquer.com\/inscripciones\/","logo":{"@type":"ImageObject","inLanguage":"es","@id":"https:\/\/mefp.grupopiquer.com\/inscripciones\/#\/schema\/logo\/image\/","url":"","contentUrl":"","caption":"Contenidos Online"},"image":{"@id":"https:\/\/mefp.grupopiquer.com\/inscripciones\/#\/schema\/logo\/image\/"}}]}},"_links":{"self":[{"href":"https:\/\/mefp.grupopiquer.com\/inscripciones\/wp-json\/wp\/v2\/product\/4422"}],"collection":[{"href":"https:\/\/mefp.grupopiquer.com\/inscripciones\/wp-json\/wp\/v2\/product"}],"about":[{"href":"https:\/\/mefp.grupopiquer.com\/inscripciones\/wp-json\/wp\/v2\/types\/product"}],"replies":[{"embeddable":true,"href":"https:\/\/mefp.grupopiquer.com\/inscripciones\/wp-json\/wp\/v2\/comments?post=4422"}],"wp:featuredmedia":[{"embeddable":true,"href":"https:\/\/mefp.grupopiquer.com\/inscripciones\/wp-json\/wp\/v2\/media\/5246"}],"wp:attachment":[{"href":"https:\/\/mefp.grupopiquer.com\/inscripciones\/wp-json\/wp\/v2\/media?parent=4422"}],"wp:term":[{"taxonomy":"product_cat","embeddable":true,"href":"https:\/\/mefp.grupopiquer.com\/inscripciones\/wp-json\/wp\/v2\/product_cat?post=4422"},{"taxonomy":"product_tag","embeddable":true,"href":"https:\/\/mefp.grupopiquer.com\/inscripciones\/wp-json\/wp\/v2\/product_tag?post=4422"}],"curies":[{"name":"wp","href":"https:\/\/api.w.org\/{rel}","templated":true}]}}