{"id":4416,"date":"2023-05-02T10:58:10","date_gmt":"2023-05-02T10:58:10","guid":{"rendered":"https:\/\/mefp.grupopiquer.com\/inscripciones\/producto\/adgg108po-comunicacion-digital-orientada-al-cliente-20-horas\/"},"modified":"2023-05-17T08:28:59","modified_gmt":"2023-05-17T08:28:59","slug":"adgg108po-comunicacion-digital-orientada-al-cliente-20-horas","status":"publish","type":"product","link":"https:\/\/mefp.grupopiquer.com\/inscripciones\/producto\/adgg108po-comunicacion-digital-orientada-al-cliente-20-horas\/","title":{"rendered":"ADGG108PO &#8211; Comunicaci\u00f3n Digital Orientada al Cliente (20 horas)"},"content":{"rendered":"<div id=\"accordion\">\n<h3>OBJETIVOS<\/h3>\n<div>Dotar a los participantes de los conocimientos y habilidades para desarrollar una comunicaci\u00f3n digital orientada al cliente eficaz.<\/div>\n<h3>CONTENIDOS<\/h3>\n<div>1. COMUNICACI\u00d3N DIGITAL<br \/>\n1.1. An\u00e1lisis de las nuevas estrategias de comunicaci\u00f3n.<br \/>\n1.2. Comunicaci\u00f3n Visual: Dise\u00f1o Gr\u00e1fico.<br \/>\n1.3. Comunicaci\u00f3n Escrita: Redacci\u00f3n de textos digitales.<\/p>\n<p>2. MARKETING DIGITAL: Marketing en Internet<br \/>\n2.1. SEO<br \/>\n2.1.1 Promoci\u00f3n en Internet. SEO como proyecto de Marketing.<br \/>\n2.1.2 Modelos de negocio basados en SEO.<br \/>\n2.1.3 Fases de un proyecto SEO.<br \/>\n2.1.4 Herramientas SEO.<br \/>\n2.2. SEM<br \/>\n2.2.1 Definici\u00f3n y Estrategia SEM.<br \/>\n2.2.2 Tipos de campa\u00f1as.<br \/>\n2.2.3 Creaci\u00f3n de una campa\u00f1a.<br \/>\n2.2.4 Creaci\u00f3n de anuncios de calidad.<br \/>\n2.2.5 Indicadores clave del rendimiento en SEM.<br \/>\n2.3. Social Media.<br \/>\n2.3.1 Plan Social Media.<br \/>\n2.3.2 Integraci\u00f3n de las redes sociales en la organizaci\u00f3n; Facebook, Instagram,..<br \/>\n2.3.3 Factores a medir en Social Media.<\/p>\n<p>3. ANAL\u00cdTICA WEB: Herramientas de an\u00e1lisis<br \/>\n3.1. Google Analytics.<br \/>\n3.1.1 Conocer la informaci\u00f3n y recursos que ofrece Google Analytics.<br \/>\n3.1.2 Saber utilizar los datos, informes y m\u00e9tricas de forma correcta.<br \/>\n3.1.3 Mejorar la conversi\u00f3n de un sitio web a trav\u00e9s de Google Analytics.<br \/>\n3.2. HOTJAR<br \/>\n3.2.1 Analizar las interacciones de los usuarios en la Web.<br \/>\n3.2.2 Optimizar aspectos de usabilidad.<br \/>\n3.3. Otras herramientas de an\u00e1lisis.<\/p><\/div>\n<\/div>\n","protected":false},"excerpt":{"rendered":"<p>Dotar a los participantes de los conocimientos y habilidades para desarrollar una comunicaci\u00f3n digital orientada al cliente eficaz.<\/p>\n","protected":false},"featured_media":5249,"comment_status":"closed","ping_status":"closed","template":"","meta":[],"product_cat":[125],"product_tag":[],"class_list":{"0":"post-4416","1":"product","2":"type-product","3":"status-publish","4":"has-post-thumbnail","6":"product_cat-gestion-de-la-informacion-y-comunicacion","8":"first","9":"instock","10":"taxable","11":"shipping-taxable","12":"purchasable","13":"product-type-simple"},"yoast_head":"<!-- This site is optimized with the Yoast SEO plugin v23.5 - https:\/\/yoast.com\/wordpress\/plugins\/seo\/ -->\n<title>ADGG108PO - Comunicaci\u00f3n Digital Orientada al Cliente (20 horas) - Contenidos Online<\/title>\n<meta name=\"robots\" content=\"index, follow, max-snippet:-1, max-image-preview:large, max-video-preview:-1\" \/>\n<link rel=\"canonical\" href=\"https:\/\/mefp.grupopiquer.com\/inscripciones\/producto\/adgg108po-comunicacion-digital-orientada-al-cliente-20-horas\/\" \/>\n<meta property=\"og:locale\" content=\"es_ES\" \/>\n<meta property=\"og:type\" content=\"article\" \/>\n<meta property=\"og:title\" content=\"ADGG108PO - Comunicaci\u00f3n Digital Orientada al Cliente (20 horas) - Contenidos Online\" \/>\n<meta property=\"og:description\" content=\"Dotar a los participantes de los conocimientos y habilidades para desarrollar una comunicaci\u00f3n digital orientada al cliente eficaz.\" \/>\n<meta property=\"og:url\" content=\"https:\/\/mefp.grupopiquer.com\/inscripciones\/producto\/adgg108po-comunicacion-digital-orientada-al-cliente-20-horas\/\" \/>\n<meta property=\"og:site_name\" content=\"Contenidos Online\" \/>\n<meta property=\"article:modified_time\" content=\"2023-05-17T08:28:59+00:00\" \/>\n<meta property=\"og:image\" content=\"https:\/\/mefp.grupopiquer.com\/inscripciones\/wp-content\/uploads\/2023\/05\/0rItPM67hWyCexoz_yi89wbU2YfqZ2WXC-e1683285652494.jpg\" \/>\n\t<meta property=\"og:image:width\" content=\"1680\" \/>\n\t<meta property=\"og:image:height\" content=\"945\" \/>\n\t<meta property=\"og:image:type\" content=\"image\/jpeg\" \/>\n<meta name=\"twitter:card\" content=\"summary_large_image\" \/>\n<meta name=\"twitter:label1\" content=\"Tiempo de lectura\" \/>\n\t<meta name=\"twitter:data1\" content=\"1 minuto\" \/>\n<script type=\"application\/ld+json\" class=\"yoast-schema-graph\">{\"@context\":\"https:\/\/schema.org\",\"@graph\":[{\"@type\":\"WebPage\",\"@id\":\"https:\/\/mefp.grupopiquer.com\/inscripciones\/producto\/adgg108po-comunicacion-digital-orientada-al-cliente-20-horas\/\",\"url\":\"https:\/\/mefp.grupopiquer.com\/inscripciones\/producto\/adgg108po-comunicacion-digital-orientada-al-cliente-20-horas\/\",\"name\":\"ADGG108PO - Comunicaci\u00f3n Digital Orientada al Cliente (20 horas) - Contenidos Online\",\"isPartOf\":{\"@id\":\"https:\/\/mefp.grupopiquer.com\/inscripciones\/#website\"},\"primaryImageOfPage\":{\"@id\":\"https:\/\/mefp.grupopiquer.com\/inscripciones\/producto\/adgg108po-comunicacion-digital-orientada-al-cliente-20-horas\/#primaryimage\"},\"image\":{\"@id\":\"https:\/\/mefp.grupopiquer.com\/inscripciones\/producto\/adgg108po-comunicacion-digital-orientada-al-cliente-20-horas\/#primaryimage\"},\"thumbnailUrl\":\"https:\/\/mefp.grupopiquer.com\/inscripciones\/wp-content\/uploads\/2023\/05\/0rItPM67hWyCexoz_yi89wbU2YfqZ2WXC-e1683285652494.jpg\",\"datePublished\":\"2023-05-02T10:58:10+00:00\",\"dateModified\":\"2023-05-17T08:28:59+00:00\",\"breadcrumb\":{\"@id\":\"https:\/\/mefp.grupopiquer.com\/inscripciones\/producto\/adgg108po-comunicacion-digital-orientada-al-cliente-20-horas\/#breadcrumb\"},\"inLanguage\":\"es\",\"potentialAction\":[{\"@type\":\"ReadAction\",\"target\":[\"https:\/\/mefp.grupopiquer.com\/inscripciones\/producto\/adgg108po-comunicacion-digital-orientada-al-cliente-20-horas\/\"]}]},{\"@type\":\"ImageObject\",\"inLanguage\":\"es\",\"@id\":\"https:\/\/mefp.grupopiquer.com\/inscripciones\/producto\/adgg108po-comunicacion-digital-orientada-al-cliente-20-horas\/#primaryimage\",\"url\":\"https:\/\/mefp.grupopiquer.com\/inscripciones\/wp-content\/uploads\/2023\/05\/0rItPM67hWyCexoz_yi89wbU2YfqZ2WXC-e1683285652494.jpg\",\"contentUrl\":\"https:\/\/mefp.grupopiquer.com\/inscripciones\/wp-content\/uploads\/2023\/05\/0rItPM67hWyCexoz_yi89wbU2YfqZ2WXC-e1683285652494.jpg\",\"width\":1680,\"height\":945},{\"@type\":\"BreadcrumbList\",\"@id\":\"https:\/\/mefp.grupopiquer.com\/inscripciones\/producto\/adgg108po-comunicacion-digital-orientada-al-cliente-20-horas\/#breadcrumb\",\"itemListElement\":[{\"@type\":\"ListItem\",\"position\":1,\"name\":\"Portada\",\"item\":\"https:\/\/mefp.grupopiquer.com\/inscripciones\/\"},{\"@type\":\"ListItem\",\"position\":2,\"name\":\"Tienda\",\"item\":\"https:\/\/mefp.grupopiquer.com\/inscripciones\/tienda\/\"},{\"@type\":\"ListItem\",\"position\":3,\"name\":\"ADGG108PO &#8211; Comunicaci\u00f3n Digital Orientada al Cliente (20 horas)\"}]},{\"@type\":\"WebSite\",\"@id\":\"https:\/\/mefp.grupopiquer.com\/inscripciones\/#website\",\"url\":\"https:\/\/mefp.grupopiquer.com\/inscripciones\/\",\"name\":\"Contenidos Online\",\"description\":\"\",\"publisher\":{\"@id\":\"https:\/\/mefp.grupopiquer.com\/inscripciones\/#organization\"},\"potentialAction\":[{\"@type\":\"SearchAction\",\"target\":{\"@type\":\"EntryPoint\",\"urlTemplate\":\"https:\/\/mefp.grupopiquer.com\/inscripciones\/?s={search_term_string}\"},\"query-input\":{\"@type\":\"PropertyValueSpecification\",\"valueRequired\":true,\"valueName\":\"search_term_string\"}}],\"inLanguage\":\"es\"},{\"@type\":\"Organization\",\"@id\":\"https:\/\/mefp.grupopiquer.com\/inscripciones\/#organization\",\"name\":\"Contenidos Online\",\"url\":\"https:\/\/mefp.grupopiquer.com\/inscripciones\/\",\"logo\":{\"@type\":\"ImageObject\",\"inLanguage\":\"es\",\"@id\":\"https:\/\/mefp.grupopiquer.com\/inscripciones\/#\/schema\/logo\/image\/\",\"url\":\"\",\"contentUrl\":\"\",\"caption\":\"Contenidos Online\"},\"image\":{\"@id\":\"https:\/\/mefp.grupopiquer.com\/inscripciones\/#\/schema\/logo\/image\/\"}}]}<\/script>\n<!-- \/ Yoast SEO plugin. -->","yoast_head_json":{"title":"ADGG108PO - Comunicaci\u00f3n Digital Orientada al Cliente (20 horas) - Contenidos Online","robots":{"index":"index","follow":"follow","max-snippet":"max-snippet:-1","max-image-preview":"max-image-preview:large","max-video-preview":"max-video-preview:-1"},"canonical":"https:\/\/mefp.grupopiquer.com\/inscripciones\/producto\/adgg108po-comunicacion-digital-orientada-al-cliente-20-horas\/","og_locale":"es_ES","og_type":"article","og_title":"ADGG108PO - Comunicaci\u00f3n Digital Orientada al Cliente (20 horas) - Contenidos Online","og_description":"Dotar a los participantes de los conocimientos y habilidades para desarrollar una comunicaci\u00f3n digital orientada al cliente eficaz.","og_url":"https:\/\/mefp.grupopiquer.com\/inscripciones\/producto\/adgg108po-comunicacion-digital-orientada-al-cliente-20-horas\/","og_site_name":"Contenidos Online","article_modified_time":"2023-05-17T08:28:59+00:00","og_image":[{"width":1680,"height":945,"url":"https:\/\/mefp.grupopiquer.com\/inscripciones\/wp-content\/uploads\/2023\/05\/0rItPM67hWyCexoz_yi89wbU2YfqZ2WXC-e1683285652494.jpg","type":"image\/jpeg"}],"twitter_card":"summary_large_image","twitter_misc":{"Tiempo de lectura":"1 minuto"},"schema":{"@context":"https:\/\/schema.org","@graph":[{"@type":"WebPage","@id":"https:\/\/mefp.grupopiquer.com\/inscripciones\/producto\/adgg108po-comunicacion-digital-orientada-al-cliente-20-horas\/","url":"https:\/\/mefp.grupopiquer.com\/inscripciones\/producto\/adgg108po-comunicacion-digital-orientada-al-cliente-20-horas\/","name":"ADGG108PO - Comunicaci\u00f3n Digital Orientada al Cliente (20 horas) - Contenidos Online","isPartOf":{"@id":"https:\/\/mefp.grupopiquer.com\/inscripciones\/#website"},"primaryImageOfPage":{"@id":"https:\/\/mefp.grupopiquer.com\/inscripciones\/producto\/adgg108po-comunicacion-digital-orientada-al-cliente-20-horas\/#primaryimage"},"image":{"@id":"https:\/\/mefp.grupopiquer.com\/inscripciones\/producto\/adgg108po-comunicacion-digital-orientada-al-cliente-20-horas\/#primaryimage"},"thumbnailUrl":"https:\/\/mefp.grupopiquer.com\/inscripciones\/wp-content\/uploads\/2023\/05\/0rItPM67hWyCexoz_yi89wbU2YfqZ2WXC-e1683285652494.jpg","datePublished":"2023-05-02T10:58:10+00:00","dateModified":"2023-05-17T08:28:59+00:00","breadcrumb":{"@id":"https:\/\/mefp.grupopiquer.com\/inscripciones\/producto\/adgg108po-comunicacion-digital-orientada-al-cliente-20-horas\/#breadcrumb"},"inLanguage":"es","potentialAction":[{"@type":"ReadAction","target":["https:\/\/mefp.grupopiquer.com\/inscripciones\/producto\/adgg108po-comunicacion-digital-orientada-al-cliente-20-horas\/"]}]},{"@type":"ImageObject","inLanguage":"es","@id":"https:\/\/mefp.grupopiquer.com\/inscripciones\/producto\/adgg108po-comunicacion-digital-orientada-al-cliente-20-horas\/#primaryimage","url":"https:\/\/mefp.grupopiquer.com\/inscripciones\/wp-content\/uploads\/2023\/05\/0rItPM67hWyCexoz_yi89wbU2YfqZ2WXC-e1683285652494.jpg","contentUrl":"https:\/\/mefp.grupopiquer.com\/inscripciones\/wp-content\/uploads\/2023\/05\/0rItPM67hWyCexoz_yi89wbU2YfqZ2WXC-e1683285652494.jpg","width":1680,"height":945},{"@type":"BreadcrumbList","@id":"https:\/\/mefp.grupopiquer.com\/inscripciones\/producto\/adgg108po-comunicacion-digital-orientada-al-cliente-20-horas\/#breadcrumb","itemListElement":[{"@type":"ListItem","position":1,"name":"Portada","item":"https:\/\/mefp.grupopiquer.com\/inscripciones\/"},{"@type":"ListItem","position":2,"name":"Tienda","item":"https:\/\/mefp.grupopiquer.com\/inscripciones\/tienda\/"},{"@type":"ListItem","position":3,"name":"ADGG108PO &#8211; Comunicaci\u00f3n Digital Orientada al Cliente (20 horas)"}]},{"@type":"WebSite","@id":"https:\/\/mefp.grupopiquer.com\/inscripciones\/#website","url":"https:\/\/mefp.grupopiquer.com\/inscripciones\/","name":"Contenidos Online","description":"","publisher":{"@id":"https:\/\/mefp.grupopiquer.com\/inscripciones\/#organization"},"potentialAction":[{"@type":"SearchAction","target":{"@type":"EntryPoint","urlTemplate":"https:\/\/mefp.grupopiquer.com\/inscripciones\/?s={search_term_string}"},"query-input":{"@type":"PropertyValueSpecification","valueRequired":true,"valueName":"search_term_string"}}],"inLanguage":"es"},{"@type":"Organization","@id":"https:\/\/mefp.grupopiquer.com\/inscripciones\/#organization","name":"Contenidos Online","url":"https:\/\/mefp.grupopiquer.com\/inscripciones\/","logo":{"@type":"ImageObject","inLanguage":"es","@id":"https:\/\/mefp.grupopiquer.com\/inscripciones\/#\/schema\/logo\/image\/","url":"","contentUrl":"","caption":"Contenidos Online"},"image":{"@id":"https:\/\/mefp.grupopiquer.com\/inscripciones\/#\/schema\/logo\/image\/"}}]}},"_links":{"self":[{"href":"https:\/\/mefp.grupopiquer.com\/inscripciones\/wp-json\/wp\/v2\/product\/4416"}],"collection":[{"href":"https:\/\/mefp.grupopiquer.com\/inscripciones\/wp-json\/wp\/v2\/product"}],"about":[{"href":"https:\/\/mefp.grupopiquer.com\/inscripciones\/wp-json\/wp\/v2\/types\/product"}],"replies":[{"embeddable":true,"href":"https:\/\/mefp.grupopiquer.com\/inscripciones\/wp-json\/wp\/v2\/comments?post=4416"}],"wp:featuredmedia":[{"embeddable":true,"href":"https:\/\/mefp.grupopiquer.com\/inscripciones\/wp-json\/wp\/v2\/media\/5249"}],"wp:attachment":[{"href":"https:\/\/mefp.grupopiquer.com\/inscripciones\/wp-json\/wp\/v2\/media?parent=4416"}],"wp:term":[{"taxonomy":"product_cat","embeddable":true,"href":"https:\/\/mefp.grupopiquer.com\/inscripciones\/wp-json\/wp\/v2\/product_cat?post=4416"},{"taxonomy":"product_tag","embeddable":true,"href":"https:\/\/mefp.grupopiquer.com\/inscripciones\/wp-json\/wp\/v2\/product_tag?post=4416"}],"curies":[{"name":"wp","href":"https:\/\/api.w.org\/{rel}","templated":true}]}}