{"id":4396,"date":"2023-05-02T10:56:21","date_gmt":"2023-05-02T10:56:21","guid":{"rendered":"https:\/\/mefp.grupopiquer.com\/inscripciones\/producto\/adgg057po-ofimatica-aplicaciones-informaticas-de-gestion-50-horas\/"},"modified":"2023-05-17T08:37:21","modified_gmt":"2023-05-17T08:37:21","slug":"adgg057po-ofimatica-aplicaciones-informaticas-de-gestion-50-horas","status":"publish","type":"product","link":"https:\/\/mefp.grupopiquer.com\/inscripciones\/producto\/adgg057po-ofimatica-aplicaciones-informaticas-de-gestion-50-horas\/","title":{"rendered":"ADGG057PO &#8211; Ofim\u00e1tica: Aplicaciones Inform\u00e1ticas de Gesti\u00f3n (50 horas)"},"content":{"rendered":"<div id=\"accordion\">\n<h3>OBJETIVOS<\/h3>\n<div>Adquirir los conocimientos y destrezas necesarios para desenvolverse en el entorno Windows y utilizar los programas de Microsoft Office: tratamiento de textos, hoja de c\u00e1lculo, base de datos y creaci\u00f3n de presentaciones.<\/div>\n<h3>CONTENIDOS<\/h3>\n<div>1. CONCEPTOS B\u00c1SICOS<br \/>\n1.1. Hardware, software y perif\u00e9ricos.<br \/>\n1.2. Sistemas operativos.<br \/>\n1.3. Windows.<br \/>\n1.4. Principales funciones del escritorio y Herramientas.<br \/>\n1.5. Panel de control.<br \/>\n1.6. Agregar o quitar programas.<br \/>\n1.7. Creaci\u00f3n de carpetas, mover, cortar y copiar carpetas.<br \/>\n1.8. Instalaci\u00f3n de un programa.<br \/>\n1.9. Utilizaci\u00f3n de material multimedia.<br \/>\n1.10. El paint.<\/p>\n<p>2. APLICACIONES OFIM\u00c1TICAS. CONOCIMIENTOS B\u00c1SICOS Y FUNCIONAMIENTO A NIVEL DE USUARIO: PROCESADOR DE TEXTOS<br \/>\n2.1. Introducci\u00f3n a Word.<br \/>\n2.2. Dise\u00f1o y edici\u00f3n de documentos.<br \/>\n2.3. Cortar, copiar y pegar textos.<br \/>\n2.4. Formato.<br \/>\n2.5. Estilos.<br \/>\n2.6. Bordes y sombreados.<br \/>\n2.7. Numeraci\u00f3n y vi\u00f1etas.<br \/>\n2.8. Dise\u00f1o de p\u00e1gina.<br \/>\n2.9. Insertar tablas.<br \/>\n2.10. Insertar gr\u00e1ficos.<br \/>\n2.11. Revisar.<br \/>\n2.12. Opciones de correspondencia.<br \/>\n2.13. Opciones de vista.<br \/>\n2.14. Ortograf\u00eda.<br \/>\n2.15. Opciones de impresi\u00f3n.<br \/>\n2.16. La ayuda.<br \/>\n2.17. Grabaci\u00f3n y recuperaci\u00f3n de documentos.<\/p>\n<p>3. HOJAS DE C\u00c1LCULO: EXCEL<br \/>\n3.1. Concepto.<br \/>\n3.2. El entorno de Excel.<br \/>\n3.3. Crear y abrir libros de trabajo.<br \/>\n3.4. Hojas.<br \/>\n3.5. Dise\u00f1o y edici\u00f3n de una hoja de c\u00e1lculo.<br \/>\n3.6. Crear tablas.<br \/>\n3.7. Modificar.<br \/>\n3.8. Seleccionar elementos de una tabla.<br \/>\n3.9. Formatos.<br \/>\n3.10. Insertar, eliminar filas y columnas.<br \/>\n3.11. Opciones de impresi\u00f3n.<br \/>\n3.12. Funciones de c\u00e1lculo b\u00e1sicas.<br \/>\n3.13. Gr\u00e1ficos.<\/p>\n<p>4. BASES DE DATOS: ACCESS<br \/>\n4.1. Ejecutar el programa.<br \/>\n4.2. Crear una base de datos.<br \/>\n4.3. Componentes de la base de datos.<br \/>\n4.4. Insertar campos.<br \/>\n4.5. Bases de datos relacionales.<br \/>\n4.6. Tablas: crear tabla y formato de tabla.<br \/>\n4.7. Convertir texto en tablas y viceversa.<br \/>\n4.8. Relaciones entre tablas. Formularios, consultas e informes.<br \/>\n4.9. Vistas del formulario.<br \/>\n4.10. Autoformatos.<br \/>\n4.11. El asistente para consultas.<br \/>\n4.12. Agrupaci\u00f3n de registros.<br \/>\n4.13. Informes.<\/p>\n<p>5. PRESENTACIONES GR\u00c1FICAS CON POWER POINT<br \/>\n5.1. Ejecutar el programa.<br \/>\n5.2. Conceptos b\u00e1sicos.<br \/>\n5.3. Elaboraci\u00f3n de presentaciones sencillas.<br \/>\n5.4. Modelos de diapositivas.<br \/>\n5.5. Diapositiva en blanco.<br \/>\n5.6. A\u00f1adir y eliminar diapositiva.<br \/>\n5.7. Modificar el orden.<br \/>\n5.8. Maquetaci\u00f3n de diapositivas: Dar formato. Incluir objetos, l\u00edneas y formas. Insertar archivo de audio. Transici\u00f3n y efectos. Presentaci\u00f3n final.<\/p>\n<p>6. NOCIONES B\u00c1SICAS PARA LA NAVEGACI\u00d3N EN INTERNET<br \/>\n6.1.World Wide Web.<br \/>\n6.2. Navegadores habituales.<br \/>\n6.3. Internet Explorer.<br \/>\n6.4. Abrir ventana.<br \/>\n6.5. Buscadores m\u00e1s habituales.<br \/>\n6.6. Pesta\u00f1as.<br \/>\n6.7. Nueva pesta\u00f1a.<br \/>\n6.8. La barra de navegaci\u00f3n.<br \/>\n6.9. Barras de herramientas.<br \/>\n6.10. Barras del explorador.<br \/>\n6.11. Ayuda.<br \/>\n6.12. Favoritos.<br \/>\n6.13. Opciones de internet.<br \/>\n6.14. Control de contenidos.<br \/>\n6.15. Acceso telef\u00f3nico a redes: Configuraci\u00f3n.<br \/>\n6.16. Correo electr\u00f3nico.<br \/>\n6.17. Web mail y correo pop.<br \/>\n6.18. Outlook.<\/p>\n<\/div>\n<\/div>\n","protected":false},"excerpt":{"rendered":"<p>Adquirir los conocimientos y destrezas necesarios para desenvolverse en el entorno Windows y utilizar los programas de Microsoft Office: tratamiento de textos, hoja de c\u00e1lculo, base de datos y creaci\u00f3n de presentaciones.<\/p>\n","protected":false},"featured_media":5258,"comment_status":"closed","ping_status":"closed","template":"","meta":[],"product_cat":[125],"product_tag":[],"class_list":{"0":"post-4396","1":"product","2":"type-product","3":"status-publish","4":"has-post-thumbnail","6":"product_cat-gestion-de-la-informacion-y-comunicacion","8":"first","9":"instock","10":"taxable","11":"shipping-taxable","12":"purchasable","13":"product-type-simple"},"yoast_head":"<!-- This site is optimized with the Yoast SEO plugin v23.5 - https:\/\/yoast.com\/wordpress\/plugins\/seo\/ -->\n<title>ADGG057PO - Ofim\u00e1tica: Aplicaciones Inform\u00e1ticas de Gesti\u00f3n (50 horas) - Contenidos Online<\/title>\n<meta name=\"robots\" content=\"index, follow, max-snippet:-1, max-image-preview:large, max-video-preview:-1\" \/>\n<link rel=\"canonical\" href=\"https:\/\/mefp.grupopiquer.com\/inscripciones\/producto\/adgg057po-ofimatica-aplicaciones-informaticas-de-gestion-50-horas\/\" \/>\n<meta property=\"og:locale\" content=\"es_ES\" \/>\n<meta property=\"og:type\" content=\"article\" \/>\n<meta property=\"og:title\" content=\"ADGG057PO - Ofim\u00e1tica: Aplicaciones Inform\u00e1ticas de Gesti\u00f3n (50 horas) - Contenidos Online\" \/>\n<meta property=\"og:description\" content=\"Adquirir los conocimientos y destrezas necesarios para desenvolverse en el entorno Windows y utilizar los programas de Microsoft Office: tratamiento de textos, hoja de c\u00e1lculo, base de datos y creaci\u00f3n de presentaciones.\" \/>\n<meta property=\"og:url\" content=\"https:\/\/mefp.grupopiquer.com\/inscripciones\/producto\/adgg057po-ofimatica-aplicaciones-informaticas-de-gestion-50-horas\/\" \/>\n<meta property=\"og:site_name\" content=\"Contenidos Online\" \/>\n<meta property=\"article:modified_time\" content=\"2023-05-17T08:37:21+00:00\" \/>\n<meta property=\"og:image\" content=\"https:\/\/mefp.grupopiquer.com\/inscripciones\/wp-content\/uploads\/2023\/05\/KmlsFcr6Wqa2Lssc_UDKywEkrd4RSk-5X-e1683287797939.jpg\" \/>\n\t<meta property=\"og:image:width\" content=\"1500\" \/>\n\t<meta property=\"og:image:height\" content=\"843\" \/>\n\t<meta property=\"og:image:type\" content=\"image\/jpeg\" \/>\n<meta name=\"twitter:card\" content=\"summary_large_image\" \/>\n<meta name=\"twitter:label1\" content=\"Tiempo de lectura\" \/>\n\t<meta name=\"twitter:data1\" content=\"2 minutos\" \/>\n<script type=\"application\/ld+json\" class=\"yoast-schema-graph\">{\"@context\":\"https:\/\/schema.org\",\"@graph\":[{\"@type\":\"WebPage\",\"@id\":\"https:\/\/mefp.grupopiquer.com\/inscripciones\/producto\/adgg057po-ofimatica-aplicaciones-informaticas-de-gestion-50-horas\/\",\"url\":\"https:\/\/mefp.grupopiquer.com\/inscripciones\/producto\/adgg057po-ofimatica-aplicaciones-informaticas-de-gestion-50-horas\/\",\"name\":\"ADGG057PO - Ofim\u00e1tica: Aplicaciones Inform\u00e1ticas de Gesti\u00f3n (50 horas) - Contenidos Online\",\"isPartOf\":{\"@id\":\"https:\/\/mefp.grupopiquer.com\/inscripciones\/#website\"},\"primaryImageOfPage\":{\"@id\":\"https:\/\/mefp.grupopiquer.com\/inscripciones\/producto\/adgg057po-ofimatica-aplicaciones-informaticas-de-gestion-50-horas\/#primaryimage\"},\"image\":{\"@id\":\"https:\/\/mefp.grupopiquer.com\/inscripciones\/producto\/adgg057po-ofimatica-aplicaciones-informaticas-de-gestion-50-horas\/#primaryimage\"},\"thumbnailUrl\":\"https:\/\/mefp.grupopiquer.com\/inscripciones\/wp-content\/uploads\/2023\/05\/KmlsFcr6Wqa2Lssc_UDKywEkrd4RSk-5X-e1683287797939.jpg\",\"datePublished\":\"2023-05-02T10:56:21+00:00\",\"dateModified\":\"2023-05-17T08:37:21+00:00\",\"breadcrumb\":{\"@id\":\"https:\/\/mefp.grupopiquer.com\/inscripciones\/producto\/adgg057po-ofimatica-aplicaciones-informaticas-de-gestion-50-horas\/#breadcrumb\"},\"inLanguage\":\"es\",\"potentialAction\":[{\"@type\":\"ReadAction\",\"target\":[\"https:\/\/mefp.grupopiquer.com\/inscripciones\/producto\/adgg057po-ofimatica-aplicaciones-informaticas-de-gestion-50-horas\/\"]}]},{\"@type\":\"ImageObject\",\"inLanguage\":\"es\",\"@id\":\"https:\/\/mefp.grupopiquer.com\/inscripciones\/producto\/adgg057po-ofimatica-aplicaciones-informaticas-de-gestion-50-horas\/#primaryimage\",\"url\":\"https:\/\/mefp.grupopiquer.com\/inscripciones\/wp-content\/uploads\/2023\/05\/KmlsFcr6Wqa2Lssc_UDKywEkrd4RSk-5X-e1683287797939.jpg\",\"contentUrl\":\"https:\/\/mefp.grupopiquer.com\/inscripciones\/wp-content\/uploads\/2023\/05\/KmlsFcr6Wqa2Lssc_UDKywEkrd4RSk-5X-e1683287797939.jpg\",\"width\":1500,\"height\":843},{\"@type\":\"BreadcrumbList\",\"@id\":\"https:\/\/mefp.grupopiquer.com\/inscripciones\/producto\/adgg057po-ofimatica-aplicaciones-informaticas-de-gestion-50-horas\/#breadcrumb\",\"itemListElement\":[{\"@type\":\"ListItem\",\"position\":1,\"name\":\"Portada\",\"item\":\"https:\/\/mefp.grupopiquer.com\/inscripciones\/\"},{\"@type\":\"ListItem\",\"position\":2,\"name\":\"Tienda\",\"item\":\"https:\/\/mefp.grupopiquer.com\/inscripciones\/tienda\/\"},{\"@type\":\"ListItem\",\"position\":3,\"name\":\"ADGG057PO &#8211; Ofim\u00e1tica: Aplicaciones Inform\u00e1ticas de Gesti\u00f3n (50 horas)\"}]},{\"@type\":\"WebSite\",\"@id\":\"https:\/\/mefp.grupopiquer.com\/inscripciones\/#website\",\"url\":\"https:\/\/mefp.grupopiquer.com\/inscripciones\/\",\"name\":\"Contenidos Online\",\"description\":\"\",\"publisher\":{\"@id\":\"https:\/\/mefp.grupopiquer.com\/inscripciones\/#organization\"},\"potentialAction\":[{\"@type\":\"SearchAction\",\"target\":{\"@type\":\"EntryPoint\",\"urlTemplate\":\"https:\/\/mefp.grupopiquer.com\/inscripciones\/?s={search_term_string}\"},\"query-input\":{\"@type\":\"PropertyValueSpecification\",\"valueRequired\":true,\"valueName\":\"search_term_string\"}}],\"inLanguage\":\"es\"},{\"@type\":\"Organization\",\"@id\":\"https:\/\/mefp.grupopiquer.com\/inscripciones\/#organization\",\"name\":\"Contenidos Online\",\"url\":\"https:\/\/mefp.grupopiquer.com\/inscripciones\/\",\"logo\":{\"@type\":\"ImageObject\",\"inLanguage\":\"es\",\"@id\":\"https:\/\/mefp.grupopiquer.com\/inscripciones\/#\/schema\/logo\/image\/\",\"url\":\"\",\"contentUrl\":\"\",\"caption\":\"Contenidos Online\"},\"image\":{\"@id\":\"https:\/\/mefp.grupopiquer.com\/inscripciones\/#\/schema\/logo\/image\/\"}}]}<\/script>\n<!-- \/ Yoast SEO plugin. -->","yoast_head_json":{"title":"ADGG057PO - Ofim\u00e1tica: Aplicaciones Inform\u00e1ticas de Gesti\u00f3n (50 horas) - Contenidos Online","robots":{"index":"index","follow":"follow","max-snippet":"max-snippet:-1","max-image-preview":"max-image-preview:large","max-video-preview":"max-video-preview:-1"},"canonical":"https:\/\/mefp.grupopiquer.com\/inscripciones\/producto\/adgg057po-ofimatica-aplicaciones-informaticas-de-gestion-50-horas\/","og_locale":"es_ES","og_type":"article","og_title":"ADGG057PO - Ofim\u00e1tica: Aplicaciones Inform\u00e1ticas de Gesti\u00f3n (50 horas) - Contenidos Online","og_description":"Adquirir los conocimientos y destrezas necesarios para desenvolverse en el entorno Windows y utilizar los programas de Microsoft Office: tratamiento de textos, hoja de c\u00e1lculo, base de datos y creaci\u00f3n de presentaciones.","og_url":"https:\/\/mefp.grupopiquer.com\/inscripciones\/producto\/adgg057po-ofimatica-aplicaciones-informaticas-de-gestion-50-horas\/","og_site_name":"Contenidos Online","article_modified_time":"2023-05-17T08:37:21+00:00","og_image":[{"width":1500,"height":843,"url":"https:\/\/mefp.grupopiquer.com\/inscripciones\/wp-content\/uploads\/2023\/05\/KmlsFcr6Wqa2Lssc_UDKywEkrd4RSk-5X-e1683287797939.jpg","type":"image\/jpeg"}],"twitter_card":"summary_large_image","twitter_misc":{"Tiempo de lectura":"2 minutos"},"schema":{"@context":"https:\/\/schema.org","@graph":[{"@type":"WebPage","@id":"https:\/\/mefp.grupopiquer.com\/inscripciones\/producto\/adgg057po-ofimatica-aplicaciones-informaticas-de-gestion-50-horas\/","url":"https:\/\/mefp.grupopiquer.com\/inscripciones\/producto\/adgg057po-ofimatica-aplicaciones-informaticas-de-gestion-50-horas\/","name":"ADGG057PO - Ofim\u00e1tica: Aplicaciones Inform\u00e1ticas de Gesti\u00f3n (50 horas) - Contenidos Online","isPartOf":{"@id":"https:\/\/mefp.grupopiquer.com\/inscripciones\/#website"},"primaryImageOfPage":{"@id":"https:\/\/mefp.grupopiquer.com\/inscripciones\/producto\/adgg057po-ofimatica-aplicaciones-informaticas-de-gestion-50-horas\/#primaryimage"},"image":{"@id":"https:\/\/mefp.grupopiquer.com\/inscripciones\/producto\/adgg057po-ofimatica-aplicaciones-informaticas-de-gestion-50-horas\/#primaryimage"},"thumbnailUrl":"https:\/\/mefp.grupopiquer.com\/inscripciones\/wp-content\/uploads\/2023\/05\/KmlsFcr6Wqa2Lssc_UDKywEkrd4RSk-5X-e1683287797939.jpg","datePublished":"2023-05-02T10:56:21+00:00","dateModified":"2023-05-17T08:37:21+00:00","breadcrumb":{"@id":"https:\/\/mefp.grupopiquer.com\/inscripciones\/producto\/adgg057po-ofimatica-aplicaciones-informaticas-de-gestion-50-horas\/#breadcrumb"},"inLanguage":"es","potentialAction":[{"@type":"ReadAction","target":["https:\/\/mefp.grupopiquer.com\/inscripciones\/producto\/adgg057po-ofimatica-aplicaciones-informaticas-de-gestion-50-horas\/"]}]},{"@type":"ImageObject","inLanguage":"es","@id":"https:\/\/mefp.grupopiquer.com\/inscripciones\/producto\/adgg057po-ofimatica-aplicaciones-informaticas-de-gestion-50-horas\/#primaryimage","url":"https:\/\/mefp.grupopiquer.com\/inscripciones\/wp-content\/uploads\/2023\/05\/KmlsFcr6Wqa2Lssc_UDKywEkrd4RSk-5X-e1683287797939.jpg","contentUrl":"https:\/\/mefp.grupopiquer.com\/inscripciones\/wp-content\/uploads\/2023\/05\/KmlsFcr6Wqa2Lssc_UDKywEkrd4RSk-5X-e1683287797939.jpg","width":1500,"height":843},{"@type":"BreadcrumbList","@id":"https:\/\/mefp.grupopiquer.com\/inscripciones\/producto\/adgg057po-ofimatica-aplicaciones-informaticas-de-gestion-50-horas\/#breadcrumb","itemListElement":[{"@type":"ListItem","position":1,"name":"Portada","item":"https:\/\/mefp.grupopiquer.com\/inscripciones\/"},{"@type":"ListItem","position":2,"name":"Tienda","item":"https:\/\/mefp.grupopiquer.com\/inscripciones\/tienda\/"},{"@type":"ListItem","position":3,"name":"ADGG057PO &#8211; Ofim\u00e1tica: Aplicaciones Inform\u00e1ticas de Gesti\u00f3n (50 horas)"}]},{"@type":"WebSite","@id":"https:\/\/mefp.grupopiquer.com\/inscripciones\/#website","url":"https:\/\/mefp.grupopiquer.com\/inscripciones\/","name":"Contenidos Online","description":"","publisher":{"@id":"https:\/\/mefp.grupopiquer.com\/inscripciones\/#organization"},"potentialAction":[{"@type":"SearchAction","target":{"@type":"EntryPoint","urlTemplate":"https:\/\/mefp.grupopiquer.com\/inscripciones\/?s={search_term_string}"},"query-input":{"@type":"PropertyValueSpecification","valueRequired":true,"valueName":"search_term_string"}}],"inLanguage":"es"},{"@type":"Organization","@id":"https:\/\/mefp.grupopiquer.com\/inscripciones\/#organization","name":"Contenidos Online","url":"https:\/\/mefp.grupopiquer.com\/inscripciones\/","logo":{"@type":"ImageObject","inLanguage":"es","@id":"https:\/\/mefp.grupopiquer.com\/inscripciones\/#\/schema\/logo\/image\/","url":"","contentUrl":"","caption":"Contenidos Online"},"image":{"@id":"https:\/\/mefp.grupopiquer.com\/inscripciones\/#\/schema\/logo\/image\/"}}]}},"_links":{"self":[{"href":"https:\/\/mefp.grupopiquer.com\/inscripciones\/wp-json\/wp\/v2\/product\/4396"}],"collection":[{"href":"https:\/\/mefp.grupopiquer.com\/inscripciones\/wp-json\/wp\/v2\/product"}],"about":[{"href":"https:\/\/mefp.grupopiquer.com\/inscripciones\/wp-json\/wp\/v2\/types\/product"}],"replies":[{"embeddable":true,"href":"https:\/\/mefp.grupopiquer.com\/inscripciones\/wp-json\/wp\/v2\/comments?post=4396"}],"wp:featuredmedia":[{"embeddable":true,"href":"https:\/\/mefp.grupopiquer.com\/inscripciones\/wp-json\/wp\/v2\/media\/5258"}],"wp:attachment":[{"href":"https:\/\/mefp.grupopiquer.com\/inscripciones\/wp-json\/wp\/v2\/media?parent=4396"}],"wp:term":[{"taxonomy":"product_cat","embeddable":true,"href":"https:\/\/mefp.grupopiquer.com\/inscripciones\/wp-json\/wp\/v2\/product_cat?post=4396"},{"taxonomy":"product_tag","embeddable":true,"href":"https:\/\/mefp.grupopiquer.com\/inscripciones\/wp-json\/wp\/v2\/product_tag?post=4396"}],"curies":[{"name":"wp","href":"https:\/\/api.w.org\/{rel}","templated":true}]}}