{"id":4335,"date":"2023-05-02T10:50:49","date_gmt":"2023-05-02T10:50:49","guid":{"rendered":"https:\/\/mefp.grupopiquer.com\/inscripciones\/producto\/adgd203po-plan-de-formacion-desarrollo-implantacion-seguimiento-y-evaluacion-20-horas\/"},"modified":"2023-05-15T14:45:31","modified_gmt":"2023-05-15T14:45:31","slug":"adgd203po-plan-de-formacion-desarrollo-implantacion-seguimiento-y-evaluacion-20-horas","status":"publish","type":"product","link":"https:\/\/mefp.grupopiquer.com\/inscripciones\/producto\/adgd203po-plan-de-formacion-desarrollo-implantacion-seguimiento-y-evaluacion-20-horas\/","title":{"rendered":"ADGD203PO &#8211; Plan de Formaci\u00f3n. Desarrollo, Implantaci\u00f3n, Seguimiento y Evaluaci\u00f3n (20 horas)"},"content":{"rendered":"<div id=\"accordion\">\n<h3>OBJETIVOS<\/h3>\n<div>\u2022 Identificar la importancia de la formaci\u00f3n en la gesti\u00f3n de los RRHH.<br \/>\n\u2022 Delimitar las necesidades de formaci\u00f3n.<br \/>\n\u2022 Saber planificar la formaci\u00f3n y ponerla en marcha.<br \/>\n\u2022 Llevar a cabo la evaluaci\u00f3n y control de la formaci\u00f3n.<\/div>\n<h3>CONTENIDOS<\/h3>\n<div>1. LA FORMACI\u00d3N EN LA GESTI\u00d3N DE LOS RRHH<br \/>\n1.1. La Funci\u00f3n de la formaci\u00f3n en la gesti\u00f3n de los RRHH.<br \/>\n1.2. La Formaci\u00f3n como proceso.<br \/>\n1.3. Conclusiones.<\/p>\n<p>2. LAS NECESIDADES DE FORMACION<br \/>\n2.1. La definici\u00f3n de las exigencias y necesidades de Formaci\u00f3n.<br \/>\n2.2. Definici\u00f3n de necesidades estrat\u00e9gicas y necesidades inmediatas<br \/>\n2.3. El manual de funciones y la elaboraci\u00f3n de perfiles de exigencias<br \/>\n2.4. Problemas en la determinaci\u00f3n de las necesidades.<br \/>\n2.5. T\u00e9cnicas e instrumentos<br \/>\n2.6. Conclusiones<br \/>\n2.7. T\u00e9cnicas e instrumentos.<\/p>\n<p>3. PLANIFICACI\u00d3N DE LA FORMACION Y PUESTA EN MARCHA<br \/>\n3.1. La elaboraci\u00f3n del Plan de Formaci\u00f3n.<br \/>\n3.2. Definir las acciones de formaci\u00f3n.<br \/>\n3.3. Definici\u00f3n de objetivos de aprendizaje y operativos<br \/>\n3.4. Selecci\u00f3n y organizaci\u00f3n de contenidos.<br \/>\n3.5. Elecci\u00f3n de estrategias did\u00e1cticas.<br \/>\n3.6. Modalidad de la formaci\u00f3n: presencial, a distancia y\/o semipresencial.<br \/>\n3.7. Planificaci\u00f3n de fechas de realizaci\u00f3n de los cursos en funci\u00f3n de los criterios geogr\u00e1ficos y medios.<br \/>\n3.8. Determinar los sistemas de evaluaci\u00f3n y formadores.<br \/>\n3.9. Elaboraci\u00f3n del presupuesto de formaci\u00f3n.<br \/>\n3.10. Conclusiones.<\/p>\n<p>4. EVALUACI\u00d3N Y CONTROL DE LA FORMACI\u00d3N<br \/>\n4.1. Definici\u00f3n de Evaluaci\u00f3n.<br \/>\n4.2. Tipo de evaluaciones.<br \/>\n4.3. Evaluaci\u00f3n de la satisfacci\u00f3n del alumnado.<br \/>\n4.4. Evaluaci\u00f3n del profesorado.<br \/>\n4.5. Evaluaci\u00f3n del aprendizaje.<br \/>\n4.6. Seguimiento.<br \/>\n4.7. Conclusiones.\n<\/p><\/div>\n<\/div>\n","protected":false},"excerpt":{"rendered":"<p>\u2022 Identificar la importancia de la formaci\u00f3n en la gesti\u00f3n de los RRHH.<br \/>\n\u2022 Delimitar las necesidades de formaci\u00f3n.<br \/>\n\u2022 Saber planificar la formaci\u00f3n y ponerla en marcha.<br \/>\n\u2022 Llevar a cabo la evaluaci\u00f3n y control de la formaci\u00f3n.<\/p>\n","protected":false},"featured_media":7147,"comment_status":"closed","ping_status":"closed","template":"","meta":[],"product_cat":[126],"product_tag":[],"class_list":{"0":"post-4335","1":"product","2":"type-product","3":"status-publish","4":"has-post-thumbnail","6":"product_cat-administracion-y-auditoria","8":"first","9":"instock","10":"taxable","11":"shipping-taxable","12":"purchasable","13":"product-type-simple"},"yoast_head":"<!-- This site is optimized with the Yoast SEO plugin v23.5 - https:\/\/yoast.com\/wordpress\/plugins\/seo\/ -->\n<title>ADGD203PO - Plan de Formaci\u00f3n. Desarrollo, Implantaci\u00f3n, Seguimiento y Evaluaci\u00f3n (20 horas) - Contenidos Online<\/title>\n<meta name=\"robots\" content=\"index, follow, max-snippet:-1, max-image-preview:large, max-video-preview:-1\" \/>\n<link rel=\"canonical\" href=\"https:\/\/mefp.grupopiquer.com\/inscripciones\/producto\/adgd203po-plan-de-formacion-desarrollo-implantacion-seguimiento-y-evaluacion-20-horas\/\" \/>\n<meta property=\"og:locale\" content=\"es_ES\" \/>\n<meta property=\"og:type\" content=\"article\" \/>\n<meta property=\"og:title\" content=\"ADGD203PO - Plan de Formaci\u00f3n. Desarrollo, Implantaci\u00f3n, Seguimiento y Evaluaci\u00f3n (20 horas) - Contenidos Online\" \/>\n<meta property=\"og:description\" content=\"\u2022 Identificar la importancia de la formaci\u00f3n en la gesti\u00f3n de los RRHH. \u2022 Delimitar las necesidades de formaci\u00f3n. \u2022 Saber planificar la formaci\u00f3n y ponerla en marcha. \u2022 Llevar a cabo la evaluaci\u00f3n y control de la formaci\u00f3n.\" \/>\n<meta property=\"og:url\" content=\"https:\/\/mefp.grupopiquer.com\/inscripciones\/producto\/adgd203po-plan-de-formacion-desarrollo-implantacion-seguimiento-y-evaluacion-20-horas\/\" \/>\n<meta property=\"og:site_name\" content=\"Contenidos Online\" \/>\n<meta property=\"article:modified_time\" content=\"2023-05-15T14:45:31+00:00\" \/>\n<meta property=\"og:image\" content=\"https:\/\/mefp.grupopiquer.com\/inscripciones\/wp-content\/uploads\/2023\/05\/xI83PkrkmB_SfqAv_Uab4L0_Xi6o0uwpK-e1684161913826.jpg\" \/>\n\t<meta property=\"og:image:width\" content=\"1680\" \/>\n\t<meta property=\"og:image:height\" content=\"945\" \/>\n\t<meta property=\"og:image:type\" content=\"image\/jpeg\" \/>\n<meta name=\"twitter:card\" content=\"summary_large_image\" \/>\n<meta name=\"twitter:label1\" content=\"Tiempo de lectura\" \/>\n\t<meta name=\"twitter:data1\" content=\"2 minutos\" \/>\n<script type=\"application\/ld+json\" class=\"yoast-schema-graph\">{\"@context\":\"https:\/\/schema.org\",\"@graph\":[{\"@type\":\"WebPage\",\"@id\":\"https:\/\/mefp.grupopiquer.com\/inscripciones\/producto\/adgd203po-plan-de-formacion-desarrollo-implantacion-seguimiento-y-evaluacion-20-horas\/\",\"url\":\"https:\/\/mefp.grupopiquer.com\/inscripciones\/producto\/adgd203po-plan-de-formacion-desarrollo-implantacion-seguimiento-y-evaluacion-20-horas\/\",\"name\":\"ADGD203PO - Plan de Formaci\u00f3n. Desarrollo, Implantaci\u00f3n, Seguimiento y Evaluaci\u00f3n (20 horas) - Contenidos Online\",\"isPartOf\":{\"@id\":\"https:\/\/mefp.grupopiquer.com\/inscripciones\/#website\"},\"primaryImageOfPage\":{\"@id\":\"https:\/\/mefp.grupopiquer.com\/inscripciones\/producto\/adgd203po-plan-de-formacion-desarrollo-implantacion-seguimiento-y-evaluacion-20-horas\/#primaryimage\"},\"image\":{\"@id\":\"https:\/\/mefp.grupopiquer.com\/inscripciones\/producto\/adgd203po-plan-de-formacion-desarrollo-implantacion-seguimiento-y-evaluacion-20-horas\/#primaryimage\"},\"thumbnailUrl\":\"https:\/\/mefp.grupopiquer.com\/inscripciones\/wp-content\/uploads\/2023\/05\/xI83PkrkmB_SfqAv_Uab4L0_Xi6o0uwpK-e1684161913826.jpg\",\"datePublished\":\"2023-05-02T10:50:49+00:00\",\"dateModified\":\"2023-05-15T14:45:31+00:00\",\"breadcrumb\":{\"@id\":\"https:\/\/mefp.grupopiquer.com\/inscripciones\/producto\/adgd203po-plan-de-formacion-desarrollo-implantacion-seguimiento-y-evaluacion-20-horas\/#breadcrumb\"},\"inLanguage\":\"es\",\"potentialAction\":[{\"@type\":\"ReadAction\",\"target\":[\"https:\/\/mefp.grupopiquer.com\/inscripciones\/producto\/adgd203po-plan-de-formacion-desarrollo-implantacion-seguimiento-y-evaluacion-20-horas\/\"]}]},{\"@type\":\"ImageObject\",\"inLanguage\":\"es\",\"@id\":\"https:\/\/mefp.grupopiquer.com\/inscripciones\/producto\/adgd203po-plan-de-formacion-desarrollo-implantacion-seguimiento-y-evaluacion-20-horas\/#primaryimage\",\"url\":\"https:\/\/mefp.grupopiquer.com\/inscripciones\/wp-content\/uploads\/2023\/05\/xI83PkrkmB_SfqAv_Uab4L0_Xi6o0uwpK-e1684161913826.jpg\",\"contentUrl\":\"https:\/\/mefp.grupopiquer.com\/inscripciones\/wp-content\/uploads\/2023\/05\/xI83PkrkmB_SfqAv_Uab4L0_Xi6o0uwpK-e1684161913826.jpg\",\"width\":1680,\"height\":945},{\"@type\":\"BreadcrumbList\",\"@id\":\"https:\/\/mefp.grupopiquer.com\/inscripciones\/producto\/adgd203po-plan-de-formacion-desarrollo-implantacion-seguimiento-y-evaluacion-20-horas\/#breadcrumb\",\"itemListElement\":[{\"@type\":\"ListItem\",\"position\":1,\"name\":\"Portada\",\"item\":\"https:\/\/mefp.grupopiquer.com\/inscripciones\/\"},{\"@type\":\"ListItem\",\"position\":2,\"name\":\"Tienda\",\"item\":\"https:\/\/mefp.grupopiquer.com\/inscripciones\/tienda\/\"},{\"@type\":\"ListItem\",\"position\":3,\"name\":\"ADGD203PO &#8211; Plan de Formaci\u00f3n. Desarrollo, Implantaci\u00f3n, Seguimiento y Evaluaci\u00f3n (20 horas)\"}]},{\"@type\":\"WebSite\",\"@id\":\"https:\/\/mefp.grupopiquer.com\/inscripciones\/#website\",\"url\":\"https:\/\/mefp.grupopiquer.com\/inscripciones\/\",\"name\":\"Contenidos Online\",\"description\":\"\",\"publisher\":{\"@id\":\"https:\/\/mefp.grupopiquer.com\/inscripciones\/#organization\"},\"potentialAction\":[{\"@type\":\"SearchAction\",\"target\":{\"@type\":\"EntryPoint\",\"urlTemplate\":\"https:\/\/mefp.grupopiquer.com\/inscripciones\/?s={search_term_string}\"},\"query-input\":{\"@type\":\"PropertyValueSpecification\",\"valueRequired\":true,\"valueName\":\"search_term_string\"}}],\"inLanguage\":\"es\"},{\"@type\":\"Organization\",\"@id\":\"https:\/\/mefp.grupopiquer.com\/inscripciones\/#organization\",\"name\":\"Contenidos Online\",\"url\":\"https:\/\/mefp.grupopiquer.com\/inscripciones\/\",\"logo\":{\"@type\":\"ImageObject\",\"inLanguage\":\"es\",\"@id\":\"https:\/\/mefp.grupopiquer.com\/inscripciones\/#\/schema\/logo\/image\/\",\"url\":\"\",\"contentUrl\":\"\",\"caption\":\"Contenidos Online\"},\"image\":{\"@id\":\"https:\/\/mefp.grupopiquer.com\/inscripciones\/#\/schema\/logo\/image\/\"}}]}<\/script>\n<!-- \/ Yoast SEO plugin. -->","yoast_head_json":{"title":"ADGD203PO - Plan de Formaci\u00f3n. Desarrollo, Implantaci\u00f3n, Seguimiento y Evaluaci\u00f3n (20 horas) - Contenidos Online","robots":{"index":"index","follow":"follow","max-snippet":"max-snippet:-1","max-image-preview":"max-image-preview:large","max-video-preview":"max-video-preview:-1"},"canonical":"https:\/\/mefp.grupopiquer.com\/inscripciones\/producto\/adgd203po-plan-de-formacion-desarrollo-implantacion-seguimiento-y-evaluacion-20-horas\/","og_locale":"es_ES","og_type":"article","og_title":"ADGD203PO - Plan de Formaci\u00f3n. Desarrollo, Implantaci\u00f3n, Seguimiento y Evaluaci\u00f3n (20 horas) - Contenidos Online","og_description":"\u2022 Identificar la importancia de la formaci\u00f3n en la gesti\u00f3n de los RRHH. \u2022 Delimitar las necesidades de formaci\u00f3n. \u2022 Saber planificar la formaci\u00f3n y ponerla en marcha. \u2022 Llevar a cabo la evaluaci\u00f3n y control de la formaci\u00f3n.","og_url":"https:\/\/mefp.grupopiquer.com\/inscripciones\/producto\/adgd203po-plan-de-formacion-desarrollo-implantacion-seguimiento-y-evaluacion-20-horas\/","og_site_name":"Contenidos Online","article_modified_time":"2023-05-15T14:45:31+00:00","og_image":[{"width":1680,"height":945,"url":"https:\/\/mefp.grupopiquer.com\/inscripciones\/wp-content\/uploads\/2023\/05\/xI83PkrkmB_SfqAv_Uab4L0_Xi6o0uwpK-e1684161913826.jpg","type":"image\/jpeg"}],"twitter_card":"summary_large_image","twitter_misc":{"Tiempo de lectura":"2 minutos"},"schema":{"@context":"https:\/\/schema.org","@graph":[{"@type":"WebPage","@id":"https:\/\/mefp.grupopiquer.com\/inscripciones\/producto\/adgd203po-plan-de-formacion-desarrollo-implantacion-seguimiento-y-evaluacion-20-horas\/","url":"https:\/\/mefp.grupopiquer.com\/inscripciones\/producto\/adgd203po-plan-de-formacion-desarrollo-implantacion-seguimiento-y-evaluacion-20-horas\/","name":"ADGD203PO - Plan de Formaci\u00f3n. Desarrollo, Implantaci\u00f3n, Seguimiento y Evaluaci\u00f3n (20 horas) - Contenidos Online","isPartOf":{"@id":"https:\/\/mefp.grupopiquer.com\/inscripciones\/#website"},"primaryImageOfPage":{"@id":"https:\/\/mefp.grupopiquer.com\/inscripciones\/producto\/adgd203po-plan-de-formacion-desarrollo-implantacion-seguimiento-y-evaluacion-20-horas\/#primaryimage"},"image":{"@id":"https:\/\/mefp.grupopiquer.com\/inscripciones\/producto\/adgd203po-plan-de-formacion-desarrollo-implantacion-seguimiento-y-evaluacion-20-horas\/#primaryimage"},"thumbnailUrl":"https:\/\/mefp.grupopiquer.com\/inscripciones\/wp-content\/uploads\/2023\/05\/xI83PkrkmB_SfqAv_Uab4L0_Xi6o0uwpK-e1684161913826.jpg","datePublished":"2023-05-02T10:50:49+00:00","dateModified":"2023-05-15T14:45:31+00:00","breadcrumb":{"@id":"https:\/\/mefp.grupopiquer.com\/inscripciones\/producto\/adgd203po-plan-de-formacion-desarrollo-implantacion-seguimiento-y-evaluacion-20-horas\/#breadcrumb"},"inLanguage":"es","potentialAction":[{"@type":"ReadAction","target":["https:\/\/mefp.grupopiquer.com\/inscripciones\/producto\/adgd203po-plan-de-formacion-desarrollo-implantacion-seguimiento-y-evaluacion-20-horas\/"]}]},{"@type":"ImageObject","inLanguage":"es","@id":"https:\/\/mefp.grupopiquer.com\/inscripciones\/producto\/adgd203po-plan-de-formacion-desarrollo-implantacion-seguimiento-y-evaluacion-20-horas\/#primaryimage","url":"https:\/\/mefp.grupopiquer.com\/inscripciones\/wp-content\/uploads\/2023\/05\/xI83PkrkmB_SfqAv_Uab4L0_Xi6o0uwpK-e1684161913826.jpg","contentUrl":"https:\/\/mefp.grupopiquer.com\/inscripciones\/wp-content\/uploads\/2023\/05\/xI83PkrkmB_SfqAv_Uab4L0_Xi6o0uwpK-e1684161913826.jpg","width":1680,"height":945},{"@type":"BreadcrumbList","@id":"https:\/\/mefp.grupopiquer.com\/inscripciones\/producto\/adgd203po-plan-de-formacion-desarrollo-implantacion-seguimiento-y-evaluacion-20-horas\/#breadcrumb","itemListElement":[{"@type":"ListItem","position":1,"name":"Portada","item":"https:\/\/mefp.grupopiquer.com\/inscripciones\/"},{"@type":"ListItem","position":2,"name":"Tienda","item":"https:\/\/mefp.grupopiquer.com\/inscripciones\/tienda\/"},{"@type":"ListItem","position":3,"name":"ADGD203PO &#8211; Plan de Formaci\u00f3n. Desarrollo, Implantaci\u00f3n, Seguimiento y Evaluaci\u00f3n (20 horas)"}]},{"@type":"WebSite","@id":"https:\/\/mefp.grupopiquer.com\/inscripciones\/#website","url":"https:\/\/mefp.grupopiquer.com\/inscripciones\/","name":"Contenidos Online","description":"","publisher":{"@id":"https:\/\/mefp.grupopiquer.com\/inscripciones\/#organization"},"potentialAction":[{"@type":"SearchAction","target":{"@type":"EntryPoint","urlTemplate":"https:\/\/mefp.grupopiquer.com\/inscripciones\/?s={search_term_string}"},"query-input":{"@type":"PropertyValueSpecification","valueRequired":true,"valueName":"search_term_string"}}],"inLanguage":"es"},{"@type":"Organization","@id":"https:\/\/mefp.grupopiquer.com\/inscripciones\/#organization","name":"Contenidos Online","url":"https:\/\/mefp.grupopiquer.com\/inscripciones\/","logo":{"@type":"ImageObject","inLanguage":"es","@id":"https:\/\/mefp.grupopiquer.com\/inscripciones\/#\/schema\/logo\/image\/","url":"","contentUrl":"","caption":"Contenidos Online"},"image":{"@id":"https:\/\/mefp.grupopiquer.com\/inscripciones\/#\/schema\/logo\/image\/"}}]}},"_links":{"self":[{"href":"https:\/\/mefp.grupopiquer.com\/inscripciones\/wp-json\/wp\/v2\/product\/4335"}],"collection":[{"href":"https:\/\/mefp.grupopiquer.com\/inscripciones\/wp-json\/wp\/v2\/product"}],"about":[{"href":"https:\/\/mefp.grupopiquer.com\/inscripciones\/wp-json\/wp\/v2\/types\/product"}],"replies":[{"embeddable":true,"href":"https:\/\/mefp.grupopiquer.com\/inscripciones\/wp-json\/wp\/v2\/comments?post=4335"}],"wp:featuredmedia":[{"embeddable":true,"href":"https:\/\/mefp.grupopiquer.com\/inscripciones\/wp-json\/wp\/v2\/media\/7147"}],"wp:attachment":[{"href":"https:\/\/mefp.grupopiquer.com\/inscripciones\/wp-json\/wp\/v2\/media?parent=4335"}],"wp:term":[{"taxonomy":"product_cat","embeddable":true,"href":"https:\/\/mefp.grupopiquer.com\/inscripciones\/wp-json\/wp\/v2\/product_cat?post=4335"},{"taxonomy":"product_tag","embeddable":true,"href":"https:\/\/mefp.grupopiquer.com\/inscripciones\/wp-json\/wp\/v2\/product_tag?post=4335"}],"curies":[{"name":"wp","href":"https:\/\/api.w.org\/{rel}","templated":true}]}}