{"id":4331,"date":"2023-05-02T10:50:31","date_gmt":"2023-05-02T10:50:31","guid":{"rendered":"https:\/\/mefp.grupopiquer.com\/inscripciones\/producto\/adgd175po-ley-de-proteccion-de-datos-lopd-60-horas\/"},"modified":"2023-05-16T14:26:17","modified_gmt":"2023-05-16T14:26:17","slug":"adgd175po-ley-de-proteccion-de-datos-lopd-60-horas","status":"publish","type":"product","link":"https:\/\/mefp.grupopiquer.com\/inscripciones\/producto\/adgd175po-ley-de-proteccion-de-datos-lopd-60-horas\/","title":{"rendered":"ADGD175PO &#8211; Ley de Protecci\u00f3n de Datos (LOPD) (60 horas)"},"content":{"rendered":"<div id=\"accordion\">\n<h3>OBJETIVOS<\/h3>\n<div>Analizar la Ley Org\u00e1nica de Protecci\u00f3n de Datos para buscar un equilibrio entre la intimidad de las personas y el desempe\u00f1o del negocio empresarial para el que es necesario la recogida de datos.<\/div>\n<h3>CONTENIDOS<\/h3>\n<div>1. INTRODUCCION A LA LOPD<br \/>\n1.1. Presentaci\u00f3n<br \/>\n1.2. La LOPD. Contenidos pr\u00e1cticos:<br \/>\n1.2.1. El alumnado enumera en el foro del curso las principales definiciones que aparecen en la LOPD<\/p>\n<p>2. DIFERENCIAS ENTRE LA LOPD Y LA LORTAD<br \/>\n2.1. Introducci\u00f3n a las diferencias<br \/>\n2.2. Diferencias I<br \/>\n2.3. Diferencias II<br \/>\n2.4. Diferencias III. Contenidos pr\u00e1cticos:<br \/>\n2.4.1. El alumnado detalla las diferencias m\u00e1s importantes entre la LOPD y la LORTAD<br \/>\n2.4.2. Atendiendo a una lista de caracter\u00edsticas sobre las dos leyes, el alumnado las clasifica seg\u00fan sus definiciones dentro de una u otra ley<\/p>\n<p>3. \u00c1MBITO DE LA LOPD<br \/>\n3.2. Introducci\u00f3n<br \/>\n3.3. \u00c1mbito de la LOPD<br \/>\n3.4. Excepciones a la LOPD I<br \/>\n3.5. Excepciones a la LOPD II<br \/>\n3.6. Datos que la Ley recomienda no recabar<br \/>\n3.7. Obligatoriedad del secreto profesional. Contenidos pr\u00e1cticos:<br \/>\n3.7.1. El alumnado detalla qu\u00e9 entiende la LOPD por datos personales<br \/>\n3.7.2. El alumnado expone ejemplos de datos que la Ley recomienda no recabar y los comenta mediante el foro con sus compa\u00f1eros de curso<br \/>\n3.7.3. El alumnado contesta si una agenda personal est\u00e1 regida o no dentro de la LOPD<br \/>\n3.7.4. El alumnado contesta a la siguiente pregunta: \u00bfQu\u00e9 es el espionaje industrial?<\/p>\n<p>4. ASPECTOS CLAVE DE LA LEY ORG\u00c1NICA DE PROTECCI\u00d3N DE DATOS<br \/>\n4.1. El Consentimiento.<br \/>\n4.2. Cl\u00e1usula del consentimiento<br \/>\n4.3. Excepciones al consentimiento<br \/>\n4.4. Datos en fuentes accesibles al p\u00fablico I<br \/>\n4.5. Datos en fuentes accesibles al p\u00fablico II. Contenidos pr\u00e1cticos:<br \/>\n4.5.1. El alumnado busca en internet 2 ejemplos de cl\u00e1usulas de consentimiento<br \/>\n4.5.2. El alumnado detalla las excepciones al consentimiento expl\u00edcito 4.5.3. El alumnado enumera los datos que figuren en fuentes accesibles al p\u00fablico<\/p>\n<p>5. DERECHOS OTORGADOS POR LA LOPD)<br \/>\n5.1. Introducci\u00f3n a los derechos otorgados<br \/>\n5.2. Derechos otorgados por la LOPD I<br \/>\n5.3. Derechos otorgados por la LOPD II<br \/>\n5.4. El afectado. Contenidos pr\u00e1cticos<br \/>\n5.5. El alumnado detalla los Derechos adquiridos por la LOPD<br \/>\n5.6. El alumnado describe \u00bfqu\u00e9 es la Lista Robinson?<br \/>\n5.7. Descripci\u00f3n en el foro del curso de los pasos que se deben seguir para modificar los datos en el fichero<\/p>\n<p>6. COMUNICACI\u00d3N Y CESI\u00d3N DE DATOS<br \/>\n6.1. Cesi\u00f3n de datos<br \/>\n6.2. Servicio de comunicaci\u00f3n de datos<br \/>\n6.3. Excepci\u00f3n al consentimiento para la cesi\u00f3n de datos personales. Contenidos pr\u00e1cticos.<br \/>\n6.3.1. El alumnado contesta a la siguiente pregunta: \u00bfLa LOPD puede ceder nuestros datos personales a terceras personas? Razona la respuesta<br \/>\n6.3.2. El alumnado se\u00f1ala la excepci\u00f3n en la que no es necesario el consentimiento de la persona para la cesi\u00f3n de datos personales<br \/>\n6.3.3 El alumnado se\u00f1ala un pa\u00eds que no tenga el mismo nivel de protecci\u00f3n de datos que el nuestro y comenta las diferencias<br \/>\n6.4. Exposici\u00f3n en el foro del curso de un ejemplo de servicio de comunicaci\u00f3n de datos en el caso de una selecci\u00f3n de personal para tu empresa<\/p>\n<p>7. PROCEDIMIENTO PARA CUMPLIR LA LOPD<br \/>\n7.1. Pasos a Seguir para Cumplir la LOPD<br \/>\n7.2. Introducci\u00f3n a los pasos a seguir<br \/>\n7.3. Agencia de Protecci\u00f3n de Datos. Contenidos pr\u00e1cticos:<br \/>\n7.3.1. El alumnado detalla los elementos que deben comunicarse para la creaci\u00f3n de ficheros de datos personales<br \/>\n7.3.2 El alumnado responde a la siguiente pregunta: \u00bfCu\u00e1l es la labor de la Agencia de Protecci\u00f3n de Datos?<br \/>\n7.3.3. El alumnado entra en la Web de la Agencia de Protecci\u00f3n de Datos (http:\/\/www.agpd.es) para conocer sus caracter\u00edsticas y funciones comentando y dejando en el foro sus impresiones sobre la misma<\/p>\n<p>8. TIPOS DE INFRACCIONES Y SUS SANCIONES<br \/>\n8.1. Introducci\u00f3n<br \/>\n8.2. Infracciones leves<br \/>\n8.3. Infracciones graves<br \/>\n8.4. Infracciones muy graves<br \/>\n8.5. Cuant\u00eda de las sanciones<br \/>\n8.6. Las infracciones de las Administraciones. Contenidos pr\u00e1cticos:<br \/>\n8.6.1. El alumnado relaciona una serie de infracciones y las clasifica seg\u00fan sean leves, graves o muy graves<br \/>\n8.6.2. Debate en el foro del curso sobre las principales infracciones que se pueden producir en una empresa en relaci\u00f3n a la LOPD<br \/>\n8.6.3. El alumnado se\u00f1ala qu\u00e9 tipo de infracci\u00f3n es la siguiente: Mantener datos de car\u00e1cter personal inexactos o no efectuar las rectificaciones o cancelaciones de los mismos que legalmente procedan cuando resulten afectados los derechos de las personas que la presente Ley ampara<br \/>\n8.6.4. El alumnado se\u00f1ala de qu\u00e9 depende la cuant\u00eda de las infracciones<\/p>\n<p>9. ESTRUCTURA DE LA LEY Y SUS T\u00cdTULOS<br \/>\n9.1. Estructura de la Ley y sus T\u00edtulo<br \/>\n9.2. Disposiciones generales T\u00edtulo II<br \/>\n9.3. Principios de protecci\u00f3n T\u00edtulo III<br \/>\n9.4. Derechos de las personas T\u00edtulo IV<br \/>\n9.5. Disposiciones sectoriales T\u00edtulo V<br \/>\n9.6. Movimiento Internacional T\u00edtulo VI<br \/>\n9.7. Agencia de Protecci\u00f3n T\u00edtulo VII-Infracciones y sanciones<br \/>\n9.8. Enumeraci\u00f3n en el foro del curso de las principales diferencias entre los ficheros de titularidad p\u00fablica y de titularidad privada y sus principales requisitos\n<\/p><\/div>\n<\/div>\n","protected":false},"excerpt":{"rendered":"<p>Analizar la Ley Org\u00e1nica de Protecci\u00f3n de Datos para buscar un equilibrio entre la intimidad de las personas y el desempe\u00f1o del negocio empresarial para el que es necesario la recogida de datos.<\/p>\n","protected":false},"featured_media":5394,"comment_status":"closed","ping_status":"closed","template":"","meta":[],"product_cat":[126],"product_tag":[],"class_list":{"0":"post-4331","1":"product","2":"type-product","3":"status-publish","4":"has-post-thumbnail","6":"product_cat-administracion-y-auditoria","8":"first","9":"instock","10":"taxable","11":"shipping-taxable","12":"purchasable","13":"product-type-simple"},"yoast_head":"<!-- This site is optimized with the Yoast SEO plugin v23.5 - https:\/\/yoast.com\/wordpress\/plugins\/seo\/ -->\n<title>ADGD175PO - Ley de Protecci\u00f3n de Datos (LOPD) (60 horas) - Contenidos Online<\/title>\n<meta name=\"robots\" content=\"index, follow, max-snippet:-1, max-image-preview:large, max-video-preview:-1\" \/>\n<link rel=\"canonical\" href=\"https:\/\/mefp.grupopiquer.com\/inscripciones\/producto\/adgd175po-ley-de-proteccion-de-datos-lopd-60-horas\/\" \/>\n<meta property=\"og:locale\" content=\"es_ES\" \/>\n<meta property=\"og:type\" content=\"article\" \/>\n<meta property=\"og:title\" content=\"ADGD175PO - Ley de Protecci\u00f3n de Datos (LOPD) (60 horas) - Contenidos Online\" \/>\n<meta property=\"og:description\" content=\"Analizar la Ley Org\u00e1nica de Protecci\u00f3n de Datos para buscar un equilibrio entre la intimidad de las personas y el desempe\u00f1o del negocio empresarial para el que es necesario la recogida de datos.\" \/>\n<meta property=\"og:url\" content=\"https:\/\/mefp.grupopiquer.com\/inscripciones\/producto\/adgd175po-ley-de-proteccion-de-datos-lopd-60-horas\/\" \/>\n<meta property=\"og:site_name\" content=\"Contenidos Online\" \/>\n<meta property=\"article:modified_time\" content=\"2023-05-16T14:26:17+00:00\" \/>\n<meta property=\"og:image\" content=\"https:\/\/mefp.grupopiquer.com\/inscripciones\/wp-content\/uploads\/2023\/05\/ADGD175PO-e1683542779520.jpg\" \/>\n\t<meta property=\"og:image:width\" content=\"2501\" \/>\n\t<meta property=\"og:image:height\" content=\"1406\" \/>\n\t<meta property=\"og:image:type\" content=\"image\/jpeg\" \/>\n<meta name=\"twitter:card\" content=\"summary_large_image\" \/>\n<meta name=\"twitter:label1\" content=\"Tiempo de lectura\" \/>\n\t<meta name=\"twitter:data1\" content=\"4 minutos\" \/>\n<script type=\"application\/ld+json\" class=\"yoast-schema-graph\">{\"@context\":\"https:\/\/schema.org\",\"@graph\":[{\"@type\":\"WebPage\",\"@id\":\"https:\/\/mefp.grupopiquer.com\/inscripciones\/producto\/adgd175po-ley-de-proteccion-de-datos-lopd-60-horas\/\",\"url\":\"https:\/\/mefp.grupopiquer.com\/inscripciones\/producto\/adgd175po-ley-de-proteccion-de-datos-lopd-60-horas\/\",\"name\":\"ADGD175PO - Ley de Protecci\u00f3n de Datos (LOPD) (60 horas) - Contenidos Online\",\"isPartOf\":{\"@id\":\"https:\/\/mefp.grupopiquer.com\/inscripciones\/#website\"},\"primaryImageOfPage\":{\"@id\":\"https:\/\/mefp.grupopiquer.com\/inscripciones\/producto\/adgd175po-ley-de-proteccion-de-datos-lopd-60-horas\/#primaryimage\"},\"image\":{\"@id\":\"https:\/\/mefp.grupopiquer.com\/inscripciones\/producto\/adgd175po-ley-de-proteccion-de-datos-lopd-60-horas\/#primaryimage\"},\"thumbnailUrl\":\"https:\/\/mefp.grupopiquer.com\/inscripciones\/wp-content\/uploads\/2023\/05\/ADGD175PO-e1683542779520.jpg\",\"datePublished\":\"2023-05-02T10:50:31+00:00\",\"dateModified\":\"2023-05-16T14:26:17+00:00\",\"breadcrumb\":{\"@id\":\"https:\/\/mefp.grupopiquer.com\/inscripciones\/producto\/adgd175po-ley-de-proteccion-de-datos-lopd-60-horas\/#breadcrumb\"},\"inLanguage\":\"es\",\"potentialAction\":[{\"@type\":\"ReadAction\",\"target\":[\"https:\/\/mefp.grupopiquer.com\/inscripciones\/producto\/adgd175po-ley-de-proteccion-de-datos-lopd-60-horas\/\"]}]},{\"@type\":\"ImageObject\",\"inLanguage\":\"es\",\"@id\":\"https:\/\/mefp.grupopiquer.com\/inscripciones\/producto\/adgd175po-ley-de-proteccion-de-datos-lopd-60-horas\/#primaryimage\",\"url\":\"https:\/\/mefp.grupopiquer.com\/inscripciones\/wp-content\/uploads\/2023\/05\/ADGD175PO-e1683542779520.jpg\",\"contentUrl\":\"https:\/\/mefp.grupopiquer.com\/inscripciones\/wp-content\/uploads\/2023\/05\/ADGD175PO-e1683542779520.jpg\",\"width\":2501,\"height\":1406},{\"@type\":\"BreadcrumbList\",\"@id\":\"https:\/\/mefp.grupopiquer.com\/inscripciones\/producto\/adgd175po-ley-de-proteccion-de-datos-lopd-60-horas\/#breadcrumb\",\"itemListElement\":[{\"@type\":\"ListItem\",\"position\":1,\"name\":\"Portada\",\"item\":\"https:\/\/mefp.grupopiquer.com\/inscripciones\/\"},{\"@type\":\"ListItem\",\"position\":2,\"name\":\"Tienda\",\"item\":\"https:\/\/mefp.grupopiquer.com\/inscripciones\/tienda\/\"},{\"@type\":\"ListItem\",\"position\":3,\"name\":\"ADGD175PO &#8211; Ley de Protecci\u00f3n de Datos (LOPD) (60 horas)\"}]},{\"@type\":\"WebSite\",\"@id\":\"https:\/\/mefp.grupopiquer.com\/inscripciones\/#website\",\"url\":\"https:\/\/mefp.grupopiquer.com\/inscripciones\/\",\"name\":\"Contenidos Online\",\"description\":\"\",\"publisher\":{\"@id\":\"https:\/\/mefp.grupopiquer.com\/inscripciones\/#organization\"},\"potentialAction\":[{\"@type\":\"SearchAction\",\"target\":{\"@type\":\"EntryPoint\",\"urlTemplate\":\"https:\/\/mefp.grupopiquer.com\/inscripciones\/?s={search_term_string}\"},\"query-input\":{\"@type\":\"PropertyValueSpecification\",\"valueRequired\":true,\"valueName\":\"search_term_string\"}}],\"inLanguage\":\"es\"},{\"@type\":\"Organization\",\"@id\":\"https:\/\/mefp.grupopiquer.com\/inscripciones\/#organization\",\"name\":\"Contenidos Online\",\"url\":\"https:\/\/mefp.grupopiquer.com\/inscripciones\/\",\"logo\":{\"@type\":\"ImageObject\",\"inLanguage\":\"es\",\"@id\":\"https:\/\/mefp.grupopiquer.com\/inscripciones\/#\/schema\/logo\/image\/\",\"url\":\"\",\"contentUrl\":\"\",\"caption\":\"Contenidos Online\"},\"image\":{\"@id\":\"https:\/\/mefp.grupopiquer.com\/inscripciones\/#\/schema\/logo\/image\/\"}}]}<\/script>\n<!-- \/ Yoast SEO plugin. -->","yoast_head_json":{"title":"ADGD175PO - Ley de Protecci\u00f3n de Datos (LOPD) (60 horas) - Contenidos Online","robots":{"index":"index","follow":"follow","max-snippet":"max-snippet:-1","max-image-preview":"max-image-preview:large","max-video-preview":"max-video-preview:-1"},"canonical":"https:\/\/mefp.grupopiquer.com\/inscripciones\/producto\/adgd175po-ley-de-proteccion-de-datos-lopd-60-horas\/","og_locale":"es_ES","og_type":"article","og_title":"ADGD175PO - Ley de Protecci\u00f3n de Datos (LOPD) (60 horas) - Contenidos Online","og_description":"Analizar la Ley Org\u00e1nica de Protecci\u00f3n de Datos para buscar un equilibrio entre la intimidad de las personas y el desempe\u00f1o del negocio empresarial para el que es necesario la recogida de datos.","og_url":"https:\/\/mefp.grupopiquer.com\/inscripciones\/producto\/adgd175po-ley-de-proteccion-de-datos-lopd-60-horas\/","og_site_name":"Contenidos Online","article_modified_time":"2023-05-16T14:26:17+00:00","og_image":[{"width":2501,"height":1406,"url":"https:\/\/mefp.grupopiquer.com\/inscripciones\/wp-content\/uploads\/2023\/05\/ADGD175PO-e1683542779520.jpg","type":"image\/jpeg"}],"twitter_card":"summary_large_image","twitter_misc":{"Tiempo de lectura":"4 minutos"},"schema":{"@context":"https:\/\/schema.org","@graph":[{"@type":"WebPage","@id":"https:\/\/mefp.grupopiquer.com\/inscripciones\/producto\/adgd175po-ley-de-proteccion-de-datos-lopd-60-horas\/","url":"https:\/\/mefp.grupopiquer.com\/inscripciones\/producto\/adgd175po-ley-de-proteccion-de-datos-lopd-60-horas\/","name":"ADGD175PO - Ley de Protecci\u00f3n de Datos (LOPD) (60 horas) - Contenidos Online","isPartOf":{"@id":"https:\/\/mefp.grupopiquer.com\/inscripciones\/#website"},"primaryImageOfPage":{"@id":"https:\/\/mefp.grupopiquer.com\/inscripciones\/producto\/adgd175po-ley-de-proteccion-de-datos-lopd-60-horas\/#primaryimage"},"image":{"@id":"https:\/\/mefp.grupopiquer.com\/inscripciones\/producto\/adgd175po-ley-de-proteccion-de-datos-lopd-60-horas\/#primaryimage"},"thumbnailUrl":"https:\/\/mefp.grupopiquer.com\/inscripciones\/wp-content\/uploads\/2023\/05\/ADGD175PO-e1683542779520.jpg","datePublished":"2023-05-02T10:50:31+00:00","dateModified":"2023-05-16T14:26:17+00:00","breadcrumb":{"@id":"https:\/\/mefp.grupopiquer.com\/inscripciones\/producto\/adgd175po-ley-de-proteccion-de-datos-lopd-60-horas\/#breadcrumb"},"inLanguage":"es","potentialAction":[{"@type":"ReadAction","target":["https:\/\/mefp.grupopiquer.com\/inscripciones\/producto\/adgd175po-ley-de-proteccion-de-datos-lopd-60-horas\/"]}]},{"@type":"ImageObject","inLanguage":"es","@id":"https:\/\/mefp.grupopiquer.com\/inscripciones\/producto\/adgd175po-ley-de-proteccion-de-datos-lopd-60-horas\/#primaryimage","url":"https:\/\/mefp.grupopiquer.com\/inscripciones\/wp-content\/uploads\/2023\/05\/ADGD175PO-e1683542779520.jpg","contentUrl":"https:\/\/mefp.grupopiquer.com\/inscripciones\/wp-content\/uploads\/2023\/05\/ADGD175PO-e1683542779520.jpg","width":2501,"height":1406},{"@type":"BreadcrumbList","@id":"https:\/\/mefp.grupopiquer.com\/inscripciones\/producto\/adgd175po-ley-de-proteccion-de-datos-lopd-60-horas\/#breadcrumb","itemListElement":[{"@type":"ListItem","position":1,"name":"Portada","item":"https:\/\/mefp.grupopiquer.com\/inscripciones\/"},{"@type":"ListItem","position":2,"name":"Tienda","item":"https:\/\/mefp.grupopiquer.com\/inscripciones\/tienda\/"},{"@type":"ListItem","position":3,"name":"ADGD175PO &#8211; Ley de Protecci\u00f3n de Datos (LOPD) (60 horas)"}]},{"@type":"WebSite","@id":"https:\/\/mefp.grupopiquer.com\/inscripciones\/#website","url":"https:\/\/mefp.grupopiquer.com\/inscripciones\/","name":"Contenidos Online","description":"","publisher":{"@id":"https:\/\/mefp.grupopiquer.com\/inscripciones\/#organization"},"potentialAction":[{"@type":"SearchAction","target":{"@type":"EntryPoint","urlTemplate":"https:\/\/mefp.grupopiquer.com\/inscripciones\/?s={search_term_string}"},"query-input":{"@type":"PropertyValueSpecification","valueRequired":true,"valueName":"search_term_string"}}],"inLanguage":"es"},{"@type":"Organization","@id":"https:\/\/mefp.grupopiquer.com\/inscripciones\/#organization","name":"Contenidos Online","url":"https:\/\/mefp.grupopiquer.com\/inscripciones\/","logo":{"@type":"ImageObject","inLanguage":"es","@id":"https:\/\/mefp.grupopiquer.com\/inscripciones\/#\/schema\/logo\/image\/","url":"","contentUrl":"","caption":"Contenidos Online"},"image":{"@id":"https:\/\/mefp.grupopiquer.com\/inscripciones\/#\/schema\/logo\/image\/"}}]}},"_links":{"self":[{"href":"https:\/\/mefp.grupopiquer.com\/inscripciones\/wp-json\/wp\/v2\/product\/4331"}],"collection":[{"href":"https:\/\/mefp.grupopiquer.com\/inscripciones\/wp-json\/wp\/v2\/product"}],"about":[{"href":"https:\/\/mefp.grupopiquer.com\/inscripciones\/wp-json\/wp\/v2\/types\/product"}],"replies":[{"embeddable":true,"href":"https:\/\/mefp.grupopiquer.com\/inscripciones\/wp-json\/wp\/v2\/comments?post=4331"}],"wp:featuredmedia":[{"embeddable":true,"href":"https:\/\/mefp.grupopiquer.com\/inscripciones\/wp-json\/wp\/v2\/media\/5394"}],"wp:attachment":[{"href":"https:\/\/mefp.grupopiquer.com\/inscripciones\/wp-json\/wp\/v2\/media?parent=4331"}],"wp:term":[{"taxonomy":"product_cat","embeddable":true,"href":"https:\/\/mefp.grupopiquer.com\/inscripciones\/wp-json\/wp\/v2\/product_cat?post=4331"},{"taxonomy":"product_tag","embeddable":true,"href":"https:\/\/mefp.grupopiquer.com\/inscripciones\/wp-json\/wp\/v2\/product_tag?post=4331"}],"curies":[{"name":"wp","href":"https:\/\/api.w.org\/{rel}","templated":true}]}}