{"id":4323,"date":"2023-05-02T10:49:51","date_gmt":"2023-05-02T10:49:51","guid":{"rendered":"https:\/\/mefp.grupopiquer.com\/inscripciones\/producto\/adgd144po-habilidades-comunicativas-ante-conductas-agresivas-en-atencion-a-menores-70-horas\/"},"modified":"2023-05-15T11:44:39","modified_gmt":"2023-05-15T11:44:39","slug":"adgd144po-habilidades-comunicativas-ante-conductas-agresivas-en-atencion-a-menores-70-horas","status":"publish","type":"product","link":"https:\/\/mefp.grupopiquer.com\/inscripciones\/producto\/adgd144po-habilidades-comunicativas-ante-conductas-agresivas-en-atencion-a-menores-70-horas\/","title":{"rendered":"ADGD144PO &#8211; Habilidades Comunicativas Ante Conductas Agresivas en Atenci\u00f3n a Menores (70 horas)"},"content":{"rendered":"<div id=\"accordion\">\n<h3>OBJETIVOS<\/h3>\n<div>Adquirir habilidades y destrezas en el uso de las nuevas t\u00e9cnicas para afrontar las conductas agresivas, en la atenci\u00f3n a menores.<\/div>\n<h3>CONTENIDOS<\/h3>\n<div>1. LA AGRESIVIDAD Y EL AGRESOR.<br \/>\n1.1. Concepto de trastornos, agresividad, violencia y conducta agitada.<br \/>\n1.2. Patr\u00f3n de respuestas agresivas.<br \/>\n1.3. Factores que se relacionan con la conducta agresiva.<br \/>\n1.4. Perfil del agresor.<\/p>\n<p>2. PREVENCI\u00d3N DE CONFLICTOS Y SITUACIONES VIOLENTAS.<br \/>\n2.1. Qu\u00e9 es un conflicto. Criterios de clasificaci\u00f3n.<br \/>\n2.2. Funciones de los conflictos.<br \/>\n2.3. Principales contextos de an\u00e1lisis.<br \/>\n2.4. Origen de los conflictos.<br \/>\n2.5. Desarrollo de un conflicto.<br \/>\n2.6. Variables que condicionan la evoluci\u00f3n de un conflicto.<br \/>\n2.7. Tipolog\u00eda de las partes que intervienen en un conflicto.<br \/>\n2.8. Consideraciones generales respecto a la identificaci\u00f3n de patrones de conflicto.<br \/>\n2.9. C\u00f3mo identificar patrones de conflicto. 2.10. \u00bfC\u00f3mo prevenir un conflicto?<\/p>\n<p>3. HABILIDADES COMUNICATIVAS PARA LA GESTI\u00d3N Y RESOLUCI\u00d3N DE CONFLICTOS.<br \/>\n3.1. Proceso de comunicaci\u00f3n y concepto de habilidades sociales.<br \/>\n3.2. Habilidades necesarias para afrontar un conflicto. Establecimiento de un modelo de las habilidades sociales<br \/>\n3.3. Habilidades comunicativas y sociales para la resoluci\u00f3n de conflictos.<br \/>\n3.3.1. Procesos psicol\u00f3gicos que sustentan la habilidad social.<br \/>\n3.3.2. Elementos o componentes de las habilidades sociales.<br \/>\n3.3.3. Asertividad, escucha activa y negociaci\u00f3n.<br \/>\n3.3.4. Entrenamiento en habilidades sociales.<br \/>\n3.4. T\u00e9cnicas para la resoluci\u00f3n de conflictos y respuestas agresivas.\n<\/p><\/div>\n<\/div>\n","protected":false},"excerpt":{"rendered":"<p>Adquirir habilidades y destrezas en el uso de las nuevas t\u00e9cnicas para afrontar las conductas agresivas, en la atenci\u00f3n a menores.<\/p>\n","protected":false},"featured_media":5387,"comment_status":"closed","ping_status":"closed","template":"","meta":[],"product_cat":[126],"product_tag":[],"class_list":{"0":"post-4323","1":"product","2":"type-product","3":"status-publish","4":"has-post-thumbnail","6":"product_cat-administracion-y-auditoria","8":"first","9":"instock","10":"taxable","11":"shipping-taxable","12":"purchasable","13":"product-type-simple"},"yoast_head":"<!-- This site is optimized with the Yoast SEO plugin v23.5 - https:\/\/yoast.com\/wordpress\/plugins\/seo\/ -->\n<title>ADGD144PO - Habilidades Comunicativas Ante Conductas Agresivas en Atenci\u00f3n a Menores (70 horas) - Contenidos Online<\/title>\n<meta name=\"robots\" content=\"index, follow, max-snippet:-1, max-image-preview:large, max-video-preview:-1\" \/>\n<link rel=\"canonical\" href=\"https:\/\/mefp.grupopiquer.com\/inscripciones\/producto\/adgd144po-habilidades-comunicativas-ante-conductas-agresivas-en-atencion-a-menores-70-horas\/\" \/>\n<meta property=\"og:locale\" content=\"es_ES\" \/>\n<meta property=\"og:type\" content=\"article\" \/>\n<meta property=\"og:title\" content=\"ADGD144PO - Habilidades Comunicativas Ante Conductas Agresivas en Atenci\u00f3n a Menores (70 horas) - Contenidos Online\" \/>\n<meta property=\"og:description\" content=\"Adquirir habilidades y destrezas en el uso de las nuevas t\u00e9cnicas para afrontar las conductas agresivas, en la atenci\u00f3n a menores.\" \/>\n<meta property=\"og:url\" content=\"https:\/\/mefp.grupopiquer.com\/inscripciones\/producto\/adgd144po-habilidades-comunicativas-ante-conductas-agresivas-en-atencion-a-menores-70-horas\/\" \/>\n<meta property=\"og:site_name\" content=\"Contenidos Online\" \/>\n<meta property=\"article:modified_time\" content=\"2023-05-15T11:44:39+00:00\" \/>\n<meta property=\"og:image\" content=\"https:\/\/mefp.grupopiquer.com\/inscripciones\/wp-content\/uploads\/2023\/05\/ADGD144PO-e1683541556396.jpg\" \/>\n\t<meta property=\"og:image:width\" content=\"1680\" \/>\n\t<meta property=\"og:image:height\" content=\"945\" \/>\n\t<meta property=\"og:image:type\" content=\"image\/jpeg\" \/>\n<meta name=\"twitter:card\" content=\"summary_large_image\" \/>\n<meta name=\"twitter:label1\" content=\"Tiempo de lectura\" \/>\n\t<meta name=\"twitter:data1\" content=\"1 minuto\" \/>\n<script type=\"application\/ld+json\" class=\"yoast-schema-graph\">{\"@context\":\"https:\/\/schema.org\",\"@graph\":[{\"@type\":\"WebPage\",\"@id\":\"https:\/\/mefp.grupopiquer.com\/inscripciones\/producto\/adgd144po-habilidades-comunicativas-ante-conductas-agresivas-en-atencion-a-menores-70-horas\/\",\"url\":\"https:\/\/mefp.grupopiquer.com\/inscripciones\/producto\/adgd144po-habilidades-comunicativas-ante-conductas-agresivas-en-atencion-a-menores-70-horas\/\",\"name\":\"ADGD144PO - Habilidades Comunicativas Ante Conductas Agresivas en Atenci\u00f3n a Menores (70 horas) - Contenidos Online\",\"isPartOf\":{\"@id\":\"https:\/\/mefp.grupopiquer.com\/inscripciones\/#website\"},\"primaryImageOfPage\":{\"@id\":\"https:\/\/mefp.grupopiquer.com\/inscripciones\/producto\/adgd144po-habilidades-comunicativas-ante-conductas-agresivas-en-atencion-a-menores-70-horas\/#primaryimage\"},\"image\":{\"@id\":\"https:\/\/mefp.grupopiquer.com\/inscripciones\/producto\/adgd144po-habilidades-comunicativas-ante-conductas-agresivas-en-atencion-a-menores-70-horas\/#primaryimage\"},\"thumbnailUrl\":\"https:\/\/mefp.grupopiquer.com\/inscripciones\/wp-content\/uploads\/2023\/05\/ADGD144PO-e1683541556396.jpg\",\"datePublished\":\"2023-05-02T10:49:51+00:00\",\"dateModified\":\"2023-05-15T11:44:39+00:00\",\"breadcrumb\":{\"@id\":\"https:\/\/mefp.grupopiquer.com\/inscripciones\/producto\/adgd144po-habilidades-comunicativas-ante-conductas-agresivas-en-atencion-a-menores-70-horas\/#breadcrumb\"},\"inLanguage\":\"es\",\"potentialAction\":[{\"@type\":\"ReadAction\",\"target\":[\"https:\/\/mefp.grupopiquer.com\/inscripciones\/producto\/adgd144po-habilidades-comunicativas-ante-conductas-agresivas-en-atencion-a-menores-70-horas\/\"]}]},{\"@type\":\"ImageObject\",\"inLanguage\":\"es\",\"@id\":\"https:\/\/mefp.grupopiquer.com\/inscripciones\/producto\/adgd144po-habilidades-comunicativas-ante-conductas-agresivas-en-atencion-a-menores-70-horas\/#primaryimage\",\"url\":\"https:\/\/mefp.grupopiquer.com\/inscripciones\/wp-content\/uploads\/2023\/05\/ADGD144PO-e1683541556396.jpg\",\"contentUrl\":\"https:\/\/mefp.grupopiquer.com\/inscripciones\/wp-content\/uploads\/2023\/05\/ADGD144PO-e1683541556396.jpg\",\"width\":1680,\"height\":945},{\"@type\":\"BreadcrumbList\",\"@id\":\"https:\/\/mefp.grupopiquer.com\/inscripciones\/producto\/adgd144po-habilidades-comunicativas-ante-conductas-agresivas-en-atencion-a-menores-70-horas\/#breadcrumb\",\"itemListElement\":[{\"@type\":\"ListItem\",\"position\":1,\"name\":\"Portada\",\"item\":\"https:\/\/mefp.grupopiquer.com\/inscripciones\/\"},{\"@type\":\"ListItem\",\"position\":2,\"name\":\"Tienda\",\"item\":\"https:\/\/mefp.grupopiquer.com\/inscripciones\/tienda\/\"},{\"@type\":\"ListItem\",\"position\":3,\"name\":\"ADGD144PO &#8211; Habilidades Comunicativas Ante Conductas Agresivas en Atenci\u00f3n a Menores (70 horas)\"}]},{\"@type\":\"WebSite\",\"@id\":\"https:\/\/mefp.grupopiquer.com\/inscripciones\/#website\",\"url\":\"https:\/\/mefp.grupopiquer.com\/inscripciones\/\",\"name\":\"Contenidos Online\",\"description\":\"\",\"publisher\":{\"@id\":\"https:\/\/mefp.grupopiquer.com\/inscripciones\/#organization\"},\"potentialAction\":[{\"@type\":\"SearchAction\",\"target\":{\"@type\":\"EntryPoint\",\"urlTemplate\":\"https:\/\/mefp.grupopiquer.com\/inscripciones\/?s={search_term_string}\"},\"query-input\":{\"@type\":\"PropertyValueSpecification\",\"valueRequired\":true,\"valueName\":\"search_term_string\"}}],\"inLanguage\":\"es\"},{\"@type\":\"Organization\",\"@id\":\"https:\/\/mefp.grupopiquer.com\/inscripciones\/#organization\",\"name\":\"Contenidos Online\",\"url\":\"https:\/\/mefp.grupopiquer.com\/inscripciones\/\",\"logo\":{\"@type\":\"ImageObject\",\"inLanguage\":\"es\",\"@id\":\"https:\/\/mefp.grupopiquer.com\/inscripciones\/#\/schema\/logo\/image\/\",\"url\":\"\",\"contentUrl\":\"\",\"caption\":\"Contenidos Online\"},\"image\":{\"@id\":\"https:\/\/mefp.grupopiquer.com\/inscripciones\/#\/schema\/logo\/image\/\"}}]}<\/script>\n<!-- \/ Yoast SEO plugin. -->","yoast_head_json":{"title":"ADGD144PO - Habilidades Comunicativas Ante Conductas Agresivas en Atenci\u00f3n a Menores (70 horas) - Contenidos Online","robots":{"index":"index","follow":"follow","max-snippet":"max-snippet:-1","max-image-preview":"max-image-preview:large","max-video-preview":"max-video-preview:-1"},"canonical":"https:\/\/mefp.grupopiquer.com\/inscripciones\/producto\/adgd144po-habilidades-comunicativas-ante-conductas-agresivas-en-atencion-a-menores-70-horas\/","og_locale":"es_ES","og_type":"article","og_title":"ADGD144PO - Habilidades Comunicativas Ante Conductas Agresivas en Atenci\u00f3n a Menores (70 horas) - Contenidos Online","og_description":"Adquirir habilidades y destrezas en el uso de las nuevas t\u00e9cnicas para afrontar las conductas agresivas, en la atenci\u00f3n a menores.","og_url":"https:\/\/mefp.grupopiquer.com\/inscripciones\/producto\/adgd144po-habilidades-comunicativas-ante-conductas-agresivas-en-atencion-a-menores-70-horas\/","og_site_name":"Contenidos Online","article_modified_time":"2023-05-15T11:44:39+00:00","og_image":[{"width":1680,"height":945,"url":"https:\/\/mefp.grupopiquer.com\/inscripciones\/wp-content\/uploads\/2023\/05\/ADGD144PO-e1683541556396.jpg","type":"image\/jpeg"}],"twitter_card":"summary_large_image","twitter_misc":{"Tiempo de lectura":"1 minuto"},"schema":{"@context":"https:\/\/schema.org","@graph":[{"@type":"WebPage","@id":"https:\/\/mefp.grupopiquer.com\/inscripciones\/producto\/adgd144po-habilidades-comunicativas-ante-conductas-agresivas-en-atencion-a-menores-70-horas\/","url":"https:\/\/mefp.grupopiquer.com\/inscripciones\/producto\/adgd144po-habilidades-comunicativas-ante-conductas-agresivas-en-atencion-a-menores-70-horas\/","name":"ADGD144PO - Habilidades Comunicativas Ante Conductas Agresivas en Atenci\u00f3n a Menores (70 horas) - Contenidos Online","isPartOf":{"@id":"https:\/\/mefp.grupopiquer.com\/inscripciones\/#website"},"primaryImageOfPage":{"@id":"https:\/\/mefp.grupopiquer.com\/inscripciones\/producto\/adgd144po-habilidades-comunicativas-ante-conductas-agresivas-en-atencion-a-menores-70-horas\/#primaryimage"},"image":{"@id":"https:\/\/mefp.grupopiquer.com\/inscripciones\/producto\/adgd144po-habilidades-comunicativas-ante-conductas-agresivas-en-atencion-a-menores-70-horas\/#primaryimage"},"thumbnailUrl":"https:\/\/mefp.grupopiquer.com\/inscripciones\/wp-content\/uploads\/2023\/05\/ADGD144PO-e1683541556396.jpg","datePublished":"2023-05-02T10:49:51+00:00","dateModified":"2023-05-15T11:44:39+00:00","breadcrumb":{"@id":"https:\/\/mefp.grupopiquer.com\/inscripciones\/producto\/adgd144po-habilidades-comunicativas-ante-conductas-agresivas-en-atencion-a-menores-70-horas\/#breadcrumb"},"inLanguage":"es","potentialAction":[{"@type":"ReadAction","target":["https:\/\/mefp.grupopiquer.com\/inscripciones\/producto\/adgd144po-habilidades-comunicativas-ante-conductas-agresivas-en-atencion-a-menores-70-horas\/"]}]},{"@type":"ImageObject","inLanguage":"es","@id":"https:\/\/mefp.grupopiquer.com\/inscripciones\/producto\/adgd144po-habilidades-comunicativas-ante-conductas-agresivas-en-atencion-a-menores-70-horas\/#primaryimage","url":"https:\/\/mefp.grupopiquer.com\/inscripciones\/wp-content\/uploads\/2023\/05\/ADGD144PO-e1683541556396.jpg","contentUrl":"https:\/\/mefp.grupopiquer.com\/inscripciones\/wp-content\/uploads\/2023\/05\/ADGD144PO-e1683541556396.jpg","width":1680,"height":945},{"@type":"BreadcrumbList","@id":"https:\/\/mefp.grupopiquer.com\/inscripciones\/producto\/adgd144po-habilidades-comunicativas-ante-conductas-agresivas-en-atencion-a-menores-70-horas\/#breadcrumb","itemListElement":[{"@type":"ListItem","position":1,"name":"Portada","item":"https:\/\/mefp.grupopiquer.com\/inscripciones\/"},{"@type":"ListItem","position":2,"name":"Tienda","item":"https:\/\/mefp.grupopiquer.com\/inscripciones\/tienda\/"},{"@type":"ListItem","position":3,"name":"ADGD144PO &#8211; Habilidades Comunicativas Ante Conductas Agresivas en Atenci\u00f3n a Menores (70 horas)"}]},{"@type":"WebSite","@id":"https:\/\/mefp.grupopiquer.com\/inscripciones\/#website","url":"https:\/\/mefp.grupopiquer.com\/inscripciones\/","name":"Contenidos Online","description":"","publisher":{"@id":"https:\/\/mefp.grupopiquer.com\/inscripciones\/#organization"},"potentialAction":[{"@type":"SearchAction","target":{"@type":"EntryPoint","urlTemplate":"https:\/\/mefp.grupopiquer.com\/inscripciones\/?s={search_term_string}"},"query-input":{"@type":"PropertyValueSpecification","valueRequired":true,"valueName":"search_term_string"}}],"inLanguage":"es"},{"@type":"Organization","@id":"https:\/\/mefp.grupopiquer.com\/inscripciones\/#organization","name":"Contenidos Online","url":"https:\/\/mefp.grupopiquer.com\/inscripciones\/","logo":{"@type":"ImageObject","inLanguage":"es","@id":"https:\/\/mefp.grupopiquer.com\/inscripciones\/#\/schema\/logo\/image\/","url":"","contentUrl":"","caption":"Contenidos Online"},"image":{"@id":"https:\/\/mefp.grupopiquer.com\/inscripciones\/#\/schema\/logo\/image\/"}}]}},"_links":{"self":[{"href":"https:\/\/mefp.grupopiquer.com\/inscripciones\/wp-json\/wp\/v2\/product\/4323"}],"collection":[{"href":"https:\/\/mefp.grupopiquer.com\/inscripciones\/wp-json\/wp\/v2\/product"}],"about":[{"href":"https:\/\/mefp.grupopiquer.com\/inscripciones\/wp-json\/wp\/v2\/types\/product"}],"replies":[{"embeddable":true,"href":"https:\/\/mefp.grupopiquer.com\/inscripciones\/wp-json\/wp\/v2\/comments?post=4323"}],"wp:featuredmedia":[{"embeddable":true,"href":"https:\/\/mefp.grupopiquer.com\/inscripciones\/wp-json\/wp\/v2\/media\/5387"}],"wp:attachment":[{"href":"https:\/\/mefp.grupopiquer.com\/inscripciones\/wp-json\/wp\/v2\/media?parent=4323"}],"wp:term":[{"taxonomy":"product_cat","embeddable":true,"href":"https:\/\/mefp.grupopiquer.com\/inscripciones\/wp-json\/wp\/v2\/product_cat?post=4323"},{"taxonomy":"product_tag","embeddable":true,"href":"https:\/\/mefp.grupopiquer.com\/inscripciones\/wp-json\/wp\/v2\/product_tag?post=4323"}],"curies":[{"name":"wp","href":"https:\/\/api.w.org\/{rel}","templated":true}]}}