{"id":4275,"date":"2023-05-02T10:45:54","date_gmt":"2023-05-02T10:45:54","guid":{"rendered":"https:\/\/mefp.grupopiquer.com\/inscripciones\/producto\/adgd006po-analisis-de-cuentas-anuales-en-la-empresa-20-horas\/"},"modified":"2023-05-15T14:21:17","modified_gmt":"2023-05-15T14:21:17","slug":"adgd006po-analisis-de-cuentas-anuales-en-la-empresa-20-horas","status":"publish","type":"product","link":"https:\/\/mefp.grupopiquer.com\/inscripciones\/producto\/adgd006po-analisis-de-cuentas-anuales-en-la-empresa-20-horas\/","title":{"rendered":"ADGD006PO &#8211; An\u00e1lisis de Cuentas Anuales en la Empresa (20 horas)"},"content":{"rendered":"<div id=\"accordion\">\n<h3>OBJETIVOS<\/h3>\n<div>Analizar el estado econ\u00f3mico y financiero de la empresa a trav\u00e9s de los ratios de endeudamiento, solvencia a corto plazo, fondo de maniobra; as\u00ed como gestionar los plazos de cobro y de pago, adquirir conocimientos de los estados contables previsionales y determinar la situaci\u00f3n patrimonial, financiera y econ\u00f3mica de la empresa.<\/div>\n<h3>CONTENIDOS<\/h3>\n<div>\n1. Introducci\u00f3n y an\u00e1lisis cualitativo de la empresa.<\/p>\n<p>2. Cuentas anuales e informe de auditor\u00eda.<\/p>\n<p>3. Estados contables previsionales.<\/p>\n<p>4. An\u00e1lisis patrimonial y financiero.<\/p>\n<p>5. An\u00e1lisis de la capacidad para generar beneficios, valor y crecimiento.<\/p>\n<p>6. Formulaci\u00f3n del diagn\u00f3stico, recomendaciones y justificaci\u00f3n de las medidas propuestas.\n<\/p><\/div>\n<\/div>\n","protected":false},"excerpt":{"rendered":"<p>Analizar el estado econ\u00f3mico y financiero de la empresa a trav\u00e9s de los ratios de endeudamiento, solvencia a corto plazo, fondo de maniobra; as\u00ed como gestionar los plazos de cobro y de pago, adquirir conocimientos de los estados contables previsionales y determinar la situaci\u00f3n patrimonial, financiera y econ\u00f3mica de la empresa.<\/p>\n","protected":false},"featured_media":5265,"comment_status":"closed","ping_status":"closed","template":"","meta":[],"product_cat":[126],"product_tag":[],"class_list":{"0":"post-4275","1":"product","2":"type-product","3":"status-publish","4":"has-post-thumbnail","6":"product_cat-administracion-y-auditoria","8":"first","9":"instock","10":"taxable","11":"shipping-taxable","12":"purchasable","13":"product-type-simple"},"yoast_head":"<!-- This site is optimized with the Yoast SEO plugin v23.5 - https:\/\/yoast.com\/wordpress\/plugins\/seo\/ -->\n<title>ADGD006PO - An\u00e1lisis de Cuentas Anuales en la Empresa (20 horas) - Contenidos Online<\/title>\n<meta name=\"robots\" content=\"index, follow, max-snippet:-1, max-image-preview:large, max-video-preview:-1\" \/>\n<link rel=\"canonical\" href=\"https:\/\/mefp.grupopiquer.com\/inscripciones\/producto\/adgd006po-analisis-de-cuentas-anuales-en-la-empresa-20-horas\/\" \/>\n<meta property=\"og:locale\" content=\"es_ES\" \/>\n<meta property=\"og:type\" content=\"article\" \/>\n<meta property=\"og:title\" content=\"ADGD006PO - An\u00e1lisis de Cuentas Anuales en la Empresa (20 horas) - Contenidos Online\" \/>\n<meta property=\"og:description\" content=\"Analizar el estado econ\u00f3mico y financiero de la empresa a trav\u00e9s de los ratios de endeudamiento, solvencia a corto plazo, fondo de maniobra; as\u00ed como gestionar los plazos de cobro y de pago, adquirir conocimientos de los estados contables previsionales y determinar la situaci\u00f3n patrimonial, financiera y econ\u00f3mica de la empresa.\" \/>\n<meta property=\"og:url\" content=\"https:\/\/mefp.grupopiquer.com\/inscripciones\/producto\/adgd006po-analisis-de-cuentas-anuales-en-la-empresa-20-horas\/\" \/>\n<meta property=\"og:site_name\" content=\"Contenidos Online\" \/>\n<meta property=\"article:modified_time\" content=\"2023-05-15T14:21:17+00:00\" \/>\n<meta property=\"og:image\" content=\"https:\/\/mefp.grupopiquer.com\/inscripciones\/wp-content\/uploads\/2023\/05\/ADGD006PO-e1683292359735.jpg\" \/>\n\t<meta property=\"og:image:width\" content=\"1297\" \/>\n\t<meta property=\"og:image:height\" content=\"730\" \/>\n\t<meta property=\"og:image:type\" content=\"image\/jpeg\" \/>\n<meta name=\"twitter:card\" content=\"summary_large_image\" \/>\n<meta name=\"twitter:label1\" content=\"Tiempo de lectura\" \/>\n\t<meta name=\"twitter:data1\" content=\"1 minuto\" \/>\n<script type=\"application\/ld+json\" class=\"yoast-schema-graph\">{\"@context\":\"https:\/\/schema.org\",\"@graph\":[{\"@type\":\"WebPage\",\"@id\":\"https:\/\/mefp.grupopiquer.com\/inscripciones\/producto\/adgd006po-analisis-de-cuentas-anuales-en-la-empresa-20-horas\/\",\"url\":\"https:\/\/mefp.grupopiquer.com\/inscripciones\/producto\/adgd006po-analisis-de-cuentas-anuales-en-la-empresa-20-horas\/\",\"name\":\"ADGD006PO - An\u00e1lisis de Cuentas Anuales en la Empresa (20 horas) - Contenidos Online\",\"isPartOf\":{\"@id\":\"https:\/\/mefp.grupopiquer.com\/inscripciones\/#website\"},\"primaryImageOfPage\":{\"@id\":\"https:\/\/mefp.grupopiquer.com\/inscripciones\/producto\/adgd006po-analisis-de-cuentas-anuales-en-la-empresa-20-horas\/#primaryimage\"},\"image\":{\"@id\":\"https:\/\/mefp.grupopiquer.com\/inscripciones\/producto\/adgd006po-analisis-de-cuentas-anuales-en-la-empresa-20-horas\/#primaryimage\"},\"thumbnailUrl\":\"https:\/\/mefp.grupopiquer.com\/inscripciones\/wp-content\/uploads\/2023\/05\/ADGD006PO-e1683292359735.jpg\",\"datePublished\":\"2023-05-02T10:45:54+00:00\",\"dateModified\":\"2023-05-15T14:21:17+00:00\",\"breadcrumb\":{\"@id\":\"https:\/\/mefp.grupopiquer.com\/inscripciones\/producto\/adgd006po-analisis-de-cuentas-anuales-en-la-empresa-20-horas\/#breadcrumb\"},\"inLanguage\":\"es\",\"potentialAction\":[{\"@type\":\"ReadAction\",\"target\":[\"https:\/\/mefp.grupopiquer.com\/inscripciones\/producto\/adgd006po-analisis-de-cuentas-anuales-en-la-empresa-20-horas\/\"]}]},{\"@type\":\"ImageObject\",\"inLanguage\":\"es\",\"@id\":\"https:\/\/mefp.grupopiquer.com\/inscripciones\/producto\/adgd006po-analisis-de-cuentas-anuales-en-la-empresa-20-horas\/#primaryimage\",\"url\":\"https:\/\/mefp.grupopiquer.com\/inscripciones\/wp-content\/uploads\/2023\/05\/ADGD006PO-e1683292359735.jpg\",\"contentUrl\":\"https:\/\/mefp.grupopiquer.com\/inscripciones\/wp-content\/uploads\/2023\/05\/ADGD006PO-e1683292359735.jpg\",\"width\":1297,\"height\":730},{\"@type\":\"BreadcrumbList\",\"@id\":\"https:\/\/mefp.grupopiquer.com\/inscripciones\/producto\/adgd006po-analisis-de-cuentas-anuales-en-la-empresa-20-horas\/#breadcrumb\",\"itemListElement\":[{\"@type\":\"ListItem\",\"position\":1,\"name\":\"Portada\",\"item\":\"https:\/\/mefp.grupopiquer.com\/inscripciones\/\"},{\"@type\":\"ListItem\",\"position\":2,\"name\":\"Tienda\",\"item\":\"https:\/\/mefp.grupopiquer.com\/inscripciones\/tienda\/\"},{\"@type\":\"ListItem\",\"position\":3,\"name\":\"ADGD006PO &#8211; An\u00e1lisis de Cuentas Anuales en la Empresa (20 horas)\"}]},{\"@type\":\"WebSite\",\"@id\":\"https:\/\/mefp.grupopiquer.com\/inscripciones\/#website\",\"url\":\"https:\/\/mefp.grupopiquer.com\/inscripciones\/\",\"name\":\"Contenidos Online\",\"description\":\"\",\"publisher\":{\"@id\":\"https:\/\/mefp.grupopiquer.com\/inscripciones\/#organization\"},\"potentialAction\":[{\"@type\":\"SearchAction\",\"target\":{\"@type\":\"EntryPoint\",\"urlTemplate\":\"https:\/\/mefp.grupopiquer.com\/inscripciones\/?s={search_term_string}\"},\"query-input\":{\"@type\":\"PropertyValueSpecification\",\"valueRequired\":true,\"valueName\":\"search_term_string\"}}],\"inLanguage\":\"es\"},{\"@type\":\"Organization\",\"@id\":\"https:\/\/mefp.grupopiquer.com\/inscripciones\/#organization\",\"name\":\"Contenidos Online\",\"url\":\"https:\/\/mefp.grupopiquer.com\/inscripciones\/\",\"logo\":{\"@type\":\"ImageObject\",\"inLanguage\":\"es\",\"@id\":\"https:\/\/mefp.grupopiquer.com\/inscripciones\/#\/schema\/logo\/image\/\",\"url\":\"\",\"contentUrl\":\"\",\"caption\":\"Contenidos Online\"},\"image\":{\"@id\":\"https:\/\/mefp.grupopiquer.com\/inscripciones\/#\/schema\/logo\/image\/\"}}]}<\/script>\n<!-- \/ Yoast SEO plugin. -->","yoast_head_json":{"title":"ADGD006PO - An\u00e1lisis de Cuentas Anuales en la Empresa (20 horas) - Contenidos Online","robots":{"index":"index","follow":"follow","max-snippet":"max-snippet:-1","max-image-preview":"max-image-preview:large","max-video-preview":"max-video-preview:-1"},"canonical":"https:\/\/mefp.grupopiquer.com\/inscripciones\/producto\/adgd006po-analisis-de-cuentas-anuales-en-la-empresa-20-horas\/","og_locale":"es_ES","og_type":"article","og_title":"ADGD006PO - An\u00e1lisis de Cuentas Anuales en la Empresa (20 horas) - Contenidos Online","og_description":"Analizar el estado econ\u00f3mico y financiero de la empresa a trav\u00e9s de los ratios de endeudamiento, solvencia a corto plazo, fondo de maniobra; as\u00ed como gestionar los plazos de cobro y de pago, adquirir conocimientos de los estados contables previsionales y determinar la situaci\u00f3n patrimonial, financiera y econ\u00f3mica de la empresa.","og_url":"https:\/\/mefp.grupopiquer.com\/inscripciones\/producto\/adgd006po-analisis-de-cuentas-anuales-en-la-empresa-20-horas\/","og_site_name":"Contenidos Online","article_modified_time":"2023-05-15T14:21:17+00:00","og_image":[{"width":1297,"height":730,"url":"https:\/\/mefp.grupopiquer.com\/inscripciones\/wp-content\/uploads\/2023\/05\/ADGD006PO-e1683292359735.jpg","type":"image\/jpeg"}],"twitter_card":"summary_large_image","twitter_misc":{"Tiempo de lectura":"1 minuto"},"schema":{"@context":"https:\/\/schema.org","@graph":[{"@type":"WebPage","@id":"https:\/\/mefp.grupopiquer.com\/inscripciones\/producto\/adgd006po-analisis-de-cuentas-anuales-en-la-empresa-20-horas\/","url":"https:\/\/mefp.grupopiquer.com\/inscripciones\/producto\/adgd006po-analisis-de-cuentas-anuales-en-la-empresa-20-horas\/","name":"ADGD006PO - An\u00e1lisis de Cuentas Anuales en la Empresa (20 horas) - Contenidos Online","isPartOf":{"@id":"https:\/\/mefp.grupopiquer.com\/inscripciones\/#website"},"primaryImageOfPage":{"@id":"https:\/\/mefp.grupopiquer.com\/inscripciones\/producto\/adgd006po-analisis-de-cuentas-anuales-en-la-empresa-20-horas\/#primaryimage"},"image":{"@id":"https:\/\/mefp.grupopiquer.com\/inscripciones\/producto\/adgd006po-analisis-de-cuentas-anuales-en-la-empresa-20-horas\/#primaryimage"},"thumbnailUrl":"https:\/\/mefp.grupopiquer.com\/inscripciones\/wp-content\/uploads\/2023\/05\/ADGD006PO-e1683292359735.jpg","datePublished":"2023-05-02T10:45:54+00:00","dateModified":"2023-05-15T14:21:17+00:00","breadcrumb":{"@id":"https:\/\/mefp.grupopiquer.com\/inscripciones\/producto\/adgd006po-analisis-de-cuentas-anuales-en-la-empresa-20-horas\/#breadcrumb"},"inLanguage":"es","potentialAction":[{"@type":"ReadAction","target":["https:\/\/mefp.grupopiquer.com\/inscripciones\/producto\/adgd006po-analisis-de-cuentas-anuales-en-la-empresa-20-horas\/"]}]},{"@type":"ImageObject","inLanguage":"es","@id":"https:\/\/mefp.grupopiquer.com\/inscripciones\/producto\/adgd006po-analisis-de-cuentas-anuales-en-la-empresa-20-horas\/#primaryimage","url":"https:\/\/mefp.grupopiquer.com\/inscripciones\/wp-content\/uploads\/2023\/05\/ADGD006PO-e1683292359735.jpg","contentUrl":"https:\/\/mefp.grupopiquer.com\/inscripciones\/wp-content\/uploads\/2023\/05\/ADGD006PO-e1683292359735.jpg","width":1297,"height":730},{"@type":"BreadcrumbList","@id":"https:\/\/mefp.grupopiquer.com\/inscripciones\/producto\/adgd006po-analisis-de-cuentas-anuales-en-la-empresa-20-horas\/#breadcrumb","itemListElement":[{"@type":"ListItem","position":1,"name":"Portada","item":"https:\/\/mefp.grupopiquer.com\/inscripciones\/"},{"@type":"ListItem","position":2,"name":"Tienda","item":"https:\/\/mefp.grupopiquer.com\/inscripciones\/tienda\/"},{"@type":"ListItem","position":3,"name":"ADGD006PO &#8211; An\u00e1lisis de Cuentas Anuales en la Empresa (20 horas)"}]},{"@type":"WebSite","@id":"https:\/\/mefp.grupopiquer.com\/inscripciones\/#website","url":"https:\/\/mefp.grupopiquer.com\/inscripciones\/","name":"Contenidos Online","description":"","publisher":{"@id":"https:\/\/mefp.grupopiquer.com\/inscripciones\/#organization"},"potentialAction":[{"@type":"SearchAction","target":{"@type":"EntryPoint","urlTemplate":"https:\/\/mefp.grupopiquer.com\/inscripciones\/?s={search_term_string}"},"query-input":{"@type":"PropertyValueSpecification","valueRequired":true,"valueName":"search_term_string"}}],"inLanguage":"es"},{"@type":"Organization","@id":"https:\/\/mefp.grupopiquer.com\/inscripciones\/#organization","name":"Contenidos Online","url":"https:\/\/mefp.grupopiquer.com\/inscripciones\/","logo":{"@type":"ImageObject","inLanguage":"es","@id":"https:\/\/mefp.grupopiquer.com\/inscripciones\/#\/schema\/logo\/image\/","url":"","contentUrl":"","caption":"Contenidos Online"},"image":{"@id":"https:\/\/mefp.grupopiquer.com\/inscripciones\/#\/schema\/logo\/image\/"}}]}},"_links":{"self":[{"href":"https:\/\/mefp.grupopiquer.com\/inscripciones\/wp-json\/wp\/v2\/product\/4275"}],"collection":[{"href":"https:\/\/mefp.grupopiquer.com\/inscripciones\/wp-json\/wp\/v2\/product"}],"about":[{"href":"https:\/\/mefp.grupopiquer.com\/inscripciones\/wp-json\/wp\/v2\/types\/product"}],"replies":[{"embeddable":true,"href":"https:\/\/mefp.grupopiquer.com\/inscripciones\/wp-json\/wp\/v2\/comments?post=4275"}],"wp:featuredmedia":[{"embeddable":true,"href":"https:\/\/mefp.grupopiquer.com\/inscripciones\/wp-json\/wp\/v2\/media\/5265"}],"wp:attachment":[{"href":"https:\/\/mefp.grupopiquer.com\/inscripciones\/wp-json\/wp\/v2\/media?parent=4275"}],"wp:term":[{"taxonomy":"product_cat","embeddable":true,"href":"https:\/\/mefp.grupopiquer.com\/inscripciones\/wp-json\/wp\/v2\/product_cat?post=4275"},{"taxonomy":"product_tag","embeddable":true,"href":"https:\/\/mefp.grupopiquer.com\/inscripciones\/wp-json\/wp\/v2\/product_tag?post=4275"}],"curies":[{"name":"wp","href":"https:\/\/api.w.org\/{rel}","templated":true}]}}